{"id":333,"date":"2017-03-15T11:50:08","date_gmt":"2017-03-15T11:50:08","guid":{"rendered":"http:\/\/www5.uva.es\/cesme\/\/?page_id=333"},"modified":"2025-04-02T17:19:01","modified_gmt":"2025-04-02T17:19:01","slug":"personal-cesme","status":"publish","type":"page","link":"http:\/\/albergueweb1.uva.es\/cesme\/personal-cesme\/","title":{"rendered":"Miembros del CESME"},"content":{"rendered":"<div class=\"wpb-content-wrapper\">[vc_row][vc_column][vc_column_text]<span style=\"color: #000000;\"><nav aria-label=\"breadcrumbs\">\n            <div class=\"breadcrumb-container theme1\">\n                <ol>\n                                    <\/ol>\n            <\/div>\n        <\/nav>    <script type=\"application\/ld+json\">\n        {\n            \"@context\": \"http:\/\/schema.org\",\n            \"@type\": \"BreadcrumbList\",\n            \"itemListElement\": [\n                            ]\n        }\n    <\/script>\n   \n    <script>\n            <\/script>\n<\/span>[\/vc_column_text][vc_column_text]\n<table id=\"tablepress-12\" class=\"tablepress tablepress-id-12\">\n<thead>\n<tr class=\"row-1\">\n\t<th class=\"column-1\"><strong>Directora<\/strong><\/th><td class=\"column-2\"><\/td>\n<\/tr>\n<\/thead>\n<tbody>\n<tr class=\"row-2\">\n\t<td class=\"column-1\"><strong>Mar\u00eda S\u00e1inz Gil<\/strong> <br \/>\nProfesora de Farmacolog\u00eda. <br \/>\nGrupo de Investigaci\u00f3n Reconocido (GIR) Farmacogen\u00e9tica, Gen\u00e9tica del C\u00e1ncer, Polimorfismos Gen\u00e9ticos y Farmacoepidemiolog\u00eda.<br \/>\nUniversidad de Valladolid.<br \/>\n<a style=\"color: #FF6600; transition: color .2s; text-decoration: underline;\" href=\"mailto:maria.sainz@uva.es\" target=\"_blank\" rel=\"noopener\">maria.sainz@uva.es<\/a> <br \/>\n<\/td><td class=\"column-2\"><\/td>\n<\/tr>\n<\/tbody>\n<\/table>\n\n\n<table id=\"tablepress-13\" class=\"tablepress tablepress-id-13\">\n<thead>\n<tr class=\"row-1\">\n\t<th class=\"column-1\"><strong>Miembros del CESME<\/strong><\/th><td class=\"column-2\"><\/td>\n<\/tr>\n<\/thead>\n<tbody>\n<tr class=\"row-2\">\n\t<td class=\"column-1\"><strong>Ver\u00f3nica Velasco Gonz\u00e1lez<\/strong><br \/>\nProfesora de Enfermer\u00eda. <br \/>\nFacultad de Enfermer\u00eda. Universidad de Valladolid.<br \/>\nGIR Farmacogen\u00e9tica, Gen\u00e9tica del C\u00e1ncer, Polimorfismos Gen\u00e9ticos y Farmacoepidemiolog\u00eda.<br \/>\nUniversidad de Valladolid.<br \/>\n<a style=\"color: #FF6600; transition: color .2s; text-decoration: underline;\" href=\"mailto:veronica.velasco.gonzalez@uva.es\" target=\"_blank\" rel=\"noopener\">veronica.velasco.gonzalez@uva.es<\/a> <br \/>\n<\/td><td class=\"column-2\"><strong>Natalia Jimeno Bulnes<\/strong><br \/>\nProfesora Titular de Psiquiatr\u00eda. <br \/>\nFacultad de Medicina. Universidad de Valladolid.<br \/>\nGIR Farmacogen\u00e9tica, Gen\u00e9tica del C\u00e1ncer, Polimorfismos Gen\u00e9ticos y Farmacoepidemiolog\u00eda.<br \/>\nUniversidad de Valladolid.<br \/>\n<a style=\"color: #FF6600; transition: color .2s; text-decoration: underline;\" href=\"mailto:natalia.jimeno@uva.es\" target=\"_blank\" rel=\"noopener\">natalia.jimeno@uva.es <\/a> <\/td>\n<\/tr>\n<tr class=\"row-3\">\n\t<td class=\"column-1\"><strong>Esther Salgueiro V\u00e1zquez<\/strong><br \/>\nProfesora de Farmacolog\u00eda. <br \/>\nFacultad de Medicina. <br \/>\nUniversidad de Oviedo.<br \/>\n<a style=\"color: #FF6600; transition: color .2s; text-decoration: underline;\" href=\"mailto:salgueiroesther@uniovi.es\" target=\"_blank\" rel=\"noopener\">salgueiroesther@uniovi.es<\/a> <\/td><td class=\"column-2\"><strong>Carlos Trece\u00f1o<\/strong><br \/>\nProfesor de Farmacolog\u00eda. <br \/>\nUniversidad Europea Miguel de Cervantes. Valladolid.<br \/>\n<a style=\"color: #FF6600; transition: color .2s; text-decoration: underline;\" href=\"mailto:carlostreceno@redfarma.org\" target=\"_blank\" rel=\"noopener\">carlostreceno@redfarma.org<\/a> <\/td>\n<\/tr>\n<tr class=\"row-4\">\n\t<td class=\"column-1\"><strong>Ester Navarro Garc\u00eda<\/strong><br \/>\nGraduada en Enfermer\u00eda.<br \/>\nColaboradora honor\u00edfica del \u00c1rea de Farmacolog\u00eda de la Universidad de Valladolid.<br \/>\n<a style=\"color: #FF6600; transition: color .2s; text-decoration: underline;\" href=\"esternavarrog@gmail.com\" target=\"_blank\" rel=\"noopener\"> esternavarrog@gmail.com<\/a><\/td><td class=\"column-2\"><strong>Mar\u00eda Isabel Jim\u00e9nez Serran\u00eda<\/strong><br \/>\nProfesora de Farmacolog\u00eda.<br \/>\nUniversidad Europea Miguel de Cervantes.<br \/>\n<a style=\"color: #FF6600; transition: color .2s; text-decoration: underline;\" href=\"mailto:mabel.j.serrania@gmail.com\" target=\"_blank\" rel=\"noopener\">mabel.j.serrania@gmail.com<\/a> <\/td>\n<\/tr>\n<tr class=\"row-5\">\n\t<td class=\"column-1\"><strong>Beatriz de Mateo Silleras<\/strong><br \/>\nProfesora Titular de Nutrici\u00f3n y Bromatolog\u00eda.<br \/>\nFacultad de Medicina. <br \/>\nUniversidad de Valladolid.<br \/>\n<a style=\"color: #FF6600; transition: color .2s; text-decoration: underline;\" href=\"mailto:bmateo@uva.es\" target=\"_blank\" rel=\"noopener\">bmateo@uva.es<\/a><\/td><td class=\"column-2\"><strong>Mar\u00eda Paz Redondo del R\u00edo<\/strong><br \/>\nProfesora Titular de Nutrici\u00f3n y Bromatolog\u00eda. <br \/>\nFacultad de Medicina.<br \/>\nUniversidad de Valladolid.<br \/>\n<a style=\"color: #FF6600; transition: color .2s; text-decoration: underline;\" href=\"mailto:paz.redondo@uva.es\" target=\"_blank\" rel=\"noopener\">paz.redondo@uva.es<\/a><\/td>\n<\/tr>\n<tr class=\"row-6\">\n\t<td class=\"column-1\"><strong>Zoraida Verde Rello<\/strong><br \/>\nProfesora Titular Bioqu\u00edmica y Biolog\u00eda Molecular. <br \/>\nFacultad de Ciencias de la Salud. Campus de Soria. <br \/>\nGIR Farmacogen\u00e9tica, Gen\u00e9tica del C\u00e1ncer, Polimorfismos Gen\u00e9ticos y Farmacoepidemiolog\u00eda.<br \/>\nUniversidad de Valladolid.<br \/>\n<a style=\"color: #FF6600; transition: color .2s; text-decoration: underline;\" href=\"mailto:zoraida.verde@uva.es\" target=\"_blank\" rel=\"noopener\">zoraida.verde@uva.es<\/a><\/td><td class=\"column-2\"><strong>Ana M\u00aa Fern\u00e1ndez Araque<\/strong><br \/>\nProfesora de Enfermer\u00eda. <br \/>\nFacultad de Ciencias de la Salud. Campus de Soria. Universidad de Valladolid.<br \/>\nGIR Farmacogen\u00e9tica, Gen\u00e9tica del C\u00e1ncer, Polimorfismos Gen\u00e9ticos y Farmacoepidemiolog\u00eda.<br \/>\nUniversidad de Valladolid.<br \/>\n<a style=\"color: #FF6600; transition: color .2s; text-decoration: underline;\" href=\"mailto:anamaria.fernandez@uva.es\" target=\"_blank\" rel=\"noopener\">anamaria.fernandez@uva.es<\/a><\/td>\n<\/tr>\n<\/tbody>\n<\/table>\n\n\n<table id=\"tablepress-14\" class=\"tablepress tablepress-id-14\">\n<thead>\n<tr class=\"row-1\">\n\t<th class=\"column-1\"><strong>Asesores<\/strong><\/th><td class=\"column-2\"><\/td>\n<\/tr>\n<\/thead>\n<tbody>\n<tr class=\"row-2\">\n\t<td class=\"column-1\"><strong>Alfonso Carvajal Garc\u00eda-Pando<\/strong> <br \/>\n<i>Fundador del CESME y del Centro de Farmacovigilancia de Castilla y Le\u00f3n<\/i>.<br \/>\nCatedr\u00e1tico de Farmacolog\u00eda (jubilado). <br \/>\nUniversidad de Valladolid. <br \/>\n<\/td><td class=\"column-2\"><\/td>\n<\/tr>\n<\/tbody>\n<\/table>\n[\/vc_column_text][\/vc_column][\/vc_row]\n<\/div>","protected":false},"excerpt":{"rendered":"[vc_row][vc_column][vc_column_text][\/vc_column_text][vc_column_text] [\/vc_column_text][\/vc_column][\/vc_row]\n","protected":false},"author":1,"featured_media":0,"parent":0,"menu_order":0,"comment_status":"closed","ping_status":"closed","template":"","meta":{"footnotes":""},"class_list":["post-333","page","type-page","status-publish","hentry"],"_links":{"self":[{"href":"http:\/\/albergueweb1.uva.es\/cesme\/wp-json\/wp\/v2\/pages\/333","targetHints":{"allow":["GET"]}}],"collection":[{"href":"http:\/\/albergueweb1.uva.es\/cesme\/wp-json\/wp\/v2\/pages"}],"about":[{"href":"http:\/\/albergueweb1.uva.es\/cesme\/wp-json\/wp\/v2\/types\/page"}],"author":[{"embeddable":true,"href":"http:\/\/albergueweb1.uva.es\/cesme\/wp-json\/wp\/v2\/users\/1"}],"replies":[{"embeddable":true,"href":"http:\/\/albergueweb1.uva.es\/cesme\/wp-json\/wp\/v2\/comments?post=333"}],"version-history":[{"count":7,"href":"http:\/\/albergueweb1.uva.es\/cesme\/wp-json\/wp\/v2\/pages\/333\/revisions"}],"predecessor-version":[{"id":1032,"href":"http:\/\/albergueweb1.uva.es\/cesme\/wp-json\/wp\/v2\/pages\/333\/revisions\/1032"}],"wp:attachment":[{"href":"http:\/\/albergueweb1.uva.es\/cesme\/wp-json\/wp\/v2\/media?parent=333"}],"curies":[{"name":"wp","href":"https:\/\/api.w.org\/{rel}","templated":true}]}}

<div class="wpb-content-wrapper">[vc_row][vc_column][vc_column_text]<span style="color: #000000;"><nav aria-label="breadcrumbs">
            <div class="breadcrumb-container theme1">
                <ol>
                                    </ol>
            </div>
        </nav>    <script type="application/ld+json">
        {
            "@context": "http://schema.org",
            "@type": "BreadcrumbList",
            "itemListElement": [
                            ]
        }
    </script>
   
    <script>
            </script>
</span>[/vc_column_text][vc_column_text]
<table id="tablepress-12" class="tablepress tablepress-id-12">
<thead>
<tr class="row-1">
	<th class="column-1"><strong>Directora</strong></th><td class="column-2"></td>
</tr>
</thead>
<tbody>
<tr class="row-2">
	<td class="column-1"><strong>María Sáinz Gil</strong> <br />
Profesora de Farmacología. <br />
Grupo de Investigación Reconocido (GIR) Farmacogenética, Genética del Cáncer, Polimorfismos Genéticos y Farmacoepidemiología.<br />
Universidad de Valladolid.<br />
<a style="color: #FF6600; transition: color .2s; text-decoration: underline;" href="mailto:maria.sainz@uva.es" target="_blank" rel="noopener">maria.sainz@uva.es</a> <br />
</td><td class="column-2"></td>
</tr>
</tbody>
</table>


<table id="tablepress-13" class="tablepress tablepress-id-13">
<thead>
<tr class="row-1">
	<th class="column-1"><strong>Miembros del CESME</strong></th><td class="column-2"></td>
</tr>
</thead>
<tbody>
<tr class="row-2">
	<td class="column-1"><strong>Verónica Velasco González</strong><br />
Profesora de Enfermería. <br />
Facultad de Enfermería. Universidad de Valladolid.<br />
GIR Farmacogenética, Genética del Cáncer, Polimorfismos Genéticos y Farmacoepidemiología.<br />
Universidad de Valladolid.<br />
<a style="color: #FF6600; transition: color .2s; text-decoration: underline;" href="mailto:veronica.velasco.gonzalez@uva.es" target="_blank" rel="noopener">veronica.velasco.gonzalez@uva.es</a> <br />
</td><td class="column-2"><strong>Natalia Jimeno Bulnes</strong><br />
Profesora Titular de Psiquiatría. <br />
Facultad de Medicina. Universidad de Valladolid.<br />
GIR Farmacogenética, Genética del Cáncer, Polimorfismos Genéticos y Farmacoepidemiología.<br />
Universidad de Valladolid.<br />
<a style="color: #FF6600; transition: color .2s; text-decoration: underline;" href="mailto:natalia.jimeno@uva.es" target="_blank" rel="noopener">natalia.jimeno@uva.es </a> </td>
</tr>
<tr class="row-3">
	<td class="column-1"><strong>Esther Salgueiro Vázquez</strong><br />
Profesora de Farmacología. <br />
Facultad de Medicina. <br />
Universidad de Oviedo.<br />
<a style="color: #FF6600; transition: color .2s; text-decoration: underline;" href="mailto:salgueiroesther@uniovi.es" target="_blank" rel="noopener">salgueiroesther@uniovi.es</a> </td><td class="column-2"><strong>Carlos Treceño</strong><br />
Profesor de Farmacología. <br />
Universidad Europea Miguel de Cervantes. Valladolid.<br />
<a style="color: #FF6600; transition: color .2s; text-decoration: underline;" href="mailto:carlostreceno@redfarma.org" target="_blank" rel="noopener">carlostreceno@redfarma.org</a> </td>
</tr>
<tr class="row-4">
	<td class="column-1"><strong>Ester Navarro García</strong><br />
Graduada en Enfermería.<br />
Colaboradora honorífica del Área de Farmacología de la Universidad de Valladolid.<br />
<a style="color: #FF6600; transition: color .2s; text-decoration: underline;" href="esternavarrog@gmail.com" target="_blank" rel="noopener"> esternavarrog@gmail.com</a></td><td class="column-2"><strong>María Isabel Jiménez Serranía</strong><br />
Profesora de Farmacología.<br />
Universidad Europea Miguel de Cervantes.<br />
<a style="color: #FF6600; transition: color .2s; text-decoration: underline;" href="mailto:mabel.j.serrania@gmail.com" target="_blank" rel="noopener">mabel.j.serrania@gmail.com</a> </td>
</tr>
<tr class="row-5">
	<td class="column-1"><strong>Beatriz de Mateo Silleras</strong><br />
Profesora Titular de Nutrición y Bromatología.<br />
Facultad de Medicina. <br />
Universidad de Valladolid.<br />
<a style="color: #FF6600; transition: color .2s; text-decoration: underline;" href="mailto:bmateo@uva.es" target="_blank" rel="noopener">bmateo@uva.es</a></td><td class="column-2"><strong>María Paz Redondo del Río</strong><br />
Profesora Titular de Nutrición y Bromatología. <br />
Facultad de Medicina.<br />
Universidad de Valladolid.<br />
<a style="color: #FF6600; transition: color .2s; text-decoration: underline;" href="mailto:paz.redondo@uva.es" target="_blank" rel="noopener">paz.redondo@uva.es</a></td>
</tr>
<tr class="row-6">
	<td class="column-1"><strong>Zoraida Verde Rello</strong><br />
Profesora Titular Bioquímica y Biología Molecular. <br />
Facultad de Ciencias de la Salud. Campus de Soria. <br />
GIR Farmacogenética, Genética del Cáncer, Polimorfismos Genéticos y Farmacoepidemiología.<br />
Universidad de Valladolid.<br />
<a style="color: #FF6600; transition: color .2s; text-decoration: underline;" href="mailto:zoraida.verde@uva.es" target="_blank" rel="noopener">zoraida.verde@uva.es</a></td><td class="column-2"><strong>Ana Mª Fernández Araque</strong><br />
Profesora de Enfermería. <br />
Facultad de Ciencias de la Salud. Campus de Soria. Universidad de Valladolid.<br />
GIR Farmacogenética, Genética del Cáncer, Polimorfismos Genéticos y Farmacoepidemiología.<br />
Universidad de Valladolid.<br />
<a style="color: #FF6600; transition: color .2s; text-decoration: underline;" href="mailto:anamaria.fernandez@uva.es" target="_blank" rel="noopener">anamaria.fernandez@uva.es</a></td>
</tr>
</tbody>
</table>


<table id="tablepress-14" class="tablepress tablepress-id-14">
<thead>
<tr class="row-1">
	<th class="column-1"><strong>Asesores</strong></th><td class="column-2"></td>
</tr>
</thead>
<tbody>
<tr class="row-2">
	<td class="column-1"><strong>Alfonso Carvajal García-Pando</strong> <br />
<i>Fundador del CESME y del Centro de Farmacovigilancia de Castilla y León</i>.<br />
Catedrático de Farmacología (jubilado). <br />
Universidad de Valladolid. <br />
</td><td class="column-2"></td>
</tr>
</tbody>
</table>
[/vc_column_text][/vc_column][/vc_row]
</div>
