{"id":850,"date":"2019-09-19T10:00:56","date_gmt":"2019-09-19T10:00:56","guid":{"rendered":"http:\/\/albergueweb1.uva.es\/cesme\/?page_id=850"},"modified":"2025-04-02T17:26:05","modified_gmt":"2025-04-02T17:26:05","slug":"curso-de-farmacovigilancia-para-profesionales-sanitarios-on-line-2","status":"publish","type":"page","link":"http:\/\/albergueweb1.uva.es\/cesme\/curso-de-farmacovigilancia-para-profesionales-sanitarios-on-line-2\/","title":{"rendered":"Curso de Farmacovigilancia para profesionales sanitarios on-line"},"content":{"rendered":"<div class=\"wpb-content-wrapper\">[vc_row][vc_column][vc_empty_space]<div id=\"ultimate-heading-145969f43a637af11\" class=\"uvc-heading ult-adjust-bottom-margin ultimate-heading-145969f43a637af11 uvc-3353 \" data-hspacer=\"line_only\"  data-halign=\"center\" style=\"text-align:center\"><div class=\"uvc-main-heading ult-responsive\"  data-ultimate-target='.uvc-heading.ultimate-heading-145969f43a637af11 h2'  data-responsive-json-new='{\"font-size\":\"\",\"line-height\":\"\"}' ><h2 style=\"font-weight:normal;\">Curso de Farmacovigilancia para profesionales sanitarios<\/h2><\/div><div class=\"uvc-heading-spacer line_only\" style=\"margin-top:10px;height:1px;\"><span class=\"uvc-headings-line\" style=\"border-style:solid;border-bottom-width:1px;border-color:#ff6600;width:200px;\"><\/span><\/div><\/div>[vc_empty_space height=\u00bb15px\u00bb][vc_column_text]\n<p style=\"text-align: justify;\">El curso de Farmacovigilancia para profesionales sanitarios se dirige a todos los profesionales sanitarios interesados en esta materia. Este curso es el resultado de una colaboraci\u00f3n de varios centros acad\u00e9micos de Italia, Francia y Espa\u00f1a y distintas empresas tecnol\u00f3gicas. La colaboraci\u00f3n se estableci\u00f3 en torno a un proyecto financiado por el V Programa Marco de la Uni\u00f3n Europea.<\/p>\n<p style=\"text-align: justify;\">El curso se desarroll\u00f3 y valid\u00f3 en su momento con varias ediciones dirigidas a profesionales de la Agencia Espa\u00f1ola de Medicamentos y Productos Sanitarios y de los Centros Auton\u00f3micos de Farmacovigilancia. Desde el a\u00f1o 2010 se han venido realizando 2 ediciones anuales ordinarias, m\u00e1s una edici\u00f3n especial para la Red de Farmacias Centinela de Castilla y Le\u00f3n, otra edici\u00f3n especial para profesionales sanitarios en Per\u00fa y una edici\u00f3n piloto en portugu\u00e9s dirigida al personal que trabaja en los centros de farmacovigilancia.<\/p>\n<p style=\"text-align: justify;\">Actualmente se ha consolidado la versi\u00f3n en portugu\u00e9s, en colaboraci\u00f3n con la Universidad de Aveiro.<\/p>\n<p style=\"text-align: justify;\">El curso est\u00e1 tutorizado por profesores con amplia experiencia en Farmacovigilancia, y cuenta con acreditaci\u00f3n por la Comisi\u00f3n de Formaci\u00f3n Continuada de las Profesiones Sanitarias de Castilla y Le\u00f3n.<\/p>\n<p style=\"text-align: justify;\">Es un curso en modalidad a distancia, por lo que los participantes dispondr\u00e1n de un aula virtual, a trav\u00e9s de la cual los tutores del curso se pondr\u00e1n en contacto con los alumnos, gui\u00e1ndoles en su proceso de aprendizaje y proponiendo las actividades necesarias para la superaci\u00f3n del curso. Los alumnos podr\u00e1n estudiar y realizar las tareas en cualquier momento del d\u00eda, adaptando el temario y las actividades a sus necesidades profesionales o particulares.<\/p>\n[\/vc_column_text][vc_tta_accordion active_section=\u00bb1777&#8243; collapsible_all=\u00bbtrue\u00bb][vc_tta_section title=\u00bbObjetivos\u00bb tab_id=\u00bb1742765039521-8464965a-a936&#8243;][vc_column_text]\n<p style=\"text-align: justify;\">Formar en materia de seguridad de medicamentos y farmacovigilancia. El curso pretende que los profesionales sanitarios adquieran un conocimiento de todos los aspectos relacionados con la seguridad de los medicamentos, conozcan los riesgos asociados a su utilizaci\u00f3n y entiendan los sistemas de farmacovigilancia.<\/p>\n<p style=\"text-align: justify;\">As\u00ed, por ejemplo, se estudiar\u00e1n en este curso las limitaciones de los ensayos cl\u00ednicos y la necesidad de implementar redes de vigilancia epidemiol\u00f3gica de las reacciones adversas; tambi\u00e9n se estudiar\u00e1 la forma en que se eval\u00faa la relaci\u00f3n de causalidad entre la administraci\u00f3n de una determinada sustancia y la aparici\u00f3n de una reacci\u00f3n adversa, mediante la aplicaci\u00f3n de distintos algoritmos.<\/p>\n<p style=\"text-align: justify;\">Los profesionales que realicen este curso no solo adquirir\u00e1n los conocimientos para notificar las sospechas de reacciones adversas que aparezcan en su pr\u00e1ctica diaria, sino que adem\u00e1s estar\u00e1n capacitados para leer y entender la literatura cient\u00edfica sobre la seguridad de los medicamentos y realizar una valoraci\u00f3n sobre la relaci\u00f3n beneficio riesgo de una determinada medicaci\u00f3n.<\/p>\n[\/vc_column_text][\/vc_tta_section][vc_tta_section title=\u00bbM\u00e9todo\u00bb tab_id=\u00bb1742765039543-8c7fe9b9-b497&#8243;][vc_column_text]El curso de Farmacovigilancia para profesionales sanitarios es un curso online tutorizado, apoyado en el uso de una plataforma e_learning.<\/p>\n<p>La plataforma de e_learning dar\u00e1 acceso a los contenidos del curso y las herramientas necesarias para favorecer la comunicaci\u00f3n entre los participantes en el curso, la correcci\u00f3n de actividades y la resoluci\u00f3n de consultas.<\/p>\n<p>Los alumnos deber\u00e1n realizar las actividades propuestas, que ser\u00e1n corregidas y evaluadas por los tutores de forma continua, a medida que se vayan entregando. Asimismo, deber\u00e1n realizar los cuestionarios correspondientes.<br \/>\nEl curso se compone de trece m\u00f3dulos y un anexo de casos cl\u00ednicos. Se presentan adem\u00e1s distintos recursos que sirven para completar el aprendizaje: un glosario de t\u00e9rminos; unas lecturas recomendadas y unos enlaces a distintas p\u00e1ginas web de inter\u00e9s. Adem\u00e1s, existe un centro de documentaci\u00f3n y recursos, y otras referencias sobre la legislaci\u00f3n m\u00e1s relevante en materia de seguridad de medicamentos.<\/p>\n<p>La herramienta \u201cmoodle\u201d en la que se presenta el curso dispone tambi\u00e9n de otras posibilidades entre las que se encontrar\u00edan, el poder establecer debates al respecto con otros colegas o el poder establecer comunicaci\u00f3n con los tutores.[\/vc_column_text][\/vc_tta_section][vc_tta_section title=\u00bbCertificado y acreditaci\u00f3n\u00bb tab_id=\u00bb1742765186492-7f8c38d8-16ba\u00bb][vc_column_text]A aquellos alumnos que superen el curso se les otorgar\u00e1 un certificado. El curso est\u00e1 acreditado por la Comisi\u00f3n de Formaci\u00f3n Continuada de Castilla y Le\u00f3n de las Profesiones Sanitarias.[\/vc_column_text][\/vc_tta_section][\/vc_tta_accordion][\/vc_column][\/vc_row][vc_row disable_element=\u00bbyes\u00bb][vc_column][vc_column_text]\n<p style=\"text-align: justify;\">El curso online de Farmacovigilancia para profesionales sanitarios se dirige a todos los profesionales sanitarios interesados en esta materia. Este curso es el resultado de una colaboraci\u00f3n de varios centros acad\u00e9micos de Italia, Francia y Espa\u00f1a y distintas empresas tecnol\u00f3gicas. La colaboraci\u00f3n se estableci\u00f3 en torno a un proyecto financiado por el V Programa Marco de la Uni\u00f3n Europea.<\/p>\n<p style=\"text-align: justify;\">El curso se desarroll\u00f3 y valid\u00f3 en su momento con varias ediciones dirigidas a profesionales de la Agencia Espa\u00f1ola de Medicamentos y Productos Sanitarios y de los Centros Auton\u00f3micos de Farmacovigilancia. Desde el a\u00f1o 2010 se han venido realizando 2 ediciones anuales ordinarias, m\u00e1s una edici\u00f3n especial para la Red de Farmacias Centinela de Castilla y Le\u00f3n, otra edici\u00f3n especial para profesionales sanitarios en Per\u00fa y una edici\u00f3n piloto en portugu\u00e9s dirigida al personal que trabaja en los centros de farmacovigilancia.<\/p>\n<p style=\"text-align: justify;\">Actualmente se ha consolidado la versi\u00f3n en portugu\u00e9s, en colaboraci\u00f3n con la Universidad de Aveiro.<\/p>\n<p style=\"text-align: justify;\">El curso est\u00e1 tutorizado por profesores con amplia experiencia en Farmacovigilancia, y cuenta con acreditaci\u00f3n por la Comisi\u00f3n de Formaci\u00f3n Continuada de las Profesiones Sanitarias de Castilla y Le\u00f3n.<\/p>\n<p style=\"text-align: justify;\">Es un curso en modalidad a distancia, por lo que los participantes dispondr\u00e1n de un aula virtual, a trav\u00e9s de la cual los tutores del curso se pondr\u00e1n en contacto con los alumnos, gui\u00e1ndoles en su proceso de aprendizaje y proponiendo las actividades necesarias para la superaci\u00f3n del curso. Los alumnos podr\u00e1n estudiar y realizar las tareas en cualquier momento del d\u00eda, adaptando el temario y las actividades a sus necesidades profesionales o particulares.<\/p>\n<p><strong>Objetivos<\/strong><\/p>\n<p>El curso ofrece a los\u00a0 alumnos la posibilidad de conocer los riesgos que comporta el uso de los medicamentos en humanos y la forma en la que se pueden analizar y gestionar esos riesgos con el fin de evitarlos o en cualquier caso minimizarlos. El curso pues pretende que los profesionales sanitarios adquieran un conocimiento amplio y en profundidad de todos los aspectos relacionados con la seguridad de los medicamentos \u2014los riesgos en los pacientes\u2014 y su valoraci\u00f3n.<\/p>\n<p>As\u00ed, por ejemplo, se estudiar\u00e1n en este curso las limitaciones de los ensayos cl\u00ednicos y la necesidad de implementar redes de vigilancia epidemiol\u00f3gica de las reacciones adversas; tambi\u00e9n se estudiar\u00e1 la forma en que se eval\u00faa la relaci\u00f3n de causalidad entre la administraci\u00f3n de una determinada sustancia y la aparici\u00f3n de una reacci\u00f3n adversa, mediante la aplicaci\u00f3n de distintos algoritmos.<\/p>\n<p>Los profesionales que realicen este curso no solo adquirir\u00e1n los conocimientos para notificar las sospechas de reacciones adversas que aparezcan en su pr\u00e1ctica diaria sino que adem\u00e1s estar\u00e1n capacitados para leer y entender la literatura cient\u00edfica sobre la seguridad de los medicamentos y realizar una valoraci\u00f3n sobre la relaci\u00f3n beneficio riesgo de una determinada medicaci\u00f3n.<\/p>\n<p><strong>M\u00e9todo<\/strong><br \/>\nEl curso de Farmacovigilancia para profesionales sanitarios es un curso online tutorizado, apoyado en el uso de una plataforma e_learning; se trata de una forma de aprendizaje sustentada en las Nuevas Tecnolog\u00edas e Internet.<\/p>\n<p>La plataforma de e_learning dar\u00e1 acceso a los contenidos del curso y las herramientas necesarias para favorecer la comunicaci\u00f3n entre los participantes en el curso, la correcci\u00f3n de actividades y la resoluci\u00f3n de consultas. Los alumnos deber\u00e1n realizar en la plataforma de aprendizaje las actividades propuestas, que ser\u00e1n corregidas y evaluadas por los tutores de forma continua, a medida que se vayan entregando. Asimismo, deber\u00e1n realizar los cuestionarios correspondientes.<br \/>\nEl curso se compone de trece m\u00f3dulos y un anexo de casos cl\u00ednicos. Se presentan adem\u00e1s distintos recursos que sirven para completar el aprendizaje: un glosario de t\u00e9rminos; unas lecturas recomendadas y unos enlaces a distintas p\u00e1ginas web de inter\u00e9s. Adem\u00e1s, existe un centro de documentaci\u00f3n y recursos, y otras referencias sobre la legislaci\u00f3n m\u00e1s relevante en materia de seguridad de medicamentos. La herramienta \u201cmoodle\u201d en la que se presenta el curso dispone tambi\u00e9n de otras posibilidades entre las que se encontrar\u00edan, el poder establecer debates al respecto con otros colegas o el poder establecer comunicaci\u00f3n con los tutores.<br \/>\nCualquier secuencia en la administraci\u00f3n del curso puede ser \u00fatil. No obstante, y con objeto de extraer el m\u00e1ximo beneficio del curso, se recomienda a los alumnos la siguiente secuencia:<\/p>\n<ol>\n<li>Comenzar con la lectura y discusi\u00f3n de los \u201ccasos\u201d \u2014la discusi\u00f3n de estos casos puede hacerse en los foros o a trav\u00e9s del correo\u2014; su resoluci\u00f3n puede hacerse en el tramo final del curso.<\/li>\n<li>Continuar con la lectura detenida de cada uno de los m\u00f3dulos propuestos empezando por el referente a la \u201cseguridad de los medicamentos\u201d. Introducirse en algunos de los enlaces de inter\u00e9s.<\/li>\n<li>Leer algunos de los textos recomendados y comentar con los compa\u00f1eros o con el tutor.<\/li>\n<li>Finalizar con la realizaci\u00f3n de todos los cuestionarios y tareas, en las que se incluir\u00edan la resoluci\u00f3n de los casos propuestos.<\/li>\n<\/ol>\n<p><strong>Certificado en Farmacovigilancia<\/strong><br \/>\nLa superaci\u00f3n del curso y la consecuci\u00f3n de los cr\u00e9ditos correspondientes est\u00e1n supeditadas al estudio de los m\u00f3dulos que integran el curso, a la realizaci\u00f3n de los cuestionarios y tareas propuestos y a la participaci\u00f3n en los foros de debate. Habr\u00e1 por tanto una valoraci\u00f3n por parte de los tutores de la actividad realizada previa a la entrega de la acreditaci\u00f3n. A todos aquellos que superen los requisitos del curso de Farmacovigilancia, se les har\u00e1 entrega de un certificado.<br \/>\nEl curso est\u00e1 acreditado por la Comisi\u00f3n de Formaci\u00f3n Continuada de Castilla y Le\u00f3n de las Profesiones Sanitarias con 10&#8217;3 cr\u00e9ditos de formaci\u00f3n continuada.<\/p>\n<p><strong>Detalles del programa<\/strong><br \/>\n<strong>M\u00f3dulo 1. Problemas asociados a los medicamentos I: Reacciones adversas<\/strong><\/p>\n<ul>\n<li>Resumen<\/li>\n<li>Reacciones adversas. Concepto y definici\u00f3n<\/li>\n<li>Referencias y lecturas recomendadas<\/li>\n<li>Sitios Web recomendados<\/li>\n<\/ul>\n<p><strong>M\u00f3dulo 2. Problemas asociados a los medicamentos II: Interacciones y otros problemas<\/strong><\/p>\n<ul>\n<li>Resumen<\/li>\n<li>Clasificaci\u00f3n de las interacciones<\/li>\n<li>Interacciones farmacocin\u00e9ticas<\/li>\n<li>Interacciones farmacodin\u00e1micas<\/li>\n<li>Referencias y lecturas recomendadas<\/li>\n<li>Sitios Web recomendados<\/li>\n<\/ul>\n<p><strong>M\u00f3dulo 3. Medicamentos biol\u00f3gicos<\/strong><\/p>\n<ul>\n<li>Resumen<\/li>\n<li>Medicamentos biol\u00f3gicos<\/li>\n<li>Referencias y lecturas recomendadas<\/li>\n<li>Sitios Web recomendados<\/li>\n<\/ul>\n<p><strong>M\u00f3dulo 4. Bases gen\u00e9ticas de las reacciones adversas<\/strong><\/p>\n<ul>\n<li>Resumen<\/li>\n<li>Farmacogen\u00e9tica<\/li>\n<li>Referencias y lecturas recomendadas<\/li>\n<li>Sitios Web recomendados<\/li>\n<\/ul>\n<p><strong>M\u00f3dulo 5. Evaluaci\u00f3n de la seguridad de los medicamentos<\/strong><\/p>\n<ul>\n<li>Resumen<\/li>\n<li>Evaluaci\u00f3n precl\u00ednica de la seguridad y ensayos cl\u00ednicos<\/li>\n<li>Requisitos para la autorizaci\u00f3n y registro de los medicamentos<\/li>\n<li>Ensayos cl\u00ednicos y postcomercializaci\u00f3n<\/li>\n<li>Referencias y lecturas recomendadas<\/li>\n<li>Sitios Web recomendados<\/li>\n<\/ul>\n<p><strong>M\u00f3dulo 6. Farmacovigilancia<\/strong><\/p>\n<ul>\n<li>Resumen<\/li>\n<li>Farmacovigilancia<\/li>\n<li>Farmacovigilancia en Espa\u00f1a<\/li>\n<li>Farmacovigilancia en Europa<\/li>\n<li>Farmacovigilancia en el mundo: enfoque internacional<\/li>\n<li>De la sospecha a la toma de decisiones administrativas<\/li>\n<li>Referencias y lecturas recomendadas<\/li>\n<li>Sitios Web recomendados<\/li>\n<\/ul>\n<p><strong>M\u00f3dulo 7. Notificaci\u00f3n espont\u00e1nea<\/strong><\/p>\n<ul>\n<li>Resumen<\/li>\n<li>Notificaci\u00f3n espont\u00e1nea<\/li>\n<li>Referencias y lecturas recomendadas<\/li>\n<li>Sitios Web recomendados<\/li>\n<\/ul>\n<p><strong>M\u00f3dulo 8. Causalidad en Farmacovigilancia. Algoritmos<\/strong><\/p>\n<ul>\n<li>Resumen<\/li>\n<li>Definici\u00f3n de Causalidad<\/li>\n<li>\u00bfC\u00f3mo se eval\u00faa la causalidad?<\/li>\n<li>Algoritmo utilizado por el Sistema Espa\u00f1ol<\/li>\n<li>Referencias y lecturas recomendadas<\/li>\n<li>Sitios Web recomendados<\/li>\n<\/ul>\n<p><strong>M\u00f3dulo 9. Farmacoepidemiolog\u00eda I: Introducci\u00f3n y estudios descriptivos<\/strong><\/p>\n<ul>\n<li>Resumen<\/li>\n<li>Introducci\u00f3n a la farmacoepidemiolog\u00eda<\/li>\n<li>Casos y series de casos<\/li>\n<li>Referencias y lecturas recomendadas<\/li>\n<li>Sitios Web recomendados<\/li>\n<\/ul>\n<p><strong>M\u00f3dulo 10. Farmacoepidemiolog\u00eda II: Estudios anal\u00edticos<\/strong><\/p>\n<ul>\n<li>Resumen<\/li>\n<li>Estudios Observacionales<\/li>\n<li>Referencias y lecturas recomendadas<\/li>\n<li>Sitios Web recomendados<\/li>\n<\/ul>\n<p><strong>M\u00f3dulo 11. Bases de datos en Farmacovigilancia<\/strong><\/p>\n<ul>\n<li>Resumen<\/li>\n<li>Bases de Datos \u00fatiles en farmacovigilancia<\/li>\n<li>Referencias y lecturas recomendadas<\/li>\n<li>Sitios Web recomendados<\/li>\n<\/ul>\n<p><strong>M\u00f3dulo 12. Metaan\u00e1lisis en la detecci\u00f3n de reacciones adversas<\/strong><\/p>\n<ul>\n<li>Resumen<\/li>\n<li>Metaan\u00e1lisis en farmacovigilancia<\/li>\n<li>Referencias y lecturas recomendadas<\/li>\n<li>Sitios Web recomendados<\/li>\n<\/ul>\n<p><strong>M\u00f3dulo 13. Generaci\u00f3n de Se\u00f1ales<\/strong><\/p>\n<ul>\n<li>Resumen<\/li>\n<li>Introducci\u00f3n a la generaci\u00f3n de se\u00f1ales<\/li>\n<li>M\u00e9todos cualitativos<\/li>\n<li>M\u00e9todos cuantitativos<\/li>\n<li>Referencias y lecturas recomendadas<\/li>\n<li>Sitios Web recomendados<\/li>\n<\/ul>\n<p><strong>Anexo. Casos cl\u00ednicos<\/strong><\/p>\n<ul>\n<li>Anemia y leucopenia por f\u00e1rmacos<\/li>\n<li>Toxicidad renal por ciclosporina<\/li>\n<li>Alopecia por ranelato de estroncio<\/li>\n<li>Amoxicilina-clavul\u00e1nico y hepatitis<\/li>\n<li>Hipocinesia y rigidez generalizada<\/li>\n<li>Ketorolaco y hemorragia digestiva alta<\/li>\n<li>Fractura de cadera por corticoide<\/li>\n<li>Disfagia y dolor irradiado por doxiciclina<\/li>\n<li>Dolor mamario y galactorrea por levosulpiridas<\/li>\n<li>\u00dalcera por alendronato<\/li>\n<\/ul>\n[\/vc_column_text][\/vc_column][\/vc_row][vc_row][vc_column]<div class=\" ubtn-ctn-left \"><a class=\"ubtn-link ult-adjust-bottom-margin ubtn-left ubtn-large \" href=\"https:\/\/fundacion.uva.es\/area-formacion\/farmacovigilancia-profesionales-sanitarios\/\" target=\"_blank\" rel=\"noopener\" ><button type=\"button\" id=\"ubtn-5006\"  class=\"ubtn ult-adjust-bottom-margin ult-responsive ubtn-large ubtn-no-hover-bg  none  ubtn-left   tooltip-69f43a637af4e\"  data-hover=\"\" data-border-color=\"\" data-bg=\"#ff6600\" data-hover-bg=\"\" data-border-hover=\"\" data-shadow-hover=\"\" data-shadow-click=\"none\" data-shadow=\"\" data-shd-shadow=\"\"  data-ultimate-target='#ubtn-5006'  data-responsive-json-new='{\"font-size\":\"desktop:20px;\",\"line-height\":\"\"}'  style=\"font-weight:normal;border:none;background: #ff6600;color: #000000;\"><span class=\"ubtn-hover\" style=\"background-color:\"><\/span><span class=\"ubtn-data ubtn-text \" >INFORMACI\u00d3N E INSCRIPCIONES<\/span><\/button><\/a><\/div>[\/vc_column][\/vc_row]\n<\/div>","protected":false},"excerpt":{"rendered":"[vc_row][vc_column][vc_empty_space][vc_empty_space height=\u00bb15px\u00bb][vc_column_text] El curso de Farmacovigilancia para profesionales sanitarios se dirige a todos los profesionales sanitarios interesados en esta materia. Este curso es el resultado de una colaboraci\u00f3n de varios centros acad\u00e9micos de Italia, Francia y Espa\u00f1a y distintas empresas tecnol\u00f3gicas. La colaboraci\u00f3n se estableci\u00f3 en torno a un proyecto financiado por el V Programa [&hellip;]\n","protected":false},"author":2,"featured_media":0,"parent":0,"menu_order":0,"comment_status":"closed","ping_status":"closed","template":"","meta":{"footnotes":""},"class_list":["post-850","page","type-page","status-publish","hentry"],"_links":{"self":[{"href":"http:\/\/albergueweb1.uva.es\/cesme\/wp-json\/wp\/v2\/pages\/850","targetHints":{"allow":["GET"]}}],"collection":[{"href":"http:\/\/albergueweb1.uva.es\/cesme\/wp-json\/wp\/v2\/pages"}],"about":[{"href":"http:\/\/albergueweb1.uva.es\/cesme\/wp-json\/wp\/v2\/types\/page"}],"author":[{"embeddable":true,"href":"http:\/\/albergueweb1.uva.es\/cesme\/wp-json\/wp\/v2\/users\/2"}],"replies":[{"embeddable":true,"href":"http:\/\/albergueweb1.uva.es\/cesme\/wp-json\/wp\/v2\/comments?post=850"}],"version-history":[{"count":10,"href":"http:\/\/albergueweb1.uva.es\/cesme\/wp-json\/wp\/v2\/pages\/850\/revisions"}],"predecessor-version":[{"id":1036,"href":"http:\/\/albergueweb1.uva.es\/cesme\/wp-json\/wp\/v2\/pages\/850\/revisions\/1036"}],"wp:attachment":[{"href":"http:\/\/albergueweb1.uva.es\/cesme\/wp-json\/wp\/v2\/media?parent=850"}],"curies":[{"name":"wp","href":"https:\/\/api.w.org\/{rel}","templated":true}]}}