{"id":306,"date":"2019-04-01T12:10:23","date_gmt":"2019-04-01T12:10:23","guid":{"rendered":"http:\/\/albergueweb1.uva.es\/constitutiva\/?page_id=306"},"modified":"2019-04-01T14:30:24","modified_gmt":"2019-04-01T14:30:24","slug":"web","status":"publish","type":"page","link":"http:\/\/albergueweb1.uva.es\/constitutiva\/web\/","title":{"rendered":"Web"},"content":{"rendered":"<p>[vc_row][vc_column][vc_column_text]&nbsp;<\/p>\n<h5><strong><span class=\"s2\">RECURSOS EN ESTA WEB<\/span><\/strong><\/h5>\n<p>[\/vc_column_text][vc_column_text]Se pregunta a cuatros Magistrados o Magistrados Em\u00e9ritos dos cuestiones: 1. \u00bfCu\u00e1l es el papel de su Instituci\u00f3n en la protecci\u00f3n de los derechos? 2. \u00bfC\u00f3mo valora la relaci\u00f3n entre su Instituci\u00f3n y los restantes Tribunales?<\/p>\n<p><strong>Resultados<\/strong>: visiones desde el <a class=\"\" href=\"http:\/\/albergueweb1.uva.es\/constitutiva\/wp-content\/uploads\/2019\/03\/TC.pdf\" target=\"_blank\" rel=\"noopener\">Tribunal Constitucional<\/a> (Manuel Arag\u00f3n Reyes), el <a class=\"\" href=\"http:\/\/albergueweb1.uva.es\/constitutiva\/wp-content\/uploads\/2019\/03\/TEDH.pdf\" target=\"_blank\" rel=\"noopener\">Tribunal Europeo de Derechos Humanos<\/a> (Luis L\u00f3pez Guerra), el <a class=\"\" href=\"http:\/\/albergueweb1.uva.es\/constitutiva\/wp-content\/uploads\/2019\/03\/TJUE.pdf\" target=\"_blank\" rel=\"noopener\">Tribunal de Justicia de la Uni\u00f3n Europea<\/a> (Ignacio Ulloa Rubio)\u00a0 y el <a href=\"http:\/\/albergueweb1.uva.es\/constitutiva\/wp-content\/uploads\/2019\/03\/TS.pdf\" target=\"_blank\" rel=\"noopener\">Tribunal Supremo<\/a> (Pablo Lucas Murillo de la Cueva).[\/vc_column_text][\/vc_column][\/vc_row]<\/p>\n","protected":false},"excerpt":{"rendered":"<p>[vc_row][vc_column][vc_column_text]&nbsp; RECURSOS EN ESTA WEB [\/vc_column_text][vc_column_text]Se pregunta a cuatros Magistrados o Magistrados Em\u00e9ritos dos cuestiones: 1. \u00bfCu\u00e1l es el papel de su Instituci\u00f3n en la protecci\u00f3n de los derechos? 2. \u00bfC\u00f3mo valora la relaci\u00f3n entre su Instituci\u00f3n y los restantes Tribunales? Resultados: visiones desde el Tribunal Constitucional (Manuel Arag\u00f3n Reyes), el Tribunal Europeo de Derechos&hellip;<\/p>\n","protected":false},"author":2,"featured_media":0,"parent":0,"menu_order":0,"comment_status":"closed","ping_status":"closed","template":"","meta":{"_acf_changed":false,"footnotes":""},"acf":[],"_links":{"self":[{"href":"http:\/\/albergueweb1.uva.es\/constitutiva\/wp-json\/wp\/v2\/pages\/306"}],"collection":[{"href":"http:\/\/albergueweb1.uva.es\/constitutiva\/wp-json\/wp\/v2\/pages"}],"about":[{"href":"http:\/\/albergueweb1.uva.es\/constitutiva\/wp-json\/wp\/v2\/types\/page"}],"author":[{"embeddable":true,"href":"http:\/\/albergueweb1.uva.es\/constitutiva\/wp-json\/wp\/v2\/users\/2"}],"replies":[{"embeddable":true,"href":"http:\/\/albergueweb1.uva.es\/constitutiva\/wp-json\/wp\/v2\/comments?post=306"}],"version-history":[{"count":3,"href":"http:\/\/albergueweb1.uva.es\/constitutiva\/wp-json\/wp\/v2\/pages\/306\/revisions"}],"predecessor-version":[{"id":332,"href":"http:\/\/albergueweb1.uva.es\/constitutiva\/wp-json\/wp\/v2\/pages\/306\/revisions\/332"}],"wp:attachment":[{"href":"http:\/\/albergueweb1.uva.es\/constitutiva\/wp-json\/wp\/v2\/media?parent=306"}],"curies":[{"name":"wp","href":"https:\/\/api.w.org\/{rel}","templated":true}]}}