{"id":34,"date":"2018-09-24T14:37:17","date_gmt":"2018-09-24T14:37:17","guid":{"rendered":"http:\/\/albergueweb1.uva.es\/constitutiva\/?page_id=34"},"modified":"2025-09-09T13:34:17","modified_gmt":"2025-09-09T13:34:17","slug":"equipo-de-trabajo","status":"publish","type":"page","link":"http:\/\/albergueweb1.uva.es\/constitutiva\/equipo-de-trabajo\/","title":{"rendered":"Equipo de trabajo"},"content":{"rendered":"[vc_row css=\u00bb.vc_custom_1537800053553{padding-bottom: 20px !important;}\u00bb][vc_column][vc_column_text]<\/p>\n<h3>Grupo de Trabajo<\/h3>\n<p>[\/vc_column_text][\/vc_column][\/vc_row][vc_row css=\u00bb.vc_custom_1537799596781{padding-top: 10px !important;padding-bottom: 10px !important;}\u00bb][vc_column width=\u00bb1\/3&#8243;][vc_column_text]<h3><strong>Hubert Alcaraz<\/strong><\/h3>\n<p>Ma\u00eetre de conf\u00e9rences en droit public<\/p>\n<p>Universit\u00e9 de Pau et des Pays de l\u2019Adour<\/p>\n<p>Curriculum<\/p>\n<p>&nbsp;<\/p>[\/vc_column_text][\/vc_column][vc_column width=\u00bb1\/3&#8243;][vc_column_text]<h3><strong>Antonio Arroyo Gil<\/strong><\/h3>\n<p>Profesor Ayudante Doctor de Derecho Constitucional<\/p>\n<p>Universidad Aut\u00f3noma de Madrid<\/p>\n<p>Curriculum<\/p>[\/vc_column_text][\/vc_column][vc_column width=\u00bb1\/3&#8243;][vc_column_text]<h3><strong>Janeyri E. Boyer Carrera<\/strong><\/h3>\n<p>Profesora de Derecho Constitucional<\/p>\n<p>Pontificia Universidad Cat\u00f3lica de Per\u00fa<\/p>\n<p>Curriculum<\/p>[\/vc_column_text][\/vc_column][\/vc_row][vc_row css=\u00bb.vc_custom_1537799596781{padding-top: 10px !important;padding-bottom: 10px !important;}\u00bb][vc_column width=\u00bb1\/3&#8243;][vc_column_text]<h3><strong>Andr\u00e9s Iv\u00e1n Due\u00f1as Castrillo<\/strong><\/h3>\n<p>Profesor de Derecho Constitucional<\/p>\n<p>Universidad de Valladolid<\/p>\n<p>Curriculum<\/p>[\/vc_column_text][\/vc_column][vc_column width=\u00bb1\/3&#8243;][vc_column_text]<h3><strong>Ascensi\u00f3n Elvira Perales<\/strong><\/h3>\n<p>PTUN (ApC) de Derecho Constitucional<\/p>\n<p>Universidad Carlos III<\/p>\n<p><a href=\"http:\/\/albergueweb1.uva.es\/constitutiva\/wp-content\/uploads\/2019\/03\/ElviraCV.pdf\" target=\"_blank\" rel=\"noopener noreferrer\">Curriculum<\/a><\/p>[\/vc_column_text][\/vc_column][vc_column width=\u00bb1\/3&#8243;][vc_column_text]<h3><strong>Estela Gilbaja Cabrero<\/strong><\/h3>\n<p>Profesora de Derecho Constitucional<\/p>\n<p>Universidad de Valladolid<\/p>\n<p><a href=\"http:\/\/albergueweb1.uva.es\/constitutiva\/wp-content\/uploads\/2018\/09\/CV-Javier-Matia-Abreviado.doc\">Curriculum<\/a><\/p>[\/vc_column_text][\/vc_column][\/vc_row][vc_row css=\u00bb.vc_custom_1537799596781{padding-top: 10px !important;padding-bottom: 10px !important;}\u00bb][vc_column width=\u00bb1\/3&#8243;][vc_column_text]<h3><strong>Alicia Gonz\u00e1lez Alonso<\/strong><\/h3>\n<p>Profesora Contratada Doctora de Derecho Constitucional<\/p>\n<p>Universidad Aut\u00f3noma de Madrid<\/p>\n<p>Curriculum<\/p>\n<p>&nbsp;<\/p>[\/vc_column_text][\/vc_column][vc_column width=\u00bb1\/3&#8243;][vc_column_text]<h3><strong>Pablo Gonz\u00e1lez Saquero<\/strong><\/h3>\n<p>Profesor de Derecho Administrativo<\/p>\n<p>Universidad Complutense de Madrid<\/p>\n<p>Curriculum<\/p>[\/vc_column_text][\/vc_column][vc_column width=\u00bb1\/3&#8243;][vc_column_text]<h3><strong>Luis Gordillo<\/strong><\/h3>\n<p>PTUN Derecho Constitucional<\/p>\n<p>Deusto<\/p>\n<p>Curriculum<\/p>\n<p>&nbsp;<\/p>[\/vc_column_text][\/vc_column][\/vc_row][vc_row css=\u00bb.vc_custom_1537799596781{padding-top: 10px !important;padding-bottom: 10px !important;}\u00bb][vc_column width=\u00bb1\/3&#8243;][vc_column_text]<h3><strong>Juan Jos\u00e9 Herb\u00f3n Costas<\/strong><\/h3>\n<p>Comandante Auditor.<\/p>\n<p>Consejero T\u00e9cnico<\/p>\n<p>Asesor jur\u00eddico del Departamento de Seguridad Nacional del Gabinete de la presidencia del Gobierno<\/p>\n<p>Curriculum<\/p>[\/vc_column_text][\/vc_column][vc_column width=\u00bb1\/3&#8243;][vc_column_text]<h3><strong>Mario Kolling<\/strong><\/h3>\n<p>Profesor Ayudante Doctor Ciencia Pol\u00edtica de la Universidad Nacional de Educaci\u00f3n a Distancia<\/p>\n<p>Fundaci\u00f3n Manuel Gim\u00e9nez Abad<\/p>\n<p>Curriculum<\/p>[\/vc_column_text][\/vc_column][vc_column width=\u00bb1\/3&#8243;][vc_column_text]<h3><strong>Adam Krzywon<\/strong><\/h3>\n<p>Profesor Contratado Doctor de Derecho Constitucional<\/p>\n<p>Universidad de Varsovia<\/p>\n<p>Curriculum<\/p>[\/vc_column_text][\/vc_column][\/vc_row][vc_row css=\u00bb.vc_custom_1537799596781{padding-top: 10px !important;padding-bottom: 10px !important;}\u00bb][vc_column width=\u00bb1\/3&#8243;][vc_column_text]<h3><strong>Graciela L\u00f3pez de la Fuente<\/strong><\/h3>\n<p>Ayudante Doctora Derecho del Trabajo<\/p>\n<p>Universidad de Valladolid<\/p>\n<p>Curriculum<\/p>[\/vc_column_text][\/vc_column][vc_column width=\u00bb1\/3&#8243;][vc_column_text]<\/p>\n<h3><strong>Anna Lorenzetti<\/strong><\/h3>\n<p>Profesora de Giurisprudenza<\/p>\n<p>Universidad de B\u00e9rgamo<\/p>\n<p><a href=\"http:\/\/albergueweb1.uva.es\/constitutiva\/wp-content\/uploads\/2018\/09\/CV-Javier-Matia-Abreviado.doc\">Curriculum<\/a>[\/vc_column_text][\/vc_column][vc_column width=\u00bb1\/3&#8243;][vc_column_text]<h3><strong>Mar\u00eda del Pilar Mej\u00edas Valencia<\/strong><\/h3>\n<p>Secretar\u00eda del Departamento de Derecho Constitucional, Procesal y Eclesi\u00e1stico del Estado<\/p>\n<p>Universidad de Valladolid<\/p>\n<p>Curriculum<\/p>[\/vc_column_text][\/vc_column][\/vc_row][vc_row css=\u00bb.vc_custom_1537799596781{padding-top: 10px !important;padding-bottom: 10px !important;}\u00bb][vc_column width=\u00bb1\/3&#8243;][vc_column_text]<h3><strong>Cecilia Mora Donatto<\/strong><\/h3>\n<p>Investigadora del Instituto de Investigaciones Jur\u00eddicas<\/p>\n<p>Universidad Aut\u00f3noma de M\u00e9xico<\/p>\n<p>Curriculum<\/p>[\/vc_column_text][\/vc_column][vc_column width=\u00bb1\/3&#8243;][vc_column_text]<h3><strong>Carmen Morte G\u00f3mez<\/strong><\/h3>\n<p>Head of the Case-Law Information and Publications Division | Chef de la Division des publications et de l\u2019information sur la jurisprudence<\/p>\n<p>Directorate of the Jurisconsult |Direction du Jurisconsulte<\/p>\n<p>Registry of the European Court of Human Rights<\/p>\n<p>Greffe de la Cour europ\u00e9enne des droits de l\u2019homme<\/p>\n<p>Council of Europe | Conseil de l\u2019Europe<\/p>\n<p>Curriculum<\/p>[\/vc_column_text][\/vc_column][vc_column width=\u00bb1\/3&#8243;][vc_column_text]<h3><strong>Roberto Ni\u00f1o Est\u00e9banez<\/strong><\/h3>\n<p>Magistrado Especialista de Mercantil Titular de la Secci\u00f3n Primera de la AP de Tarragona<\/p>\n<p>Poder Judicial<\/p>\n<p>Curriculum<\/p>[\/vc_column_text][\/vc_column][\/vc_row][vc_row css=\u00bb.vc_custom_1537799596781{padding-top: 10px !important;padding-bottom: 10px !important;}\u00bb][vc_column width=\u00bb1\/3&#8243;][vc_column_text]<h3><strong>Alejandro de Pablo Serrano<\/strong><\/h3>\n<p>Profesor de Derecho Penal<\/p>\n<p>Universidad Pablo de Olavide<\/p>\n<p>Curriculum<\/p>[\/vc_column_text][\/vc_column][vc_column width=\u00bb1\/3&#8243;][vc_column_text]<h3><strong>Paula Robledo Silva<\/strong><\/h3>\n<p>Profesora de Derecho Constitucional<\/p>\n<p>Universidad Externado de Colombia<\/p>\n<p>Curriculum<\/p>[\/vc_column_text][\/vc_column][vc_column width=\u00bb1\/3&#8243;][vc_column_text]<h3><strong>Tom\u00e1s Quadra-Salcedo Janini<\/strong><\/h3>\n<p>PTUN Derecho Constitucional<\/p>\n<p>Universidad Aut\u00f3noma de Madrid<\/p>\n<p>Curriculum<\/p>[\/vc_column_text][\/vc_column][\/vc_row][vc_row css=\u00bb.vc_custom_1537799596781{padding-top: 10px !important;padding-bottom: 10px !important;}\u00bb][vc_column width=\u00bb1\/3&#8243;][vc_column_text]<h3><strong>Felipe Rama Cerb\u00e1n<br \/><\/strong><\/h3>\n<p>Estudiante tercer ciclo<\/p>\n<p>Universidad de Valladolid<\/p>\n<p>Curriculum<\/p>[\/vc_column_text][\/vc_column][vc_column width=\u00bb1\/3&#8243;][vc_column_text]<h3><strong>Alberto Javier Macho Carro<\/strong><\/h3>\n<p>Contratado Predoctoral de Derecho Constitucional<\/p>\n<p>Universidad de Valladolid<\/p>\n<p>Curriculum<\/p>[\/vc_column_text][\/vc_column][vc_column width=\u00bb1\/3&#8243;][vc_column_text]<h3><strong>Jos\u00e9 Carlos \u00c1lvarez Bernab\u00e9<\/strong><\/h3>\n<p>Doctorando Derecho Constitucional<\/p>\n<p>Universidad de Valladolid<\/p>\n<p>Curriculum<\/p>[\/vc_column_text][\/vc_column][\/vc_row][vc_row css=\u00bb.vc_custom_1537799596781{padding-top: 10px !important;padding-bottom: 10px !important;}\u00bb][vc_column width=\u00bb1\/3&#8243;][vc_column_text][\/vc_column_text][\/vc_column][vc_column width=\u00bb1\/3&#8243;][vc_column_text][\/vc_column_text][\/vc_column][vc_column width=\u00bb1\/3&#8243;][vc_column_text][\/vc_column_text][\/vc_column][\/vc_row][vc_row][vc_column][vc_column_text]<\/p>\n\n\n<p><\/p>\n[\/vc_column_text][vc_column_text]<p>Soy un bloque de texto. Haz clic en el bot\u00f3n Editar para cambiar este texto. Lorem ipsum dolor sit amet, consectetur adipiscing elit. Ut elit tellus, luctus nec ullamcorper mattis, pulvinar dapibus leo.<\/p>[\/vc_column_text][\/vc_column][\/vc_row]","protected":false},"excerpt":{"rendered":"<p>[vc_row css=\u00bb.vc_custom_1537800053553{padding-bottom: 20px !important;}\u00bb][vc_column][vc_column_text] Grupo de Trabajo [\/vc_column_text][\/vc_column][\/vc_row][vc_row css=\u00bb.vc_custom_1537799596781{padding-top: 10px !important;padding-bottom: 10px !important;}\u00bb][vc_column width=\u00bb1\/3&#8243;][vc_column_text] Hubert Alcaraz Ma\u00eetre de conf\u00e9rences en droit public Universit\u00e9 de Pau et des Pays de l\u2019Adour Curriculum &nbsp; [\/vc_column_text][\/vc_column][vc_column width=\u00bb1\/3&#8243;][vc_column_text] Antonio Arroyo Gil Profesor Ayudante Doctor de Derecho Constitucional Universidad Aut\u00f3noma de Madrid Curriculum [\/vc_column_text][\/vc_column][vc_column width=\u00bb1\/3&#8243;][vc_column_text] Janeyri E. Boyer Carrera Profesora&hellip;<\/p>\n","protected":false},"author":1,"featured_media":0,"parent":0,"menu_order":0,"comment_status":"closed","ping_status":"closed","template":"","meta":{"_acf_changed":false,"footnotes":""},"acf":[],"_links":{"self":[{"href":"http:\/\/albergueweb1.uva.es\/constitutiva\/wp-json\/wp\/v2\/pages\/34"}],"collection":[{"href":"http:\/\/albergueweb1.uva.es\/constitutiva\/wp-json\/wp\/v2\/pages"}],"about":[{"href":"http:\/\/albergueweb1.uva.es\/constitutiva\/wp-json\/wp\/v2\/types\/page"}],"author":[{"embeddable":true,"href":"http:\/\/albergueweb1.uva.es\/constitutiva\/wp-json\/wp\/v2\/users\/1"}],"replies":[{"embeddable":true,"href":"http:\/\/albergueweb1.uva.es\/constitutiva\/wp-json\/wp\/v2\/comments?post=34"}],"version-history":[{"count":33,"href":"http:\/\/albergueweb1.uva.es\/constitutiva\/wp-json\/wp\/v2\/pages\/34\/revisions"}],"predecessor-version":[{"id":588,"href":"http:\/\/albergueweb1.uva.es\/constitutiva\/wp-json\/wp\/v2\/pages\/34\/revisions\/588"}],"wp:attachment":[{"href":"http:\/\/albergueweb1.uva.es\/constitutiva\/wp-json\/wp\/v2\/media?parent=34"}],"curies":[{"name":"wp","href":"https:\/\/api.w.org\/{rel}","templated":true}]}}