{"id":4,"date":"2018-09-14T09:20:39","date_gmt":"2018-09-14T09:20:39","guid":{"rendered":"http:\/\/albergueweb1.uva.es\/constitutiva\/?page_id=4"},"modified":"2018-12-20T12:20:51","modified_gmt":"2018-12-20T12:20:51","slug":"home","status":"publish","type":"page","link":"http:\/\/albergueweb1.uva.es\/constitutiva\/","title":{"rendered":"Home"},"content":{"rendered":"<p>[vc_row full_width=\u00bbstretch_row\u00bb css=\u00bb.vc_custom_1537190939947{padding-top: 120px !important;padding-bottom: 120px !important;background-image: url(http:\/\/albergueweb1.uva.es\/constitutiva\/wp-content\/uploads\/2018\/09\/portada1.jpg?id=19) !important;background-position: center !important;background-repeat: no-repeat !important;background-size: cover !important;}\u00bb][vc_column][vc_column_text css_animation=\u00bbfadeIn\u00bb]<\/p>\n<h1><span style=\"color: #c4f0c5;\">Espa\u00f1a ante Europa:<\/span> <span style=\"color: #f1fff1;\">retos nacionales en materia de derechos humanos\u00a0<\/span><\/h1>\n<p>[\/vc_column_text][vc_column_text css_animation=\u00bbfadeIn\u00bb el_class=\u00bbtipo2&#8243; css=\u00bb.vc_custom_1540901341986{padding-top: 20px !important;padding-bottom: 40px !important;}\u00bb]<\/p>\n<h4><span style=\"color: #f1fff1;\"> DER2016-75993-P, sobre Espa\u00f1a ante Europa: retos nacionales en materia de derechos humanos, que se desarrollar\u00e1 entre el 30 de diciembre de 2016 y el 29 de diciembre 2020<\/span><\/h4>\n<p>[\/vc_column_text][\/vc_column][\/vc_row][vc_row full_width=\u00bbstretch_row\u00bb css=\u00bb.vc_custom_1536917567731{padding-top: 80px !important;padding-bottom: 60px !important;}\u00bb el_id=\u00bbresumen\u00bb][vc_column][vc_column_text css_animation=\u00bbfadeInDown\u00bb]<\/p>\n<h2 style=\"text-align: center;\">Noticias<\/h2>\n<p>[\/vc_column_text][vc_posts_slider count=\u00bb3&#8243; interval=\u00bb3&#8243; slides_content=\u00bbteaser\u00bb slides_title=\u00bb1&#8243; posttypes=\u00bbpost\u00bb][lab_button title=\u00bbTodas las noticias\u00bb type=\u00bbstandard\u00bb el_class=\u00bbcenter\u00bb link=\u00bburl:http%3A%2F%2Falbergueweb1.uva.es%2Fconstitutiva%2Fcategory%2Fnoticias%2F|||\u00bb][\/vc_column][\/vc_row][vc_row full_width=\u00bbstretch_row\u00bb css=\u00bb.vc_custom_1541530112596{border-top-width: 2px !important;padding-top: 80px !important;padding-bottom: 60px !important;background-color: #fafafa !important;background-position: center !important;background-repeat: no-repeat !important;background-size: cover !important;border-top-color: #dddddd !important;border-top-style: solid !important;}\u00bb][vc_column][vc_column_text css_animation=\u00bbfadeInDown\u00bb]<\/p>\n<h2 style=\"text-align: center;\">Presentaci\u00f3n<\/h2>\n<p>[\/vc_column_text][vc_column_text]<\/p>\n<p style=\"text-align: center;\">Nuestra investigaci\u00f3n pretende centrase, precisamente, en los desafios que el Estado espa\u00f1ol tiene en materia de derechos humanos. No pretendemos glosar nuevamente la jurisprudencia europea, sino tratar de buscar soluciones concretas que dificulten futuras condenas al Estado espa\u00f1ol por parte de los citados tribunales europeos. Parece razonable contextualizar esta cuesti\u00f3n, tomando en consideraci\u00f3n cu\u00e1l es la situaci\u00f3n de los Estados de nuestro entorno, en relaci\u00f3n con el Tribunal de Estrasburgo, y de algunos pa\u00edses de Am\u00e9rica Latina, en relaci\u00f3n con la Corte Interamericana. Estos informes sobre las condenas de diversos Estados europeos (Alemania, Espa\u00f1a, Francia, Italia y Reino Unido) y americanos (Colombia, M\u00e9xico y Per\u00fa) ser\u00e1n publicados en la p\u00e1gina web del Proyecto.<\/p>\n<p>[\/vc_column_text][lab_button title=\u00bbM\u00e1s informaci\u00f3n\u00bb type=\u00bbstandard\u00bb el_class=\u00bbcenter\u00bb link=\u00bburl:http%3A%2F%2Falbergueweb1.uva.es%2Fconstitutiva%2Fsobre-el-proyecto%2F|||\u00bb][\/vc_column][\/vc_row][vc_row full_width=\u00bbstretch_row\u00bb css=\u00bb.vc_custom_1541530053139{border-top-width: 2px !important;border-bottom-width: 2px !important;padding-top: 80px !important;padding-bottom: 60px !important;border-top-color: #dddddd !important;border-top-style: solid !important;border-bottom-color: #dddddd !important;border-bottom-style: solid !important;}\u00bb el_id=\u00bbsubproyectos\u00bb][vc_column][vc_column_text css_animation=\u00bbfadeInDown\u00bb]<\/p>\n<h2 style=\"text-align: center;\">Equipo<\/h2>\n<p>[\/vc_column_text][vc_column_text]<\/p>\n<p style=\"text-align: center;\">El equipo de<em>\u00a0<\/em>Investigaci\u00f3n\u00a0esta integrado por un grupo de acad\u00e9micos e investigadores de las Facultades de Derecho de todo el \u00e1mbito nacional.<\/p>\n<p>[\/vc_column_text][vc_row_inner css=\u00bb.vc_custom_1485432483107{padding-top: 15px !important;}\u00bb][vc_column_inner width=\u00bb1\/3&#8243;][lab_button title=\u00bbInvestigador Principal\u00bb type=\u00bbstandard\u00bb el_class=\u00bbcenter\u00bb link=\u00bburl:http%3A%2F%2Falbergueweb1.uva.es%2Fconstitutiva%2Finvestigador-principal%2F|title:Investigador%20Principal||\u00bb][\/vc_column_inner][vc_column_inner width=\u00bb1\/3&#8243;][lab_button title=\u00bbEquipo de Investigaci\u00f3n\u00bb type=\u00bbstandard\u00bb el_class=\u00bbcenter\u00bb link=\u00bburl:http%3A%2F%2Falbergueweb1.uva.es%2Fconstitutiva%2Fequipo-de-investigacion%2F|title:Equipo%20de%20Investigaci%C3%B3n||\u00bb][\/vc_column_inner][vc_column_inner width=\u00bb1\/3&#8243;][lab_button title=\u00bbEquipo de trabajo\u00bb type=\u00bbstandard\u00bb el_class=\u00bbcenter\u00bb link=\u00bburl:http%3A%2F%2Falbergueweb1.uva.es%2Fconstitutiva%2Fequipo-de-trabajo%2F|title:Equipo%20de%20trabajo||\u00bb][\/vc_column_inner][\/vc_row_inner][\/vc_column][\/vc_row][vc_row full_width=\u00bbstretch_row\u00bb css=\u00bb.vc_custom_1541530061695{border-bottom-width: 2px !important;padding-top: 80px !important;padding-bottom: 60px !important;background-color: #fafafa !important;background-position: center !important;background-repeat: no-repeat !important;background-size: cover !important;border-bottom-color: #dddddd !important;border-bottom-style: solid !important;}\u00bb][vc_column][vc_column_text css_animation=\u00bbfadeInDown\u00bb]<\/p>\n<h2 style=\"text-align: center;\">Difusi\u00f3n de resultados<\/h2>\n<p>[\/vc_column_text][vc_column_text]<\/p>\n<p style=\"text-align: center;\">Publicaci\u00f3n en revistas indexadas,\u00a0 publicaciones en libros y cap\u00edtulos de libro, publicaciones derivadas de asistencia a congresos, conferencias o workshops y\u00a0publicaciones en open acces.<\/p>\n<p>[\/vc_column_text][lab_button title=\u00bbVer resultados\u00bb type=\u00bbstandard\u00bb el_class=\u00bbcenter\u00bb link=\u00bburl:http%3A%2F%2Falbergueweb1.uva.es%2Fconstitutiva%2Fdifusion-de-resultados-2%2F|title:Ver%20resultados||\u00bb][\/vc_column][\/vc_row]<\/p>\n","protected":false},"excerpt":{"rendered":"<p>[vc_row full_width=\u00bbstretch_row\u00bb css=\u00bb.vc_custom_1537190939947{padding-top: 120px !important;padding-bottom: 120px !important;background-image: url(http:\/\/albergueweb1.uva.es\/constitutiva\/wp-content\/uploads\/2018\/09\/portada1.jpg?id=19) !important;background-position: center !important;background-repeat: no-repeat !important;background-size: cover !important;}\u00bb][vc_column][vc_column_text css_animation=\u00bbfadeIn\u00bb] Espa\u00f1a ante Europa: retos nacionales en materia de derechos humanos\u00a0 [\/vc_column_text][vc_column_text css_animation=\u00bbfadeIn\u00bb el_class=\u00bbtipo2&#8243; css=\u00bb.vc_custom_1540901341986{padding-top: 20px !important;padding-bottom: 40px !important;}\u00bb] DER2016-75993-P, sobre Espa\u00f1a ante Europa: retos nacionales en materia de derechos humanos, que se desarrollar\u00e1 entre el 30 de diciembre de&hellip;<\/p>\n","protected":false},"author":1,"featured_media":0,"parent":0,"menu_order":0,"comment_status":"closed","ping_status":"closed","template":"","meta":{"_acf_changed":false,"footnotes":""},"acf":[],"_links":{"self":[{"href":"http:\/\/albergueweb1.uva.es\/constitutiva\/wp-json\/wp\/v2\/pages\/4"}],"collection":[{"href":"http:\/\/albergueweb1.uva.es\/constitutiva\/wp-json\/wp\/v2\/pages"}],"about":[{"href":"http:\/\/albergueweb1.uva.es\/constitutiva\/wp-json\/wp\/v2\/types\/page"}],"author":[{"embeddable":true,"href":"http:\/\/albergueweb1.uva.es\/constitutiva\/wp-json\/wp\/v2\/users\/1"}],"replies":[{"embeddable":true,"href":"http:\/\/albergueweb1.uva.es\/constitutiva\/wp-json\/wp\/v2\/comments?post=4"}],"version-history":[{"count":13,"href":"http:\/\/albergueweb1.uva.es\/constitutiva\/wp-json\/wp\/v2\/pages\/4\/revisions"}],"predecessor-version":[{"id":153,"href":"http:\/\/albergueweb1.uva.es\/constitutiva\/wp-json\/wp\/v2\/pages\/4\/revisions\/153"}],"wp:attachment":[{"href":"http:\/\/albergueweb1.uva.es\/constitutiva\/wp-json\/wp\/v2\/media?parent=4"}],"curies":[{"name":"wp","href":"https:\/\/api.w.org\/{rel}","templated":true}]}}