{"id":46,"date":"2018-09-24T16:28:25","date_gmt":"2018-09-24T16:28:25","guid":{"rendered":"http:\/\/albergueweb1.uva.es\/constitutiva\/?page_id=46"},"modified":"2018-09-24T16:32:35","modified_gmt":"2018-09-24T16:32:35","slug":"sobre-el-proyecto","status":"publish","type":"page","link":"http:\/\/albergueweb1.uva.es\/constitutiva\/sobre-el-proyecto\/","title":{"rendered":"Sobre el proyecto"},"content":{"rendered":"<p>[vc_row][vc_column][vc_column_text]<\/p>\n<h3 style=\"text-align: left;\">Datos<\/h3>\n<p>&nbsp;<\/p>\n<p><strong>Referencia<\/strong>:\u00a0DER2016-75993-P<\/p>\n<p><strong>T\u00edtulo<\/strong>:\u00a0Espa\u00f1a ante Europa: retos nacionales en materia de derechos humanos<\/p>\n<p><strong>Duraci\u00f3n<\/strong>: del 30\/12\/2016 al 29\/12\/2020<\/p>\n<p><strong>Importe concedido<\/strong>:\u00a053.000,00 (costes directo).<\/p>\n<p><strong>Contacto<\/strong>: javierfacultad@gmail.com[\/vc_column_text][\/vc_column][\/vc_row][vc_row css=\u00bb.vc_custom_1537806700300{padding-top: 20px !important;}\u00bb][vc_column][vc_column_text]<\/p>\n<h3 style=\"text-align: left;\">Resumen<\/h3>\n<p>&nbsp;<\/p>\n<p>El objeto del presente proyecto de investigaci\u00f3n es examinar los desaf\u00edos del Estado espa\u00f1ol en materia de derechos humanos. Resulta, por ejemplo, sorprendente, que algunas de las m\u00e1s recientes condenas impuestas al Reino de Espa\u00f1a por parte del Tribunal Europeo de Derechos Humanos lo sean por las mismas carencias en nuestro modelo de protecci\u00f3n de los derechos fundamentales que ya han sido reiteradas una y otra vez. Asimismo llama la atenci\u00f3n el gran debate doctrinal que ha generado en nuestro pa\u00eds algunas de las resoluciones dicatadas por el Tribunal de Justicia de la Uni\u00f3n Europea, como han sido las relacionadas con la orden europea de detenci\u00f3n y entrega o el (denominado) derecho al olvido.<\/p>\n<p>Nuestra investigaci\u00f3n pretende centrase, precisamente, en los desafios que el Estado espa\u00f1ol tiene en materia de derechos humanos. No pretendemos glosar nuevamente la jurisprudencia europea, sino tratar de buscar soluciones concretas que dificulten futuras condenas al Estado espa\u00f1ol por parte de los citados tribunales europeos. Parece razonable contextualizar esta cuesti\u00f3n, tomando en consideraci\u00f3n cu\u00e1l es la situaci\u00f3n de los Estados de nuestro entorno, en relaci\u00f3n con el Tribunal de Estrasburgo, y de algunos pa\u00edses de Am\u00e9rica Latina, en relaci\u00f3n con la Corte Interamericana. Estos informes sobre las condenas de diversos Estados europeos (Alemania, Espa\u00f1a, Francia, Italia y Reino Unido) y americanos (Colombia, M\u00e9xico y Per\u00fa) ser\u00e1n publicados en la p\u00e1gina web del Proyecto.<\/p>\n<p>Para lograr nuestro objeto de examinar los motivos que justifican las condenas impuestas al Reino de Espa\u00f1a dividiremos nuestros esfuerzos en distintos frentes. En primer lugar, examinaremos las lesiones vinculadas con el derecho al proceso p\u00fablico en un volumen colectivo, porque son muy numerosas las condenas en esta materia. En segundo lugar, nos detendremos espec\u00edficamente en el Derecho a la vida privada, porque en su entorno se presentan muchos problemas actuales y de evidente inter\u00e9s (paz mediombiental en el hogar, reagrupaci\u00f3n familiar, derecho a no separar a los padres de sus hijos, etc.), que ser\u00e1n tambi\u00e9n tratados en un libro colectivo. En tercer lugar, nos detendremos tambi\u00e9n en otros problemas particulares, vehicuando estas investigaciones en art\u00edculos publicados en Revistas, como son los referidos al asilo, la libertad de expresi\u00f3n frente a cargos p\u00fablicos, o la interdicci\u00f3n de la tortura, en su dimensi\u00f3n procesal, entre otras cuestiones. En cuarto lugar, examinaremos tambi\u00e9n, en un libro colectivo, la reforma del recurso de revisi\u00f3n en los distintos \u00f3rdenes procesales, que ha incluido un motivo vinculado con las resoluciones del Tribunal de Estrasburgo. Finalmente, en quinto lugar, se elaborar\u00e1 un Vademecum en el que recoja un an\u00e1lisis de toda la jurisprudencia del Tribunal Europeo de Derechos Humanos relacionada con el Reino de Espa\u00f1a.<\/p>\n<p>Las tareas propuestas son ambiciosas, pero se ha contado con un plantel de profeores de diversas \u00e1reas de conocimiento (constitucional, administrativo, procesal, laboral, internacional privadol) y de personas que colaboran con instituciones relevantes para esta investigaci\u00f3n (Fundaci\u00f3n Gim\u00e9nez Abad, TEDH), y de diferentes Universidades espa\u00f1olas (UAM, UBU, UCM, UDeusto, UNED, UV, UVa \u2013campus de Valladolid, Segovia y Soria- y Centro Universitario San Javier) y extranjeras (Pau, B\u00e9rgamo, UNAM, Cat\u00f3lica de Per\u00fa y Externado de Colombia).<\/p>\n<p>Finalmente, el CGPJ, el TC y el TEDH han mostrado su inter\u00e9s en esta investigaci\u00f3n.[\/vc_column_text][\/vc_column][\/vc_row]<\/p>\n","protected":false},"excerpt":{"rendered":"<p>[vc_row][vc_column][vc_column_text] Datos &nbsp; Referencia:\u00a0DER2016-75993-P T\u00edtulo:\u00a0Espa\u00f1a ante Europa: retos nacionales en materia de derechos humanos Duraci\u00f3n: del 30\/12\/2016 al 29\/12\/2020 Importe concedido:\u00a053.000,00 (costes directo). Contacto: javierfacultad@gmail.com[\/vc_column_text][\/vc_column][\/vc_row][vc_row css=\u00bb.vc_custom_1537806700300{padding-top: 20px !important;}\u00bb][vc_column][vc_column_text] Resumen &nbsp; El objeto del presente proyecto de investigaci\u00f3n es examinar los desaf\u00edos del Estado espa\u00f1ol en materia de derechos humanos. Resulta, por ejemplo, sorprendente, que algunas&hellip;<\/p>\n","protected":false},"author":1,"featured_media":0,"parent":0,"menu_order":0,"comment_status":"closed","ping_status":"closed","template":"","meta":{"_acf_changed":false,"footnotes":""},"acf":[],"_links":{"self":[{"href":"http:\/\/albergueweb1.uva.es\/constitutiva\/wp-json\/wp\/v2\/pages\/46"}],"collection":[{"href":"http:\/\/albergueweb1.uva.es\/constitutiva\/wp-json\/wp\/v2\/pages"}],"about":[{"href":"http:\/\/albergueweb1.uva.es\/constitutiva\/wp-json\/wp\/v2\/types\/page"}],"author":[{"embeddable":true,"href":"http:\/\/albergueweb1.uva.es\/constitutiva\/wp-json\/wp\/v2\/users\/1"}],"replies":[{"embeddable":true,"href":"http:\/\/albergueweb1.uva.es\/constitutiva\/wp-json\/wp\/v2\/comments?post=46"}],"version-history":[{"count":5,"href":"http:\/\/albergueweb1.uva.es\/constitutiva\/wp-json\/wp\/v2\/pages\/46\/revisions"}],"predecessor-version":[{"id":54,"href":"http:\/\/albergueweb1.uva.es\/constitutiva\/wp-json\/wp\/v2\/pages\/46\/revisions\/54"}],"wp:attachment":[{"href":"http:\/\/albergueweb1.uva.es\/constitutiva\/wp-json\/wp\/v2\/media?parent=46"}],"curies":[{"name":"wp","href":"https:\/\/api.w.org\/{rel}","templated":true}]}}