{"id":1507,"date":"2019-11-27T13:02:44","date_gmt":"2019-11-27T13:02:44","guid":{"rendered":"http:\/\/albergueweb1.uva.es\/gir_pangea\/?page_id=1507"},"modified":"2019-12-10T22:05:13","modified_gmt":"2019-12-10T22:05:13","slug":"publicaciones-2019","status":"publish","type":"page","link":"http:\/\/albergueweb1.uva.es\/gir_pangea\/?page_id=1507","title":{"rendered":"Publicaciones 2019"},"content":{"rendered":"\n<p class=\"has-text-color has-text-align-left has-normal-font-size has-very-dark-gray-color\">Serrano, E., Sanjos\u00e9, J.J., G\u00f3mez Lende, M., L\u00f3pez Moreno, J.I., Pisabarro, A., Mart\u00ednez Fern\u00e1ndez, A. (2019). Periglacial environments and frozen ground in the Central Pyrenean high mountain area. Ground thermal regime and distribution of landforms and processes. <em>Permafrost and Periglacial Processes, 1-19.    <\/em><span style=\"text-decoration: underline;\"><a href=\"https:\/\/doi.org\/10.1002\/ppp.2032\"><strong>https:\/\/doi.org\/10.1002\/ppp.2032<\/strong><\/a> <\/span><\/p>\n\n\n\n<p><\/p>\n\n\n\n<p>Pisabarro, A., Pellitero, R., Serrano, E., L\u00f3pez-Moreno, J.I. (2019). Land abandonment in the Pisuerga headwaters (Cantabrian Mountains, Spain). Impacts over the water resources and sediment transport. <em>Geografiska Annaler Series A. Physical Geography<\/em>, 1-14. <a href=\"https:\/\/doi.org\/10.1080\/04353676.2019.1591042\"><strong><span style=\"text-decoration: underline;\">https:\/\/doi.org\/10.1080\/04353676.2019.1591042<\/span><\/strong><\/a><\/p>\n\n\n\n<p><\/p>\n\n\n\n<p>Pisabarro, A. (2019). Cambio Global y respuestas ambientales en la Cordillera Cant\u00e1brica: El Alto Pisuerga (tesis doctoral). Universidad de Valladolid. <a href=\"https:\/\/doi.org\/10.35376\/10324\/37901\" target=\"_blank\" rel=\"noreferrer noopener\" aria-label=\"ht (opens in a new tab)\">ht<\/a><a href=\"https:\/\/doi.org\/10.35376\/10324\/37901\">tps:\/\/doi.org\/10.35376\/10324\/37901<\/a><\/p>\n\n\n\n<p><\/p>\n\n\n\n<p>Delgado Urrecho, Jos\u00e9 Mar\u00eda; Mart\u00ednez Fern\u00e1ndez, Luis Carlos (2019): \u201cComposici\u00f3n y cambio de los comportamientos sociodemogr\u00e1ficos en Espa\u00f1a en los inicios de una Segunda Transici\u00f3n Demogr\u00e1fica\u201d, <em>Cuadernos Geogr\u00e1ficos<\/em>, 58(1), 253-276. <a href=\"http:\/\/dx.doi.org\/10.30827\/cuadgeo.v58i1.6750\" target=\"_blank\" rel=\"noreferrer noopener\" aria-label=\"http:\/\/dx.doi.org\/10.30827\/cuadgeo.v58i1.6750 (opens in a new tab)\"><span style=\"text-decoration: underline;\"><strong>http:\/\/dx.doi.org\/10.30827\/cuadgeo.v58i1.6750<\/strong><\/span><\/a><\/p>\n\n\n\n<p><\/p>\n\n\n\n<p>Pisabarro, A. (2019). Snow cover as a morphogenic agent determining ground climate, landforms and runoff in the Valdecebollas massif, Cantabrian Mountains. Research Geographical Letters \/ Cuadernos de Investigaci\u00f3n Geogr\u00e1fica, 36 (2), 7-38. <strong><span style=\"text-decoration: underline;\"><a href=\"http:\/\/dx.doi.org\/10.18172\/cig.3823\" target=\"_blank\" rel=\"noreferrer noopener\" aria-label=\"http:\/\/dx.doi.org\/10.18172\/cig. (opens in a new tab)\">http:\/\/dx.doi.org\/10.18172\/cig.<\/a><\/span><\/strong><a href=\"http:\/\/dx.doi.org\/10.18172\/cig.3823\"><strong>3823<\/strong><\/a><\/p>\n\n\n\n<p><\/p>\n\n\n\n<p>Pellitero, R., Fern\u00e1ndez-Fern\u00e1ndez, J.M., Campos, N., Serrano, E., Pisabarro, A. (2019). Late Pleistocene climate in Northern Iberian Peninsula: new insights from palaeoglaciation at Fuentes Carrionas \u2013 Pe\u00f1a Prieta (Cantabrian Mountains). <em>Journal of Quaternary Science, 34(4-5), 342-354<\/em>. <a href=\"https:\/\/doi.org\/10.1002\/jqs.3106\">htt<\/a><a href=\"https:\/\/doi.org\/10.1002\/jqs.3106\" target=\"_blank\" rel=\"noreferrer noopener\" aria-label=\"ps:\/\/doi.org\/10.1002\/jqs.3106.  (opens in a new tab)\">ps:\/\/doi.org\/10.1002\/jqs.3106. <\/a><\/p>\n\n\n\n<p><\/p>\n\n\n\n<p>Delgado Urrecho, Jos\u00e9 Mar\u00eda (2019): \u201cCalidad de vida y protecci\u00f3n social en Castilla y Le\u00f3n en 2018. Din\u00e1mica demogr\u00e1fica\u201d. <em>Situaci\u00f3n econ\u00f3mica y social de Castilla y Le\u00f3n en 2018<\/em>. Tomo 1, Cap.3, pp.1-28. Valladolid: Consejo Econ\u00f3mico y Social de Castilla y Le\u00f3n, 1\/07\/19. <\/p>\n\n\n\n<p><\/p>\n\n\n\n<p>Delgado Urrecho, Jos\u00e9 Mar\u00eda (2019). \u201cPoblaci\u00f3n, demograf\u00eda y migraciones en Castilla y Le\u00f3n\u201d. Din\u00e1mica demogr\u00e1fica\u201d. <em>Situaci\u00f3n econ\u00f3mica y social de Castilla y Le\u00f3n en 2018<\/em>. Anexo estad\u00edstico, gr\u00e1fico y cartogr\u00e1fico. Valladolid: Consejo Econ\u00f3mico y Social de Castilla y Le\u00f3n, 1\/07\/19, 104 pp.<\/p>\n","protected":false},"excerpt":{"rendered":"<p>Serrano, E., Sanjos\u00e9, J.J., G\u00f3mez Lende, M., L\u00f3pez Moreno, J.I., Pisabarro, A., Mart\u00ednez Fern\u00e1ndez, A. (2019). Periglacial environments and frozen ground in the Central Pyrenean high mountain area. Ground thermal regime and distribution of landforms and processes. Permafrost and Periglacial Processes, 1-19. https:\/\/doi.org\/10.1002\/ppp.2032 Pisabarro, A., Pellitero, R., Serrano, E., L\u00f3pez-Moreno, J.I. (2019). Land abandonment in [&hellip;]<\/p>\n","protected":false},"author":1,"featured_media":0,"parent":0,"menu_order":0,"comment_status":"closed","ping_status":"closed","template":"","meta":{"jetpack_post_was_ever_published":false},"jetpack_sharing_enabled":true,"jetpack_shortlink":"https:\/\/wp.me\/P79crb-oj","jetpack-related-posts":[{"id":1770,"url":"http:\/\/albergueweb1.uva.es\/gir_pangea\/?page_id=1770","url_meta":{"origin":1507,"position":0},"title":"Publicaciones 2020","date":"4 marzo, 2021","format":false,"excerpt":"Serrano, E., Gonz\u00e1lez Amuchastegui, M.J. (2020). Cultural Heritage, landforms and integrated territorial heritage. The close relationship between tufas, cultural remains and landscape in the Upper Ebro Basin (Cantabrian Mountains, Spain). Geoheritage, 12, Article number: 86 (2020). https:\/\/doi.org\/10.1007\/s12371-020-00513-z Serrano, E., L\u00f3pez-Moreno, J.I., G\u00f3mez-Lende, M., Pisabarro, A., Mart\u00edn-Moreno, R., Rico, I., Alonso-Gonz\u00e1lez,\u2026","rel":"","context":"Entrada similar","img":{"alt_text":"","src":"","width":0,"height":0},"classes":[]},{"id":1033,"url":"http:\/\/albergueweb1.uva.es\/gir_pangea\/?page_id=1033","url_meta":{"origin":1507,"position":1},"title":"Publicaciones 2016","date":"14 septiembre, 2016","format":false,"excerpt":"Pisabarro, A., Pellitero, R., Serrano, E., G\u00f3mez-Lende, M., & Gonz\u00e1lez-Trueba, J. J. (2017). Ground temperatures, landforms and processes in an Atlantic mountain. Cantabrian Mountains (Northern Spain). Catena. http:\/\/dx.doi.org\/10.1016\/j.catena.2016.07.051. G\u00f3mez Lende, M. (2016). Cuevas heladas en el Parque nacional de los Picos de Europa. fronteras subterr\u00e1nea del hielo en el macizo\u2026","rel":"","context":"Entrada similar","img":{"alt_text":"","src":"","width":0,"height":0},"classes":[]},{"id":1287,"url":"http:\/\/albergueweb1.uva.es\/gir_pangea\/?page_id=1287","url_meta":{"origin":1507,"position":2},"title":"Publicaciones 2017","date":"25 junio, 2018","format":false,"excerpt":"Publicaciones 2017 Serrano, E.\u00a0 Gonz\u00e1lez-Trueba, J.J., Pellitero, R., G\u00f3mez-Lende, M. 2017. Quaternary glacial history of the Cantabrian Mountains of northern Spain: a new synthesis. M. En: Hughes, P. D. & Woodward, J. C. (eds) Quaternary Glaciation in the Mediterranean Mountains. Geological Society, London, Geological Society, London, Special Publications, 433, 55\u201385.\u2026","rel":"","context":"Entrada similar","img":{"alt_text":"","src":"","width":0,"height":0},"classes":[]},{"id":1502,"url":"http:\/\/albergueweb1.uva.es\/gir_pangea\/?page_id=1502","url_meta":{"origin":1507,"position":3},"title":"Publicaciones 2018","date":"27 noviembre, 2019","format":false,"excerpt":"Serrano E, Oliva M, Gonzalez-Garcia M, Lopez-Moreno JI, Gonzalez-Trueba JJ, Martin-Moreno R, Gomez-Lende M, Martin-Diaz J, Nofre J, Palma P.(2018). Post-little ice age paraglacial processes and landforms in the high Iberian mountains: a review. Land Degradation and Development, 29 (11) :4186-4208. DOI: 101002\/ldr3171Serrano, E., J.J. Sanjose, A.Gomez-Gutierrez, M. Gomez-Lende (2018).\u2026","rel":"","context":"Entrada similar","img":{"alt_text":"","src":"","width":0,"height":0},"classes":[]},{"id":971,"url":"http:\/\/albergueweb1.uva.es\/gir_pangea\/?page_id=971","url_meta":{"origin":1507,"position":4},"title":"Publicaciones 2012","date":"28 enero, 2016","format":false,"excerpt":"A\u00f1o 2012. Publicaciones internacionales. Serrano, E., Gonz\u00e1lez-Trueba, J.J., Gonz\u00e1lez-Garc\u00eda, M., 2012. MOUNTAIN GLACIATION AND PALEOCLIMATE RECONSTRUCTION IN THE PICOS DE EUROPA (IBERIAN PENINSULA, SW EUROPE). Quaternary Research, doi.org\/10.1016 \/j.yqres.2012.016. M. Morell\u00f3n, A. P\u00e9rez-Sanz, J. P. Corella, U. Buntgen, J. Catalan, P. Gonzalez-Samperiz, J. J. Gonzalez-Trueba, J. A. Lopez-Saez, A. Moreno,\u2026","rel":"","context":"Entrada similar","img":{"alt_text":"","src":"","width":0,"height":0},"classes":[]},{"id":967,"url":"http:\/\/albergueweb1.uva.es\/gir_pangea\/?page_id=967","url_meta":{"origin":1507,"position":5},"title":"Publicaciones 2014","date":"28 enero, 2016","format":false,"excerpt":"A\u00f1o 2014. Publicaciones internacionales. Serrano, E., G\u00f3mez-Lende, M., Gonz\u00e1lez-Amuchastegui, M.J., Gonz\u00e1lez-Garc\u00eda, M., Gonz\u00e1lez-Trueba,J.J., Pellitero, R., Rico, I. 2014.\u00a0GLACIAL CHRONOLOGY, ENVIRONMENTAL CHANGES AND IMPLICATIONS ON THE HUMAN OCCUPATION DURING THE UPPER PLEISTOCENE IN THE EASTERN CANTABRIAN MOUNTAINS. Quaternary International, doi 10.1016\/j.quaint. 2014.09.039. Gonz\u00e1lez-Amuchastegui, M.J., Serrano, E., 2014. TUFA BUILDUPS, LANDSCAPE EVOLUTION\u2026","rel":"","context":"Entrada similar","img":{"alt_text":"","src":"","width":0,"height":0},"classes":[]}],"_links":{"self":[{"href":"http:\/\/albergueweb1.uva.es\/gir_pangea\/index.php?rest_route=\/wp\/v2\/pages\/1507"}],"collection":[{"href":"http:\/\/albergueweb1.uva.es\/gir_pangea\/index.php?rest_route=\/wp\/v2\/pages"}],"about":[{"href":"http:\/\/albergueweb1.uva.es\/gir_pangea\/index.php?rest_route=\/wp\/v2\/types\/page"}],"author":[{"embeddable":true,"href":"http:\/\/albergueweb1.uva.es\/gir_pangea\/index.php?rest_route=\/wp\/v2\/users\/1"}],"replies":[{"embeddable":true,"href":"http:\/\/albergueweb1.uva.es\/gir_pangea\/index.php?rest_route=%2Fwp%2Fv2%2Fcomments&post=1507"}],"version-history":[{"count":6,"href":"http:\/\/albergueweb1.uva.es\/gir_pangea\/index.php?rest_route=\/wp\/v2\/pages\/1507\/revisions"}],"predecessor-version":[{"id":1583,"href":"http:\/\/albergueweb1.uva.es\/gir_pangea\/index.php?rest_route=\/wp\/v2\/pages\/1507\/revisions\/1583"}],"wp:attachment":[{"href":"http:\/\/albergueweb1.uva.es\/gir_pangea\/index.php?rest_route=%2Fwp%2Fv2%2Fmedia&parent=1507"}],"curies":[{"name":"wp","href":"https:\/\/api.w.org\/{rel}","templated":true}]}}

<p class="has-text-color has-text-align-left has-normal-font-size has-very-dark-gray-color">Serrano, E., Sanjosé, J.J., Gómez Lende, M., López Moreno, J.I., Pisabarro, A., Martínez Fernández, A. (2019). Periglacial environments and frozen ground in the Central Pyrenean high mountain area. Ground thermal regime and distribution of landforms and processes. <em>Permafrost and Periglacial Processes, 1-19.    </em><span style="text-decoration: underline;"><a href="https://doi.org/10.1002/ppp.2032"><strong>https://doi.org/10.1002/ppp.2032</strong></a> </span></p>



<p></p>



<p>Pisabarro, A., Pellitero, R., Serrano, E., López-Moreno, J.I. (2019). Land abandonment in the Pisuerga headwaters (Cantabrian Mountains, Spain). Impacts over the water resources and sediment transport. <em>Geografiska Annaler Series A. Physical Geography</em>, 1-14. <a href="https://doi.org/10.1080/04353676.2019.1591042"><strong><span style="text-decoration: underline;">https://doi.org/10.1080/04353676.2019.1591042</span></strong></a></p>



<p></p>



<p>Pisabarro, A. (2019). Cambio Global y respuestas ambientales en la Cordillera Cantábrica: El Alto Pisuerga (tesis doctoral). Universidad de Valladolid. <a href="https://doi.org/10.35376/10324/37901" target="_blank" rel="noreferrer noopener" aria-label="ht (opens in a new tab)">ht</a><a href="https://doi.org/10.35376/10324/37901">tps://doi.org/10.35376/10324/37901</a></p>



<p></p>



<p>Delgado Urrecho, José María; Martínez Fernández, Luis Carlos (2019): “Composición y cambio de los comportamientos sociodemográficos en España en los inicios de una Segunda Transición Demográfica”, <em>Cuadernos Geográficos</em>, 58(1), 253-276. <a href="http://dx.doi.org/10.30827/cuadgeo.v58i1.6750" target="_blank" rel="noreferrer noopener" aria-label="http://dx.doi.org/10.30827/cuadgeo.v58i1.6750 (opens in a new tab)"><span style="text-decoration: underline;"><strong>http://dx.doi.org/10.30827/cuadgeo.v58i1.6750</strong></span></a></p>



<p></p>



<p>Pisabarro, A. (2019). Snow cover as a morphogenic agent determining ground climate, landforms and runoff in the Valdecebollas massif, Cantabrian Mountains. Research Geographical Letters / Cuadernos de Investigación Geográfica, 36 (2), 7-38. <strong><span style="text-decoration: underline;"><a href="http://dx.doi.org/10.18172/cig.3823" target="_blank" rel="noreferrer noopener" aria-label="http://dx.doi.org/10.18172/cig. (opens in a new tab)">http://dx.doi.org/10.18172/cig.</a></span></strong><a href="http://dx.doi.org/10.18172/cig.3823"><strong>3823</strong></a></p>



<p></p>



<p>Pellitero, R., Fernández-Fernández, J.M., Campos, N., Serrano, E., Pisabarro, A. (2019). Late Pleistocene climate in Northern Iberian Peninsula: new insights from palaeoglaciation at Fuentes Carrionas – Peña Prieta (Cantabrian Mountains). <em>Journal of Quaternary Science, 34(4-5), 342-354</em>. <a href="https://doi.org/10.1002/jqs.3106">htt</a><a href="https://doi.org/10.1002/jqs.3106" target="_blank" rel="noreferrer noopener" aria-label="ps://doi.org/10.1002/jqs.3106.  (opens in a new tab)">ps://doi.org/10.1002/jqs.3106. </a></p>



<p></p>



<p>Delgado Urrecho, José María (2019): “Calidad de vida y protección social en Castilla y León en 2018. Dinámica demográfica”. <em>Situación económica y social de Castilla y León en 2018</em>. Tomo 1, Cap.3, pp.1-28. Valladolid: Consejo Económico y Social de Castilla y León, 1/07/19. </p>



<p></p>



<p>Delgado Urrecho, José María (2019). “Población, demografía y migraciones en Castilla y León”. Dinámica demográfica”. <em>Situación económica y social de Castilla y León en 2018</em>. Anexo estadístico, gráfico y cartográfico. Valladolid: Consejo Económico y Social de Castilla y León, 1/07/19, 104 pp.</p>

<p>Serrano, E., Sanjosé, J.J., Gómez Lende, M., López Moreno, J.I., Pisabarro, A., Martínez Fernández, A. (2019). Periglacial environments and frozen ground in the Central Pyrenean high mountain area. Ground thermal regime and distribution of landforms and processes. Permafrost and Periglacial Processes, 1-19. https://doi.org/10.1002/ppp.2032 Pisabarro, A., Pellitero, R., Serrano, E., López-Moreno, J.I. (2019). Land abandonment in [&hellip;]</p>

Serrano, E., González Amuchastegui, M.J. (2020). Cultural Heritage, landforms and integrated territorial heritage. The close relationship between tufas, cultural remains and landscape in the Upper Ebro Basin (Cantabrian Mountains, Spain). Geoheritage, 12, Article number: 86 (2020). https://doi.org/10.1007/s12371-020-00513-z Serrano, E., López-Moreno, J.I., Gómez-Lende, M., Pisabarro, A., Martín-Moreno, R., Rico, I., Alonso-González,…

Pisabarro, A., Pellitero, R., Serrano, E., Gómez-Lende, M., & González-Trueba, J. J. (2017). Ground temperatures, landforms and processes in an Atlantic mountain. Cantabrian Mountains (Northern Spain). Catena. http://dx.doi.org/10.1016/j.catena.2016.07.051. Gómez Lende, M. (2016). Cuevas heladas en el Parque nacional de los Picos de Europa. fronteras subterránea del hielo en el macizo…

Publicaciones 2017 Serrano, E.  González-Trueba, J.J., Pellitero, R., Gómez-Lende, M. 2017. Quaternary glacial history of the Cantabrian Mountains of northern Spain: a new synthesis. M. En: Hughes, P. D. & Woodward, J. C. (eds) Quaternary Glaciation in the Mediterranean Mountains. Geological Society, London, Geological Society, London, Special Publications, 433, 55–85.…

Año 2012. Publicaciones internacionales. Serrano, E., González-Trueba, J.J., González-García, M., 2012. MOUNTAIN GLACIATION AND PALEOCLIMATE RECONSTRUCTION IN THE PICOS DE EUROPA (IBERIAN PENINSULA, SW EUROPE). Quaternary Research, doi.org/10.1016 /j.yqres.2012.016. M. Morellón, A. Pérez-Sanz, J. P. Corella, U. Buntgen, J. Catalan, P. Gonzalez-Samperiz, J. J. Gonzalez-Trueba, J. A. Lopez-Saez, A. Moreno,…

Año 2014. Publicaciones internacionales. Serrano, E., Gómez-Lende, M., González-Amuchastegui, M.J., González-García, M., González-Trueba,J.J., Pellitero, R., Rico, I. 2014. GLACIAL CHRONOLOGY, ENVIRONMENTAL CHANGES AND IMPLICATIONS ON THE HUMAN OCCUPATION DURING THE UPPER PLEISTOCENE IN THE EASTERN CANTABRIAN MOUNTAINS. Quaternary International, doi 10.1016/j.quaint. 2014.09.039. González-Amuchastegui, M.J., Serrano, E., 2014. TUFA BUILDUPS, LANDSCAPE EVOLUTION…
