{"id":8,"date":"2011-11-14T11:50:17","date_gmt":"2011-11-14T11:50:17","guid":{"rendered":"http:\/\/www5.uva.es\/gir_pangea\/?page_id=8"},"modified":"2019-11-27T13:42:23","modified_gmt":"2019-11-27T13:42:23","slug":"lineas-de-investigacion","status":"publish","type":"page","link":"http:\/\/albergueweb1.uva.es\/gir_pangea\/?page_id=8","title":{"rendered":"L\u00cdNEAS DE INVESTIGACI\u00d3N"},"content":{"rendered":"<ol>\n<li><strong>Geomorfolog\u00eda:<\/strong><br \/>\n&#8211; Geoindicadores ambientales y cartograf\u00eda aplicados a Espacios Naturales Protegidos.<br \/>\n&#8211; Procesos actuales y evoluci\u00f3n cuaternaria en medios de Monta\u00f1a.<br \/>\n&#8211; Desarrollo y aplicaci\u00f3n t\u00e9cnicas de control de procesos geomorfol\u00f3gicos (DGPS, L\u00e1ser scanner, GPR, monitorizaci\u00f3n, t\u00e9cnicas fotogram\u00e9tricas).<br \/>\n&#8211; Estudio de medios fr\u00edos, glaciares y periglaciares. Geomorfolog\u00eda glaciar, Glaciarismo cuaternario, permafrost de monta\u00f1a, la Peque\u00f1a Edad del Hielo, glaciolog\u00eda, cuevas heladas.<br \/>\n&#8211; Cartograf\u00eda Geomorfol\u00f3gica y SIG.<\/li>\n<li><strong>Patrimonio natural: <\/strong><br \/>\n&#8211; Evaluaci\u00f3n y valoraci\u00f3n de Lugares de Inter\u00e9s Natural (LIN) y patrimonial. Metodolog\u00edas para el inventario y valoraci\u00f3n de elementos del patrimonio natural, en particular LIG.<br \/>\n&#8211; Geodiversidad: Valoraci\u00f3n, estimaci\u00f3n y cartograf\u00eda.<br \/>\n&#8211; Interpretaci\u00f3n del patrimonio geomorfol\u00f3gico en espacios naturales protegidos, aplicaciones did\u00e1cticas, divulgativas y geotur\u00edsticas.<br \/>\n&#8211; G\u00e9nesis y evoluci\u00f3n de paisajes de monta\u00f1a actuales e hist\u00f3ricos.<\/li>\n<li><strong>Recursos humanos y sociales:<\/strong><br \/>\n&#8211; Din\u00e1micas demogr\u00e1ficas y aprovechamiento de recursos end\u00f3genos.<br \/>\n&#8211; Estudios sociogeodemogr\u00e1ficos y de grupos poblacionales de riesgo.<br \/>\n&#8211; Modelos de poblamiento e interrelaci\u00f3n de los medios humano y f\u00edsico desde la perspectiva patrimonial.<br \/>\n&#8211; Recursos geoturisticos y patrimonio natural en medios de monta\u00f1a y Espacios Naturales Protegidos.<\/li>\n<\/ol>\n<h3><strong>Research lines<\/strong><\/h3>\n<ol>\n<li><strong>Geomorphology:<\/strong><br \/>\n&#8211; Environmental geoindicators applied to Protected Natural Areas.<br \/>\n&#8211; Geomorphic processes and Quaternary evolution on mountain environments.<br \/>\n&#8211; Development and application of geomatic techniques applied to geomorphic processes (DGPS, laser scanner, Ground penetrating radar, monitoring and photogrammetric techniques).<br \/>\n&#8211; Cold environments, glaciers and periglacial. Glacial Geomorphology, Quaternary glaciers, mountain permafrost, Little Ice Age, glaciology, ice caves.<br \/>\n&#8211; Geomorphology mapping and GIS.<\/li>\n<li><strong>Natural heritage:<\/strong><br \/>\n&#8211; Geodiversity: Evaluation, assessment and mapping.<br \/>\n&#8211; Assessment of Sites of Nature interest and heritage. Methodologies to inventory and assessment of natural heritage features, including LIG.<br \/>\n&#8211; Interpretation of geomorphological heritage in protected natural areas and application to environmental education and geotourism.<br \/>\n&#8211; Genesis and evolution of mountain landscapes, present-day and historical.<\/li>\n<li><strong>Human and social resources:<\/strong><br \/>\n&#8211; Population dynamics and exploitation of endogenous resources.<br \/>\n&#8211; Sociopopulation studies and risk population groups.<br \/>\n&#8211; Patterns of settlement and relationship of human and physical resources from a heritage perspective.<br \/>\n&#8211; Geotourism and natural heritage resources in mountain environments and Protected Natural Areas.<\/li>\n<\/ol>\n","protected":false},"excerpt":{"rendered":"<p>Geomorfolog\u00eda: &#8211; Geoindicadores ambientales y cartograf\u00eda aplicados a Espacios Naturales Protegidos. &#8211; Procesos actuales y evoluci\u00f3n cuaternaria en medios de Monta\u00f1a. &#8211; Desarrollo y aplicaci\u00f3n t\u00e9cnicas de control de procesos geomorfol\u00f3gicos (DGPS, L\u00e1ser scanner, GPR, monitorizaci\u00f3n, t\u00e9cnicas fotogram\u00e9tricas). &#8211; Estudio de medios fr\u00edos, glaciares y periglaciares. Geomorfolog\u00eda glaciar, Glaciarismo cuaternario, permafrost de monta\u00f1a, la Peque\u00f1a [&hellip;]<\/p>\n","protected":false},"author":1,"featured_media":0,"parent":0,"menu_order":2,"comment_status":"closed","ping_status":"open","template":"onecolumn-page.php","meta":{"jetpack_post_was_ever_published":false},"jetpack_sharing_enabled":true,"jetpack_shortlink":"https:\/\/wp.me\/P79crb-8","jetpack-related-posts":[{"id":29,"url":"http:\/\/albergueweb1.uva.es\/gir_pangea\/?page_id=29","url_meta":{"origin":8,"position":0},"title":"El Grupo de Investigaci\u00f3n Reconocido\u2026","date":"14 noviembre, 2011","format":false,"excerpt":"El Grupo de Investigaci\u00f3n Reconocido \u201dPANGEA\u201d aglutina a investigadores de distintas ramas (ge\u00f3grafos, ingenieros y f\u00edsicos) y posee un car\u00e1cter multidisciplinar y estable: Llevamos trabajando juntos e individualmente m\u00e1s de 15 a\u00f1os en el estudio de aspectos naturales (geomorfolog\u00eda, hidrolog\u00eda, paisajes naturales, geodiversidad,) y social (demograf\u00eda, turismo, desarrollo sostenible, valoraci\u00f3n\u2026","rel":"","context":"Entrada similar","img":{"alt_text":"","src":"https:\/\/i0.wp.com\/albergueweb1.uva.es\/gir_pangea\/wp-content\/uploads\/2011\/11\/SAM_38791.jpg?fit=1200%2C900&resize=350%2C200","width":350,"height":200},"classes":[]},{"id":16,"url":"http:\/\/albergueweb1.uva.es\/gir_pangea\/?page_id=16","url_meta":{"origin":8,"position":1},"title":"PROYECTOS","date":"14 noviembre, 2011","format":false,"excerpt":"Interacciones y din\u00e1mica de la criosfera en la Monta\u00f1a Cant\u00e1brica y Pirineos: permafrost, glaciares, cuevas heladas y cambio global. Programa Estatal de Investigaci\u00f3n, Desarrollo e Innovaci\u00f3n Orientada a los Retos de la Sociedad. Proyectos. I+D+I. CGL2015-68144-R. 14\/2\/2016-14\/02\/2019. I.P. Enrique Serrano Turismo y patrimonio geomorfol\u00f3gico en Castilla y Le\u00f3n. Valoraci\u00f3n de\u2026","rel":"","context":"Entrada similar","img":{"alt_text":"","src":"","width":0,"height":0},"classes":[]},{"id":971,"url":"http:\/\/albergueweb1.uva.es\/gir_pangea\/?page_id=971","url_meta":{"origin":8,"position":2},"title":"Publicaciones 2012","date":"28 enero, 2016","format":false,"excerpt":"A\u00f1o 2012. Publicaciones internacionales. Serrano, E., Gonz\u00e1lez-Trueba, J.J., Gonz\u00e1lez-Garc\u00eda, M., 2012. MOUNTAIN GLACIATION AND PALEOCLIMATE RECONSTRUCTION IN THE PICOS DE EUROPA (IBERIAN PENINSULA, SW EUROPE). Quaternary Research, doi.org\/10.1016 \/j.yqres.2012.016. M. Morell\u00f3n, A. P\u00e9rez-Sanz, J. P. Corella, U. Buntgen, J. Catalan, P. Gonzalez-Samperiz, J. J. Gonzalez-Trueba, J. A. Lopez-Saez, A. Moreno,\u2026","rel":"","context":"Entrada similar","img":{"alt_text":"","src":"","width":0,"height":0},"classes":[]},{"id":969,"url":"http:\/\/albergueweb1.uva.es\/gir_pangea\/?page_id=969","url_meta":{"origin":8,"position":3},"title":"Publicaciones 2013","date":"28 enero, 2016","format":false,"excerpt":"A\u00f1o 2013. Publicaciones internacionales. Maria Jos\u00e9 Gonz\u00e1lez\u00a0Amuchastegui, Enrique Serrano Ca\u00f1adas, Juan Jos\u00e9 Gonz\u00e1lez Trueba, Maria Gonz\u00e1lez Garc\u00eda. (2013). GEOMORPHOSITES, A USEFUL TOOL FOR ENVIRONMENTAL MANAGEMENT IN NATURAL PROTECTED AREAS \u00c1LAVA, THE BASQUE COUNTRY, SPAIN. En: Managing Geosites in Protected Areas, Collection EDYTEM, n\u00b0 15. Grenoble. \u00a0pp.87-94. Serrano E., J.J. Gonz\u00e1lez-Trueba,\u2026","rel":"","context":"Entrada similar","img":{"alt_text":"","src":"","width":0,"height":0},"classes":[]},{"id":2001,"url":"http:\/\/albergueweb1.uva.es\/gir_pangea\/?page_id=2001","url_meta":{"origin":8,"position":4},"title":"Luis Ernesto Diez Fari\u00f1as","date":"25 septiembre, 2023","format":false,"excerpt":"Contratado Predoctoral Perfil ORCID Perfil ResearchGate Licenciado en Geograf\u00eda por la Universidad de La Habana, ha sido profesor instructor en las asignaturas de Meteorolog\u00eda \u2013 Climatolog\u00eda y Geograf\u00eda de los suelos (2020-2021). M\u00e1ster en Tecnolog\u00eda Ambiental por la Universidad de Huelva y la Universidad Internacional de Andaluc\u00eda. Ha sido personal\u2026","rel":"","context":"Entrada similar","img":{"alt_text":"","src":"https:\/\/i0.wp.com\/albergueweb1.uva.es\/gir_pangea\/wp-content\/uploads\/2023\/09\/foto-1.jpg?resize=350%2C200","width":350,"height":200},"classes":[]},{"id":1033,"url":"http:\/\/albergueweb1.uva.es\/gir_pangea\/?page_id=1033","url_meta":{"origin":8,"position":5},"title":"Publicaciones 2016","date":"14 septiembre, 2016","format":false,"excerpt":"Pisabarro, A., Pellitero, R., Serrano, E., G\u00f3mez-Lende, M., & Gonz\u00e1lez-Trueba, J. J. (2017). Ground temperatures, landforms and processes in an Atlantic mountain. Cantabrian Mountains (Northern Spain). Catena. http:\/\/dx.doi.org\/10.1016\/j.catena.2016.07.051. G\u00f3mez Lende, M. (2016). Cuevas heladas en el Parque nacional de los Picos de Europa. fronteras subterr\u00e1nea del hielo en el macizo\u2026","rel":"","context":"Entrada similar","img":{"alt_text":"","src":"","width":0,"height":0},"classes":[]}],"_links":{"self":[{"href":"http:\/\/albergueweb1.uva.es\/gir_pangea\/index.php?rest_route=\/wp\/v2\/pages\/8"}],"collection":[{"href":"http:\/\/albergueweb1.uva.es\/gir_pangea\/index.php?rest_route=\/wp\/v2\/pages"}],"about":[{"href":"http:\/\/albergueweb1.uva.es\/gir_pangea\/index.php?rest_route=\/wp\/v2\/types\/page"}],"author":[{"embeddable":true,"href":"http:\/\/albergueweb1.uva.es\/gir_pangea\/index.php?rest_route=\/wp\/v2\/users\/1"}],"replies":[{"embeddable":true,"href":"http:\/\/albergueweb1.uva.es\/gir_pangea\/index.php?rest_route=%2Fwp%2Fv2%2Fcomments&post=8"}],"version-history":[{"count":13,"href":"http:\/\/albergueweb1.uva.es\/gir_pangea\/index.php?rest_route=\/wp\/v2\/pages\/8\/revisions"}],"predecessor-version":[{"id":1523,"href":"http:\/\/albergueweb1.uva.es\/gir_pangea\/index.php?rest_route=\/wp\/v2\/pages\/8\/revisions\/1523"}],"wp:attachment":[{"href":"http:\/\/albergueweb1.uva.es\/gir_pangea\/index.php?rest_route=%2Fwp%2Fv2%2Fmedia&parent=8"}],"curies":[{"name":"wp","href":"https:\/\/api.w.org\/{rel}","templated":true}]}}