{"id":329,"date":"2017-03-15T11:47:32","date_gmt":"2017-03-15T11:47:32","guid":{"rendered":"http:\/\/www5.uva.es\/cesme\/\/?page_id=329"},"modified":"2017-05-17T11:21:56","modified_gmt":"2017-05-17T11:21:56","slug":"quienes-somos-definicion","status":"publish","type":"page","link":"https:\/\/albergueweb1.uva.es\/cesme\/quienes-somos-definicion\/","title":{"rendered":"Definici\u00f3n"},"content":{"rendered":"<div class=\"wpb-content-wrapper\">[vc_row][vc_column][vc_column_text]<nav aria-label=\"breadcrumbs\">\n            <div class=\"breadcrumb-container theme1\">\n                <ol>\n                                    <\/ol>\n            <\/div>\n        <\/nav>    <script type=\"application\/ld+json\">\n        {\n            \"@context\": \"http:\/\/schema.org\",\n            \"@type\": \"BreadcrumbList\",\n            \"itemListElement\": [\n                            ]\n        }\n    <\/script>\n   \n    <script>\n            <\/script>\n[\/vc_column_text][vc_column_text]\n<p class=\"normalGrande\" align=\"justify\">El <strong>centro de estudios sobre la seguridad de los medicamentos (cesme)<\/strong> es un centro interdisciplinario de la Universidad de Valladolid dedicado a la investigaci\u00f3n sobre la seguridad y los efectos de los medicamentos en las poblaciones humanas.\u00a0El <strong>cesme<\/strong> tiene su origen en la experiencia y trabajo desarrollado en materia de seguridad de los medicamentos, desde 1986, por el equipo de profesores, investigadores y t\u00e9cnicos del Centro de Farmacovigilancia de Castilla y Le\u00f3n.\u00a0La creaci\u00f3n del <strong>cesme <\/strong>como Centro Universitario fue aprobada en 2010 por la Universidad de Valladolid; previamente hab\u00eda estado constituido como Instituto Universitario (Instituto de Farmacoepidemiolog\u00eda \u2013 IFE). Esta condici\u00f3n permite al <strong>cesme <\/strong>contratar con entidades p\u00fablicas o privadas la realizaci\u00f3n de trabajos y estudios de car\u00e1cter cient\u00edfico o t\u00e9cnico, as\u00ed como impartir cursos de especializaci\u00f3n. El <strong>cesme<\/strong> forma parte del\u00a0\u00a0<a href=\"http:\/\/www.uva.es\/opencms\/3.investigacion\/3.03.gir\/3.03.05.areadecienciasbiomedicasydelasalud\/index.html?grupo=236&amp;area=5\" target=\"_blank\" rel=\"noopener noreferrer\">Grupo de Investigaci\u00f3n Reconocido (GIR) de Farmacogen\u00e9tica, Gen\u00e9tica del C\u00e1ncer, Polimorfismos gen\u00e9ticos y Farmacoepidemiolog\u00eda<\/a> de la Universidad de Valladolid.\u00a0El objetivo \u00faltimo del Centro es contribuir a mejorar la salud de los individuos mediante la utilizaci\u00f3n m\u00e1s adecuada de los medicamentos<strong>.<\/strong><\/p>\n<p align=\"justify\">La farmacoepidemiolog\u00eda, el campo de conocimento en el que se enmarca la tarea del Centro, aborda el estudio de los efectos de los f\u00e1rmacos en las poblaciones humanas. Utiliza el m\u00e9todo epidemiol\u00f3gico y es un punto de encuentro entre la farmacolog\u00eda cl\u00ednica y la epidemiolog\u00eda. Se trata, por tanto, de aplicar el conocimiento, el m\u00e9todo y el razonamiento epidemiol\u00f3gicos al estudio tanto de los efectos beneficiosos como de los efectos adversos de los medicamentos; para interpretar los efectos de los f\u00e1rmacos se necesita tambi\u00e9n un conocimiento s\u00f3lido de la farmacolog\u00eda. Adem\u00e1s, la farmacoepidemiolog\u00eda tiene como cometido el\u00a0conocer la forma en que los medicamentos son utilizados.<\/p>\n[\/vc_column_text][vc_column_text]\n<h3>Declaraci\u00f3n ENCePP<\/h3>\n<p align=\"justify\">Somos un centro asociado a la red cient\u00edfica ENCePP, coordinada por la Agencia Europea de Medicamentos. Nos dedicamos a la investigaci\u00f3n de excelencia siguiendo la Gu\u00eda ENCePP sobre Modelos Metodol\u00f3gicos y promoviendo la independencia y transparencia cient\u00edficas. Utilizamos el Registro Electr\u00f3nico de Estudios del ENCePP, una herramienta de acceso p\u00fablico para el registro de estudios de farmacoepidemiolog\u00eda y farmacovigilancia.<\/p>\n<p align=\"justify\"><a href=\"http:\/\/www.encepp.eu\/\" target=\"_blank\" rel=\"noopener noreferrer\">M\u00e1s informaci\u00f3n acerca de ENCePP <\/a><\/p>\n[\/vc_column_text][vc_single_image image=\u00bb583&#8243;][\/vc_column][\/vc_row][vc_row][vc_column][vc_column_text]\n[\/vc_column_text][\/vc_column][\/vc_row]\n<\/div>","protected":false},"excerpt":{"rendered":"[vc_row][vc_column][vc_column_text][\/vc_column_text][vc_column_text] El centro de estudios sobre la seguridad de los medicamentos (cesme) es un centro interdisciplinario de la Universidad de Valladolid dedicado a la investigaci\u00f3n sobre la seguridad y los efectos de los medicamentos en las poblaciones humanas.\u00a0El cesme tiene su origen en la experiencia y trabajo desarrollado en materia de seguridad de los medicamentos, [&hellip;]\n","protected":false},"author":1,"featured_media":0,"parent":0,"menu_order":0,"comment_status":"closed","ping_status":"closed","template":"","meta":{"footnotes":""},"class_list":["post-329","page","type-page","status-publish","hentry"],"_links":{"self":[{"href":"https:\/\/albergueweb1.uva.es\/cesme\/wp-json\/wp\/v2\/pages\/329","targetHints":{"allow":["GET"]}}],"collection":[{"href":"https:\/\/albergueweb1.uva.es\/cesme\/wp-json\/wp\/v2\/pages"}],"about":[{"href":"https:\/\/albergueweb1.uva.es\/cesme\/wp-json\/wp\/v2\/types\/page"}],"author":[{"embeddable":true,"href":"https:\/\/albergueweb1.uva.es\/cesme\/wp-json\/wp\/v2\/users\/1"}],"replies":[{"embeddable":true,"href":"https:\/\/albergueweb1.uva.es\/cesme\/wp-json\/wp\/v2\/comments?post=329"}],"version-history":[{"count":0,"href":"https:\/\/albergueweb1.uva.es\/cesme\/wp-json\/wp\/v2\/pages\/329\/revisions"}],"wp:attachment":[{"href":"https:\/\/albergueweb1.uva.es\/cesme\/wp-json\/wp\/v2\/media?parent=329"}],"curies":[{"name":"wp","href":"https:\/\/api.w.org\/{rel}","templated":true}]}}