{"id":2894,"date":"2022-07-13T12:34:51","date_gmt":"2022-07-13T12:34:51","guid":{"rendered":"https:\/\/albergueweb1.uva.es\/filosofia-departamento\/?page_id=2894"},"modified":"2026-03-03T21:01:19","modified_gmt":"2026-03-03T21:01:19","slug":"ivan-sambade","status":"publish","type":"page","link":"https:\/\/albergueweb1.uva.es\/filosofia-departamento\/ivan-sambade\/","title":{"rendered":"Ivan Sambade"},"content":{"rendered":"<div class=\"gb-container gb-container-5614a8aa\"><div class=\"gb-inside-container\">\n<div class=\"gb-container gb-container-83c87103\"><div class=\"gb-inside-container\">\n\n<h2 class=\"gb-headline gb-headline-d849a2fd gb-headline-text tituloT\">Iv\u00e1n Sambade<\/h2>\n\n<\/div><\/div>\n\n<div class=\"gb-container gb-container-93c98117\"><div class=\"gb-inside-container\">\n<div class=\"gb-grid-wrapper gb-grid-wrapper-70de1bb0\">\n<div class=\"gb-grid-column gb-grid-column-43661613\"><div class=\"gb-container gb-container-43661613\"><div class=\"gb-inside-container\">\n\n<figure class=\"wp-block-image size-full\"><img loading=\"lazy\" decoding=\"async\" width=\"400\" height=\"400\" src=\"https:\/\/albergueweb1.uva.es\/filosofia-departamento\/wp-content\/uploads\/2022\/06\/IvanSambade.png\" alt=\"\" class=\"wp-image-1764\" srcset=\"https:\/\/albergueweb1.uva.es\/filosofia-departamento\/wp-content\/uploads\/2022\/06\/IvanSambade.png 400w, https:\/\/albergueweb1.uva.es\/filosofia-departamento\/wp-content\/uploads\/2022\/06\/IvanSambade-300x300.png 300w, https:\/\/albergueweb1.uva.es\/filosofia-departamento\/wp-content\/uploads\/2022\/06\/IvanSambade-150x150.png 150w\" sizes=\"auto, (max-width: 400px) 100vw, 400px\" \/><\/figure>\n\n\n<div class=\"gb-container gb-container-82495d80\"><div class=\"gb-inside-container\">\n\n<h4 class=\"gb-headline gb-headline-87b440f7 gb-headline-text\">Iv\u00e1n Sambade Baquer\u00edn<\/h4>\n\n\n\n<h5 class=\"gb-headline gb-headline-804e1749 gb-headline-text\">Profesor Permanente Laboral. Filosof\u00eda Moral<\/h5>\n\n\n\n<h5 class=\"gb-headline gb-headline-a873f069 gb-headline-text parrafo\">Campus de Palencia<\/h5>\n\n\n\n<h5 class=\"gb-headline gb-headline-b52c654a parrafo\"><span class=\"gb-icon\"><svg aria-hidden=\"true\" role=\"img\" height=\"1em\" width=\"1em\" viewBox=\"0 0 512 512\" xmlns=\"http:\/\/www.w3.org\/2000\/svg\"><path fill=\"currentColor\" d=\"M464 64H48C21.49 64 0 85.49 0 112v288c0 26.51 21.49 48 48 48h416c26.51 0 48-21.49 48-48V112c0-26.51-21.49-48-48-48zm0 48v40.805c-22.422 18.259-58.168 46.651-134.587 106.49-16.841 13.247-50.201 45.072-73.413 44.701-23.208.375-56.579-31.459-73.413-44.701C106.18 199.465 70.425 171.067 48 152.805V112h416zM48 400V214.398c22.914 18.251 55.409 43.862 104.938 82.646 21.857 17.205 60.134 55.186 103.062 54.955 42.717.231 80.509-37.199 103.053-54.947 49.528-38.783 82.032-64.401 104.947-82.653V400H48z\"><\/path><\/svg><\/span><span class=\"gb-headline-text\">carlosivan.sambade@uva.es<\/span><\/h5>\n\n\n\n<h5 class=\"gb-headline gb-headline-e1244892 gb-headline-text parrafo\">N\u00ba de sexenios de investigaci\u00f3n: <strong>1<\/strong><\/h5>\n\n<\/div><\/div>\n<\/div><\/div><\/div>\n\n<div class=\"gb-grid-column gb-grid-column-2489bac5\"><div class=\"gb-container gb-container-2489bac5\"><div class=\"gb-inside-container\">\n\n<h2 class=\"gb-headline gb-headline-21228abb gb-headline-text\">BIO<\/h2>\n\n\n<div class=\"gb-container gb-container-ae09a9d8\"><div class=\"gb-inside-container\">\n\n<p class=\"parrafobio\">Doctor en Filosof\u00eda por la Universidad de Valladolid.<\/p>\n\n\n\n<p>Profesor en el Grado en Educaci\u00f3n Social, el Grado en Antropolog\u00eda y el Master Universitario en Estudios Feministas e Intervenci\u00f3n para la Igualdad, t\u00edtulos oficiales de la Universidad de Valladolid.<\/p>\n\n\n\n<p>Es profesor invitado en los siguientes M\u00e1steres y T\u00edtulos propios:<\/p>\n\n\n\n<ul class=\"wp-block-list\">\n<li>M\u00e1ster Universitario en Estudios de G\u00e9nero de la Universidad Nacional de Educaci\u00f3n a Distancia (UNED).<\/li>\n\n\n\n<li>T\u00edtulo Propio de la Universidad de la Rioja \u201cDiploma de Especializaci\u00f3n en Agente de Igualdad entre Mujeres y Hombres\u201d.<\/li>\n\n\n\n<li>T\u00edtulo Propio de Postgrado de la Universidad Miguel Hern\u00e1ndez \u201cEspecialista Universitario en Masculinidades, G\u00e9nero e Igualdad\u201d.<\/li>\n<\/ul>\n\n\n\n<p>Sus l\u00edneas de investigaci\u00f3n abordan el estudio de las masculinidades desde la teor\u00eda feminista y la Filosof\u00eda moral y pol\u00edtica, centr\u00e1ndose fundamentalmente en sus relaciones con la violencia, la igualdad y la proyecci\u00f3n \u00e9tica de modelos alternativos e igualitarios de masculinidad. En 2020, public\u00f3 el libro <em>Masculinidades, violencia e Igualdad. El (auto)control de los hombres como estrategia de poder social <\/em>(Ediciones Universidad de Valladolid).<\/p>\n\n\n\n<p>Ha participado en diversos proyectos de investigaci\u00f3n, entre los que cabe destacar el Proyecto I+D: La igualdad de g\u00e9nero en la cultura de la sostenibilidad: valores y buenas pr\u00e1cticas para el desarrollo solidario (2010-2013). IP: Alicia H. Puleo Garc\u00eda.&nbsp;<\/p>\n\n\n\n<p>Es miembro de la C\u00e1tedra de Estudios de G\u00e9nero de la Universidad de Valladolid desde el 27\/11\/2008.<\/p>\n\n\n\n<p class=\"parrafobio\">Miembro del GIR Trans-REAL-Lab (Facultad de Educaci\u00f3n de Palencia).<\/p>\n\n\n\n<p><strong>1 sexenio en el tramo 2011-2023.<\/strong><\/p>\n\n\n\n<p class=\"parrafobio\">Algunas publicaciones:<\/p>\n\n\n\n<p><a href=\"https:\/\/doi.org\/10.6018\/daimon.538911\">Sambade Baquer\u00edn, I. (2026). Masculinidad patriarcal, conducta antisocial y salud p\u00fablica. Un an\u00e1lisis desde la filosof\u00eda pol\u00edtica feminista.\u00a0<em>Daimon Revista Internacional De Filosofia<\/em>, (97), 7\u201322. <\/a><\/p>\n\n\n\n<p><a href=\"https:\/\/doi.org\/10.6035\/asparkia.8399\">Sambade Baquer\u00edn, I. (2025). Ejes \u00e9tico-pol\u00edticos para la transformaci\u00f3n democr\u00e1tica de los hombres hacia masculinidades igualitarias.\u00a0<em>Aspark\u00eda. Investigaci\u00f3 Feminista<\/em>,\u00a0<em>47<\/em>. <\/a><\/p>\n\n\n\n<p class=\"parrafobio enlace\"><a href=\"https:\/\/doi.org\/10.6035\/recerca.6022\" target=\"_blank\" rel=\"noreferrer noopener\">Sambade, Baquer\u00edn, I. (2021) \u201cHombres que ejercen violencia contra las mujeres: un an\u00e1lisis interdisciplinar. RECERCA. Revista De Pensament I An\u00e0lisi.<\/a><\/p>\n\n\n\n<p class=\"parrafobio enlace\"><a href=\"https:\/\/recyt.fecyt.es\/index.php\/encrucijadas\/article\/view\/79189\" target=\"_blank\" rel=\"noreferrer noopener\">Sambade, Baquer\u00edn, I. (2019) \u201cMasculinidades y transformaci\u00f3n social: un an\u00e1lisis cr\u00edtico de las pol\u00edticas queer en la interpretaci\u00f3n de Judith Butler\u201d, en <em>Encrucijadas. Revista Cr\u00edtica de Ciencias Sociales<\/em>, 17, a1708.<\/a><\/p>\n\n\n\n<p class=\"parrafobio enlace\"><a href=\"https:\/\/publicaciones.unirioja.es\/ojs\/index.php\/brocar\/issue\/view\/208\" target=\"_blank\" rel=\"noreferrer noopener\">Sambade, Baquer\u00edn, I. (2018) \u201cMasculinidades, cambios sociales y representaci\u00f3n en la cultura de masas\u201d, en <em>Brocar. Cuadernos de investigaci\u00f3n hist\u00f3rica<\/em>, 42, Departamento de Ciencias Humanas de la Universidad de La Rioja, pp. 293-322.<\/a><\/p>\n\n\n\n<p class=\"parrafobio enlace\"><a href=\"http:\/\/www.plazayvaldes.es\/upload\/ficheros\/ecologia_y_genero_en_dialogo_interdisciplinar_ebook.pdf\" target=\"_blank\" rel=\"noreferrer noopener\">Sambade, Baquer\u00edn, I. (2014) junto a Torres San Miguel, Laura, \u201cCuerpo e identidad de g\u00e9nero en la sociedad de la informaci\u00f3n\u201d, en Puleo, Alicia (Ed.), <em>Ecolog\u00eda y g\u00e9nero en di\u00e1logo interdisciplinar, <\/em>Plaza y Vald\u00e9s, Madrid, pp. 65-80.<\/a><\/p>\n\n<\/div><\/div>\n<\/div><\/div><\/div>\n<\/div>\n<\/div><\/div>\n\n<div class=\"gb-container gb-container-d866c68f\"><div class=\"gb-inside-container\">\n<div class=\"gb-container gb-container-1354350b\"><div class=\"gb-inside-container\">\n\n<h2 class=\"gb-headline gb-headline-79253eed gb-headline-text\">Puedes encontrar informaci\u00f3n m\u00e1s detallada en:<\/h2>\n\n\n<div class=\"gb-grid-wrapper gb-grid-wrapper-9c153803\">\n<div class=\"gb-grid-column gb-grid-column-c24fe992\"><div class=\"gb-container gb-container-c24fe992\"><div class=\"gb-inside-container\">\n\n<figure class=\"wp-block-image size-full is-resized\"><a href=\"https:\/\/dialnet.unirioja.es\/servlet\/autor?codigo=2315710\" target=\"_blank\" rel=\"noopener\"><img loading=\"lazy\" decoding=\"async\" width=\"185\" height=\"37\" src=\"https:\/\/albergueweb1.uva.es\/filosofia-departamento\/wp-content\/uploads\/2022\/07\/dialnet.png\" alt=\"\" class=\"wp-image-2956\" style=\"width:175px;height:35px\"\/><\/a><\/figure>\n\n<\/div><\/div><\/div>\n\n<div class=\"gb-grid-column gb-grid-column-0bd0067b\"><div class=\"gb-container gb-container-0bd0067b\"><div class=\"gb-inside-container\">\n\n<figure class=\"wp-block-image size-full is-resized\"><a href=\"https:\/\/orcid.org\/0000-0003-0514-1948\" target=\"_blank\" rel=\"noopener\"><img loading=\"lazy\" decoding=\"async\" width=\"740\" height=\"280\" src=\"https:\/\/albergueweb1.uva.es\/filosofia-departamento\/wp-content\/uploads\/2022\/07\/orcid.jpg\" alt=\"\" class=\"wp-image-2652\" style=\"width:106px;height:40px\" srcset=\"https:\/\/albergueweb1.uva.es\/filosofia-departamento\/wp-content\/uploads\/2022\/07\/orcid.jpg 740w, https:\/\/albergueweb1.uva.es\/filosofia-departamento\/wp-content\/uploads\/2022\/07\/orcid-300x114.jpg 300w\" sizes=\"auto, (max-width: 740px) 100vw, 740px\" \/><\/a><\/figure>\n\n<\/div><\/div><\/div>\n<\/div>\n<\/div><\/div>\n<\/div><\/div>\n<\/div><\/div>","protected":false},"excerpt":{"rendered":"<p>Iv\u00e1n Sambade Puedes encontrar informaci\u00f3n m\u00e1s detallada en:<\/p>\n","protected":false},"author":12,"featured_media":0,"parent":0,"menu_order":0,"comment_status":"closed","ping_status":"closed","template":"","meta":{"footnotes":""},"class_list":{"0":"post-2894","1":"page","2":"type-page","3":"status-publish","5":"infinite-scroll-item","6":"no-featured-image-padding"},"_links":{"self":[{"href":"https:\/\/albergueweb1.uva.es\/filosofia-departamento\/wp-json\/wp\/v2\/pages\/2894","targetHints":{"allow":["GET"]}}],"collection":[{"href":"https:\/\/albergueweb1.uva.es\/filosofia-departamento\/wp-json\/wp\/v2\/pages"}],"about":[{"href":"https:\/\/albergueweb1.uva.es\/filosofia-departamento\/wp-json\/wp\/v2\/types\/page"}],"author":[{"embeddable":true,"href":"https:\/\/albergueweb1.uva.es\/filosofia-departamento\/wp-json\/wp\/v2\/users\/12"}],"replies":[{"embeddable":true,"href":"https:\/\/albergueweb1.uva.es\/filosofia-departamento\/wp-json\/wp\/v2\/comments?post=2894"}],"version-history":[{"count":48,"href":"https:\/\/albergueweb1.uva.es\/filosofia-departamento\/wp-json\/wp\/v2\/pages\/2894\/revisions"}],"predecessor-version":[{"id":6419,"href":"https:\/\/albergueweb1.uva.es\/filosofia-departamento\/wp-json\/wp\/v2\/pages\/2894\/revisions\/6419"}],"wp:attachment":[{"href":"https:\/\/albergueweb1.uva.es\/filosofia-departamento\/wp-json\/wp\/v2\/media?parent=2894"}],"curies":[{"name":"wp","href":"https:\/\/api.w.org\/{rel}","templated":true}]}}