{"id":3011,"date":"2022-07-13T16:08:46","date_gmt":"2022-07-13T16:08:46","guid":{"rendered":"https:\/\/albergueweb1.uva.es\/filosofia-departamento\/?page_id=3011"},"modified":"2025-05-20T18:45:39","modified_gmt":"2025-05-20T18:45:39","slug":"sandra-lopez","status":"publish","type":"page","link":"https:\/\/albergueweb1.uva.es\/filosofia-departamento\/sandra-lopez\/","title":{"rendered":"Sandra Lopez"},"content":{"rendered":"<div class=\"gb-container gb-container-5614a8aa\"><div class=\"gb-inside-container\">\n<div class=\"gb-container gb-container-83c87103\"><div class=\"gb-inside-container\">\n\n<h2 class=\"gb-headline gb-headline-d849a2fd gb-headline-text tituloT\">Sandra L\u00f3pez<\/h2>\n\n<\/div><\/div>\n\n<div class=\"gb-container gb-container-93c98117\"><div class=\"gb-inside-container\">\n<div class=\"gb-grid-wrapper gb-grid-wrapper-70de1bb0\">\n<div class=\"gb-grid-column gb-grid-column-43661613\"><div class=\"gb-container gb-container-43661613\"><div class=\"gb-inside-container\">\n\n<figure class=\"wp-block-image size-full\"><img loading=\"lazy\" decoding=\"async\" width=\"400\" height=\"400\" src=\"https:\/\/albergueweb1.uva.es\/filosofia-departamento\/wp-content\/uploads\/2022\/10\/SandraLopez.png\" alt=\"\" class=\"wp-image-5719\" srcset=\"https:\/\/albergueweb1.uva.es\/filosofia-departamento\/wp-content\/uploads\/2022\/10\/SandraLopez.png 400w, https:\/\/albergueweb1.uva.es\/filosofia-departamento\/wp-content\/uploads\/2022\/10\/SandraLopez-300x300.png 300w, https:\/\/albergueweb1.uva.es\/filosofia-departamento\/wp-content\/uploads\/2022\/10\/SandraLopez-150x150.png 150w\" sizes=\"auto, (max-width: 400px) 100vw, 400px\" \/><\/figure>\n\n\n<div class=\"gb-container gb-container-82495d80\"><div class=\"gb-inside-container\">\n\n<h4 class=\"gb-headline gb-headline-87b440f7 gb-headline-text\">Sandra M. L\u00f3pez Velasco<\/h4>\n\n\n\n<h5 class=\"gb-headline gb-headline-804e1749 gb-headline-text\">Profesora Ayudante Doctora. L\u00f3gica y Filosof\u00eda de la Ciencia<\/h5>\n\n\n\n<h5 class=\"gb-headline gb-headline-a873f069 gb-headline-text parrafo\">Campus de Valladolid<\/h5>\n\n\n\n<h5 class=\"gb-headline gb-headline-1311df83 parrafo\"><span class=\"gb-icon\"><svg aria-hidden=\"true\" role=\"img\" height=\"1em\" width=\"1em\" viewBox=\"0 0 512 512\" xmlns=\"http:\/\/www.w3.org\/2000\/svg\"><path fill=\"currentColor\" d=\"M493.4 24.6l-104-24c-11.3-2.6-22.9 3.3-27.5 13.9l-48 112c-4.2 9.8-1.4 21.3 6.9 28l60.6 49.6c-36 76.7-98.9 140.5-177.2 177.2l-49.6-60.6c-6.8-8.3-18.2-11.1-28-6.9l-112 48C3.9 366.5-2 378.1.6 389.4l24 104C27.1 504.2 36.7 512 48 512c256.1 0 464-207.5 464-464 0-11.2-7.7-20.9-18.6-23.4z\"><\/path><\/svg><\/span><span class=\"gb-headline-text\"> 983 186 548<\/span><\/h5>\n\n\n\n<h5 class=\"gb-headline gb-headline-f398c473 parrafo\"><span class=\"gb-icon\"><svg aria-hidden=\"true\" role=\"img\" height=\"1em\" width=\"1em\" viewBox=\"0 0 512 512\" xmlns=\"http:\/\/www.w3.org\/2000\/svg\"><path fill=\"currentColor\" d=\"M464 64H48C21.49 64 0 85.49 0 112v288c0 26.51 21.49 48 48 48h416c26.51 0 48-21.49 48-48V112c0-26.51-21.49-48-48-48zm0 48v40.805c-22.422 18.259-58.168 46.651-134.587 106.49-16.841 13.247-50.201 45.072-73.413 44.701-23.208.375-56.579-31.459-73.413-44.701C106.18 199.465 70.425 171.067 48 152.805V112h416zM48 400V214.398c22.914 18.251 55.409 43.862 104.938 82.646 21.857 17.205 60.134 55.186 103.062 54.955 42.717.231 80.509-37.199 103.053-54.947 49.528-38.783 82.032-64.401 104.947-82.653V400H48z\"><\/path><\/svg><\/span><span class=\"gb-headline-text\"><a href=\"mailto:sandralv@uva.es\">sandralv@uva.es<\/a><\/span><\/h5>\n\n\n\n<h5 class=\"gb-headline gb-headline-e1244892 gb-headline-text parrafo\">N\u00ba de sexenios de investigaci\u00f3n: <strong>1<\/strong><\/h5>\n\n<\/div><\/div>\n<\/div><\/div><\/div>\n\n<div class=\"gb-grid-column gb-grid-column-2489bac5\"><div class=\"gb-container gb-container-2489bac5\"><div class=\"gb-inside-container\">\n\n<h2 class=\"gb-headline gb-headline-21228abb gb-headline-text\">BIO<\/h2>\n\n\n<div class=\"gb-container gb-container-ae09a9d8\"><div class=\"gb-inside-container\">\n\n<p class=\"parrafobio\">Sandra M. L\u00f3pez Velasco es profesora de l\u00f3gica en el Departamento de Filosof\u00eda de la Universidad de Valladolid. Se doctor\u00f3 en Filosof\u00eda por la Universidad de Salamanca en 2021 con una tesis especializada en sem\u00e1nticas para l\u00f3gicas de la relevancia y l\u00f3gicas multivaluadas, que fue dirigida por Jos\u00e9 Manuel M\u00e9ndez y por la que obtuvo menci\u00f3n internacional y premio extraordinario de doctorado.<\/p>\n\n\n\n<p class=\"parrafobio\">Antes de iniciar su carrera docente, fue investigadora posdoctoral Margarita Salas en el centro de investigaciones filos\u00f3ficas <em>Arch\u00e9<\/em> de la Universidad de <em>St Andrews<\/em> (2022) e investigadora predoctoral FPU en la Universidad de Salamanca (2016-2021). Ha realizado estancias en diferentes universidades extranjeras tales como la anteriormente mencionada <em>University of St Andrews<\/em> (Escocia) y la <em>University of Connecticut<\/em> (EEUU).<\/p>\n\n\n\n<p class=\"parrafobio\">Sus principales l\u00edneas de investigaci\u00f3n se centran en l\u00f3gicas no cl\u00e1sicas, especialmente l\u00f3gicas paraconsistentes, l\u00f3gicas de la relevancia y l\u00f3gicas multivaluadas. Tambi\u00e9n tiene especial inter\u00e9s en distintos temas relativos a la l\u00f3gica modal y la filosof\u00eda de la l\u00f3gica. Forma parte del equipo de investigaci\u00f3n del proyecto \u201cDos problemas todav\u00eda abiertos en l\u00f3gica de la relevancia: sem\u00e1ntica para E-Mingle y sem\u00e1ntica para el silogismo disyuntivo como regla de prueba\u201d y ha publicado varios art\u00edculos de investigaci\u00f3n en revistas de prestigio internacional como \u201cLogic and Logical Philosophy\u201d, \u201cLogique et Analyse\u201d y \u201cBulletin of the Section of Logic\u201d.<\/p>\n\n\n\n<p class=\"parrafobio\">Desde octubre de 2023 coordina el <a href=\"https:\/\/philid.uva.es\/proyectos\/\" target=\"_blank\" rel=\"noreferrer noopener\">Proyecto de Innovaci\u00f3n Docente (PID) <em>PENSA-FIL<\/em><\/a>, cuyo objetivo es visibilizar el pensamiento cr\u00edtico en la docencia del Grado en Filosof\u00eda. Tambi\u00e9n es miembro del PID <em><a href=\"https:\/\/philid.uva.es\/proyectos\/\" target=\"_blank\" rel=\"noreferrer noopener\">PHIL-GAMES<\/a><\/em>, centrado en el empleo de nuevas estrategias did\u00e1cticas basadas en la gamificaci\u00f3n en asignaturas del grado.<\/p>\n\n\n\n<div class=\"wp-block-columns is-layout-flex wp-container-core-columns-is-layout-9d6595d7 wp-block-columns-is-layout-flex\">\n<div class=\"wp-block-column is-layout-flow wp-block-column-is-layout-flow\" style=\"flex-basis:25%\"><\/div>\n\n\n\n<div class=\"wp-block-column is-layout-flow wp-block-column-is-layout-flow\" style=\"flex-basis:50%\"><div class=\"wp-block-image\">\n<figure class=\"aligncenter size-large is-resized\"><a href=\"https:\/\/philid.uva.es\/\" target=\"_blank\" rel=\"noreferrer noopener\"><img loading=\"lazy\" decoding=\"async\" width=\"1024\" height=\"346\" src=\"https:\/\/albergueweb1.uva.es\/filosofia-departamento\/wp-content\/uploads\/2023\/12\/PhilID-Logo-2-1024x346.png\" alt=\"\" class=\"wp-image-5875\" style=\"width:237px;height:auto\" srcset=\"https:\/\/albergueweb1.uva.es\/filosofia-departamento\/wp-content\/uploads\/2023\/12\/PhilID-Logo-2-1024x346.png 1024w, https:\/\/albergueweb1.uva.es\/filosofia-departamento\/wp-content\/uploads\/2023\/12\/PhilID-Logo-2-300x101.png 300w, https:\/\/albergueweb1.uva.es\/filosofia-departamento\/wp-content\/uploads\/2023\/12\/PhilID-Logo-2-768x260.png 768w, https:\/\/albergueweb1.uva.es\/filosofia-departamento\/wp-content\/uploads\/2023\/12\/PhilID-Logo-2-1536x519.png 1536w, https:\/\/albergueweb1.uva.es\/filosofia-departamento\/wp-content\/uploads\/2023\/12\/PhilID-Logo-2.png 1612w\" sizes=\"auto, (max-width: 1024px) 100vw, 1024px\" \/><\/a><\/figure>\n<\/div><\/div>\n\n\n\n<div class=\"wp-block-column is-layout-flow wp-block-column-is-layout-flow\" style=\"flex-basis:25%\"><\/div>\n<\/div>\n\n<\/div><\/div>\n<\/div><\/div><\/div>\n<\/div>\n<\/div><\/div>\n\n<div class=\"gb-container gb-container-d866c68f\"><div class=\"gb-inside-container\">\n<div class=\"gb-container gb-container-1354350b\"><div class=\"gb-inside-container\">\n\n<h2 class=\"gb-headline gb-headline-79253eed gb-headline-text\">Puedes encontrar informaci\u00f3n m\u00e1s detallada en:<\/h2>\n\n\n<div class=\"gb-grid-wrapper gb-grid-wrapper-9c153803\">\n<div class=\"gb-grid-column gb-grid-column-c24fe992\"><div class=\"gb-container gb-container-c24fe992\"><div class=\"gb-inside-container\">\n\n<figure class=\"wp-block-image size-full is-resized\"><a href=\"https:\/\/orcid.org\/0000-0003-2584-5950\" target=\"_blank\" rel=\"noopener\"><img loading=\"lazy\" decoding=\"async\" width=\"740\" height=\"280\" src=\"https:\/\/albergueweb1.uva.es\/filosofia-departamento\/wp-content\/uploads\/2022\/07\/orcid.jpg\" alt=\"\" class=\"wp-image-2652\" style=\"width:116px;height:43px\" srcset=\"https:\/\/albergueweb1.uva.es\/filosofia-departamento\/wp-content\/uploads\/2022\/07\/orcid.jpg 740w, https:\/\/albergueweb1.uva.es\/filosofia-departamento\/wp-content\/uploads\/2022\/07\/orcid-300x114.jpg 300w\" sizes=\"auto, (max-width: 740px) 100vw, 740px\" \/><\/a><\/figure>\n\n<\/div><\/div><\/div>\n\n<div class=\"gb-grid-column gb-grid-column-0bd0067b\"><div class=\"gb-container gb-container-0bd0067b\"><div class=\"gb-inside-container\">\n\n<figure class=\"wp-block-image size-full is-resized\"><a href=\"https:\/\/scholar.google.es\/citations?hl=es&amp;user=6r3g0BYAAAAJ\" target=\"_blank\" rel=\"noopener\"><img loading=\"lazy\" decoding=\"async\" width=\"998\" height=\"250\" src=\"https:\/\/albergueweb1.uva.es\/filosofia-departamento\/wp-content\/uploads\/2022\/07\/Google_Scholar.png\" alt=\"\" class=\"wp-image-2626\" style=\"width:133px;height:33px\" srcset=\"https:\/\/albergueweb1.uva.es\/filosofia-departamento\/wp-content\/uploads\/2022\/07\/Google_Scholar.png 998w, https:\/\/albergueweb1.uva.es\/filosofia-departamento\/wp-content\/uploads\/2022\/07\/Google_Scholar-300x75.png 300w, https:\/\/albergueweb1.uva.es\/filosofia-departamento\/wp-content\/uploads\/2022\/07\/Google_Scholar-768x192.png 768w\" sizes=\"auto, (max-width: 998px) 100vw, 998px\" \/><\/a><\/figure>\n\n<\/div><\/div><\/div>\n<\/div>\n<\/div><\/div>\n<\/div><\/div>\n<\/div><\/div>","protected":false},"excerpt":{"rendered":"<p>Sandra L\u00f3pez Puedes encontrar informaci\u00f3n m\u00e1s detallada en:<\/p>\n","protected":false},"author":12,"featured_media":0,"parent":0,"menu_order":0,"comment_status":"closed","ping_status":"closed","template":"","meta":{"footnotes":""},"class_list":{"0":"post-3011","1":"page","2":"type-page","3":"status-publish","5":"infinite-scroll-item","6":"no-featured-image-padding"},"_links":{"self":[{"href":"https:\/\/albergueweb1.uva.es\/filosofia-departamento\/wp-json\/wp\/v2\/pages\/3011","targetHints":{"allow":["GET"]}}],"collection":[{"href":"https:\/\/albergueweb1.uva.es\/filosofia-departamento\/wp-json\/wp\/v2\/pages"}],"about":[{"href":"https:\/\/albergueweb1.uva.es\/filosofia-departamento\/wp-json\/wp\/v2\/types\/page"}],"author":[{"embeddable":true,"href":"https:\/\/albergueweb1.uva.es\/filosofia-departamento\/wp-json\/wp\/v2\/users\/12"}],"replies":[{"embeddable":true,"href":"https:\/\/albergueweb1.uva.es\/filosofia-departamento\/wp-json\/wp\/v2\/comments?post=3011"}],"version-history":[{"count":26,"href":"https:\/\/albergueweb1.uva.es\/filosofia-departamento\/wp-json\/wp\/v2\/pages\/3011\/revisions"}],"predecessor-version":[{"id":6324,"href":"https:\/\/albergueweb1.uva.es\/filosofia-departamento\/wp-json\/wp\/v2\/pages\/3011\/revisions\/6324"}],"wp:attachment":[{"href":"https:\/\/albergueweb1.uva.es\/filosofia-departamento\/wp-json\/wp\/v2\/media?parent=3011"}],"curies":[{"name":"wp","href":"https:\/\/api.w.org\/{rel}","templated":true}]}}