{"id":6222,"date":"2025-05-10T10:55:35","date_gmt":"2025-05-10T10:55:35","guid":{"rendered":"https:\/\/albergueweb1.uva.es\/filosofia-departamento\/?page_id=6222"},"modified":"2026-03-03T21:09:26","modified_gmt":"2026-03-03T21:09:26","slug":"judith-quintano","status":"publish","type":"page","link":"https:\/\/albergueweb1.uva.es\/filosofia-departamento\/judith-quintano\/","title":{"rendered":"Judith Quintano"},"content":{"rendered":"<div class=\"gb-container gb-container-5614a8aa\"><div class=\"gb-inside-container\">\n<div class=\"gb-container gb-container-83c87103\"><div class=\"gb-inside-container\">\n\n<h2 class=\"gb-headline gb-headline-d849a2fd gb-headline-text tituloT\">Judith Quintano<\/h2>\n\n<\/div><\/div>\n\n<div class=\"gb-container gb-container-93c98117\"><div class=\"gb-inside-container\">\n<div class=\"gb-grid-wrapper gb-grid-wrapper-70de1bb0\">\n<div class=\"gb-grid-column gb-grid-column-43661613\"><div class=\"gb-container gb-container-43661613\"><div class=\"gb-inside-container\">\n\n<figure class=\"wp-block-image size-full\"><img loading=\"lazy\" decoding=\"async\" width=\"400\" height=\"400\" src=\"https:\/\/albergueweb1.uva.es\/filosofia-departamento\/wp-content\/uploads\/2025\/05\/judith-quintano.jpg\" alt=\"\" class=\"wp-image-6221\" srcset=\"https:\/\/albergueweb1.uva.es\/filosofia-departamento\/wp-content\/uploads\/2025\/05\/judith-quintano.jpg 400w, https:\/\/albergueweb1.uva.es\/filosofia-departamento\/wp-content\/uploads\/2025\/05\/judith-quintano-300x300.jpg 300w, https:\/\/albergueweb1.uva.es\/filosofia-departamento\/wp-content\/uploads\/2025\/05\/judith-quintano-150x150.jpg 150w\" sizes=\"auto, (max-width: 400px) 100vw, 400px\" \/><\/figure>\n\n\n<div class=\"gb-container gb-container-82495d80\"><div class=\"gb-inside-container\">\n\n<h4 class=\"gb-headline gb-headline-87b440f7 gb-headline-text\">Judith Quintano Nieto<\/h4>\n\n\n\n<h5 class=\"gb-headline gb-headline-804e1749 gb-headline-text\">Profesora Contratada Doctora. Teor\u00eda e Historia de la Educaci\u00f3n<\/h5>\n\n\n\n<h5 class=\"gb-headline gb-headline-a873f069 gb-headline-text parrafo\">Campus de Palencia<\/h5>\n\n\n\n<h5 class=\"gb-headline gb-headline-203e2aa4 parrafo\"><span class=\"gb-icon\"><svg aria-hidden=\"true\" role=\"img\" height=\"1em\" width=\"1em\" viewBox=\"0 0 512 512\" xmlns=\"http:\/\/www.w3.org\/2000\/svg\"><path fill=\"currentColor\" d=\"M493.4 24.6l-104-24c-11.3-2.6-22.9 3.3-27.5 13.9l-48 112c-4.2 9.8-1.4 21.3 6.9 28l60.6 49.6c-36 76.7-98.9 140.5-177.2 177.2l-49.6-60.6c-6.8-8.3-18.2-11.1-28-6.9l-112 48C3.9 366.5-2 378.1.6 389.4l24 104C27.1 504.2 36.7 512 48 512c256.1 0 464-207.5 464-464 0-11.2-7.7-20.9-18.6-23.4z\"><\/path><\/svg><\/span><span class=\"gb-headline-text\"> <a href=\"tel:\/\/97910-8218\"><\/a><a href=\"tel:\/\/97910-8272\">97910-8272<\/a><\/span><\/h5>\n\n\n\n<h5 class=\"gb-headline gb-headline-eba8f625 parrafo\"><span class=\"gb-icon\"><svg aria-hidden=\"true\" role=\"img\" height=\"1em\" width=\"1em\" viewBox=\"0 0 512 512\" xmlns=\"http:\/\/www.w3.org\/2000\/svg\"><path fill=\"currentColor\" d=\"M464 64H48C21.49 64 0 85.49 0 112v288c0 26.51 21.49 48 48 48h416c26.51 0 48-21.49 48-48V112c0-26.51-21.49-48-48-48zm0 48v40.805c-22.422 18.259-58.168 46.651-134.587 106.49-16.841 13.247-50.201 45.072-73.413 44.701-23.208.375-56.579-31.459-73.413-44.701C106.18 199.465 70.425 171.067 48 152.805V112h416zM48 400V214.398c22.914 18.251 55.409 43.862 104.938 82.646 21.857 17.205 60.134 55.186 103.062 54.955 42.717.231 80.509-37.199 103.053-54.947 49.528-38.783 82.032-64.401 104.947-82.653V400H48z\"><\/path><\/svg><\/span><span class=\"gb-headline-text\"><a href=\"mailto:judith.quintano@uva.es\">judith.quintano@uva.es<\/a><\/span><\/h5>\n\n\n\n<p><\/p>\n\n\n\n<p>N\u00ba de sexenios de investigaci\u00f3n:\u00a0<strong>1<\/strong><\/p>\n\n<\/div><\/div>\n<\/div><\/div><\/div>\n\n<div class=\"gb-grid-column gb-grid-column-2489bac5\"><div class=\"gb-container gb-container-2489bac5\"><div class=\"gb-inside-container\">\n\n<h2 class=\"gb-headline gb-headline-21228abb gb-headline-text\">BIO<\/h2>\n\n\n<div class=\"gb-container gb-container-ae09a9d8\"><div class=\"gb-inside-container\">\n\n<p>Doctora en Ciencias de la Educaci\u00f3n por la Universidad de Valladolid. Licenciada en Pedagog\u00eda por la Universidad de Oviedo y Diplomada en Educaci\u00f3n Social por la Universidad de Valladolid. Ha realizado el M\u00e1ster de Estudios de G\u00e9nero y Pol\u00edticas de Igualdad (Universidad de Valladolid).&nbsp;<\/p>\n\n\n\n<p>Profesora Contratada Doctora en la Facultad de Educaci\u00f3n del Campus de Palencia (Universidad de Valladolid) en el Departamento de Filosof\u00eda, \u00c1rea de Teor\u00eda e Historia de la Educaci\u00f3n. Imparte docencia en el Grado de Educaci\u00f3n Social y en el M\u00e1ster de Profesorado de Educaci\u00f3n Secundaria Obligatoria, adem\u00e1s de ocuparse de la gesti\u00f3n de las pr\u00e1cticas de los distintos grados del centro al que pertenece. Coordina el Programa Interuniversitario de la Experiencia en las sedes de Palencia y Guardo.&nbsp;<\/p>\n\n\n\n<p>Es miembro de la C\u00e1tedra de Estudios sobre la Escuela Segoviana y la Renovaci\u00f3n Pedag\u00f3gica de la Universidad de Valladolid, socia de la Sociedad Espa\u00f1ola de Pedagog\u00eda e investigadora del Grupo de Investigaci\u00f3n \u201c\u00c1gora de Educaci\u00f3n. Pensamiento, Cultura y Sociedad\u201d del \u00e1rea Teor\u00eda e Historia de la Educaci\u00f3n de la Universidad de Valladolid (Campus de Palencia).&nbsp;&nbsp;<\/p>\n\n\n\n<p>Ha formado parte de distintos proyectos de investigaci\u00f3n, colaborado en congresos y jornadas, participado en art. 60, as\u00ed como participado en numerosos proyectos de innovaci\u00f3n docente.&nbsp;&nbsp;<\/p>\n\n\n\n<p>Sus \u00e1reas de investigaci\u00f3n est\u00e1n relacionadas con la educaci\u00f3n para una ciudadan\u00eda global y la participaci\u00f3n social y democr\u00e1tica en diferentes etapas y niveles de educaci\u00f3n, desde la primera infancia, la juventud, la formaci\u00f3n universitaria, hasta la educaci\u00f3n de personas adultas y mayores. Cuenta con diversas publicaciones en forma de art\u00edculos y cap\u00edtulos de libro.&nbsp;<\/p>\n\n<\/div><\/div>\n<\/div><\/div><\/div>\n<\/div>\n<\/div><\/div>\n\n<div class=\"gb-container gb-container-d866c68f\"><div class=\"gb-inside-container\">\n<div class=\"gb-container gb-container-1354350b\"><div class=\"gb-inside-container\">\n\n<h2 class=\"gb-headline gb-headline-79253eed gb-headline-text\">Puedes encontrar informaci\u00f3n m\u00e1s detallada en:<\/h2>\n\n\n<div class=\"gb-grid-wrapper gb-grid-wrapper-9c153803\">\n<div class=\"gb-grid-column gb-grid-column-11761db2\"><div class=\"gb-container gb-container-11761db2\"><div class=\"gb-inside-container\">\n\n<figure class=\"wp-block-image size-full\"><a href=\"https:\/\/dialnet.unirioja.es\/servlet\/autor?codigo=3188125\" target=\"_blank\" rel=\"noopener\"><img loading=\"lazy\" decoding=\"async\" width=\"185\" height=\"37\" src=\"https:\/\/albergueweb1.uva.es\/filosofia-departamento\/wp-content\/uploads\/2022\/07\/dialnet.png\" alt=\"\" class=\"wp-image-2956\" style=\"object-fit:cover\"\/><\/a><\/figure>\n\n<\/div><\/div><\/div>\n\n<div class=\"gb-grid-column gb-grid-column-8ba4482a\"><div class=\"gb-container gb-container-8ba4482a\"><div class=\"gb-inside-container\">\n\n<figure class=\"wp-block-image size-full is-resized\"><a href=\"https:\/\/investigacion.uva.es\/CawDOS\/\/jsf\/seleccionActividades\/seleccionActividades.jsf?id=e3388ad1cbeb4004&amp;idioma=es&amp;tipo=activ&amp;elmeucv=N\" target=\"_blank\" rel=\"noopener\"><img loading=\"lazy\" decoding=\"async\" width=\"300\" height=\"300\" src=\"https:\/\/albergueweb1.uva.es\/filosofia-departamento\/wp-content\/uploads\/2022\/07\/pngegg3.png\" alt=\"\" class=\"wp-image-2572\" style=\"width:66px\" srcset=\"https:\/\/albergueweb1.uva.es\/filosofia-departamento\/wp-content\/uploads\/2022\/07\/pngegg3.png 300w, https:\/\/albergueweb1.uva.es\/filosofia-departamento\/wp-content\/uploads\/2022\/07\/pngegg3-150x150.png 150w\" sizes=\"auto, (max-width: 300px) 100vw, 300px\" \/><\/a><\/figure>\n\n<\/div><\/div><\/div>\n<\/div>\n<\/div><\/div>\n<\/div><\/div>\n<\/div><\/div>\n\n\n<p><\/p>\n","protected":false},"excerpt":{"rendered":"<p>Judith Quintano Puedes encontrar informaci\u00f3n m\u00e1s detallada en:<\/p>\n","protected":false},"author":13,"featured_media":6221,"parent":0,"menu_order":0,"comment_status":"closed","ping_status":"closed","template":"","meta":{"footnotes":""},"class_list":{"0":"post-6222","1":"page","2":"type-page","3":"status-publish","4":"has-post-thumbnail","6":"infinite-scroll-item","7":"no-featured-image-padding","8":"resize-featured-image"},"_links":{"self":[{"href":"https:\/\/albergueweb1.uva.es\/filosofia-departamento\/wp-json\/wp\/v2\/pages\/6222","targetHints":{"allow":["GET"]}}],"collection":[{"href":"https:\/\/albergueweb1.uva.es\/filosofia-departamento\/wp-json\/wp\/v2\/pages"}],"about":[{"href":"https:\/\/albergueweb1.uva.es\/filosofia-departamento\/wp-json\/wp\/v2\/types\/page"}],"author":[{"embeddable":true,"href":"https:\/\/albergueweb1.uva.es\/filosofia-departamento\/wp-json\/wp\/v2\/users\/13"}],"replies":[{"embeddable":true,"href":"https:\/\/albergueweb1.uva.es\/filosofia-departamento\/wp-json\/wp\/v2\/comments?post=6222"}],"version-history":[{"count":2,"href":"https:\/\/albergueweb1.uva.es\/filosofia-departamento\/wp-json\/wp\/v2\/pages\/6222\/revisions"}],"predecessor-version":[{"id":6422,"href":"https:\/\/albergueweb1.uva.es\/filosofia-departamento\/wp-json\/wp\/v2\/pages\/6222\/revisions\/6422"}],"wp:featuredmedia":[{"embeddable":true,"href":"https:\/\/albergueweb1.uva.es\/filosofia-departamento\/wp-json\/wp\/v2\/media\/6221"}],"wp:attachment":[{"href":"https:\/\/albergueweb1.uva.es\/filosofia-departamento\/wp-json\/wp\/v2\/media?parent=6222"}],"curies":[{"name":"wp","href":"https:\/\/api.w.org\/{rel}","templated":true}]}}