{"id":6333,"date":"2025-05-29T17:53:18","date_gmt":"2025-05-29T17:53:18","guid":{"rendered":"https:\/\/albergueweb1.uva.es\/filosofia-departamento\/?page_id=6333"},"modified":"2025-05-29T17:54:52","modified_gmt":"2025-05-29T17:54:52","slug":"yadirnaci-vargas","status":"publish","type":"page","link":"https:\/\/albergueweb1.uva.es\/filosofia-departamento\/yadirnaci-vargas\/","title":{"rendered":"Yadirnaci Vargas"},"content":{"rendered":"<div class=\"gb-container gb-container-5614a8aa\"><div class=\"gb-inside-container\">\n<div class=\"gb-container gb-container-83c87103\"><div class=\"gb-inside-container\">\n\n<h2 class=\"gb-headline gb-headline-d849a2fd gb-headline-text tituloT\"><strong>Yadirnaci Vargas<\/strong><\/h2>\n\n<\/div><\/div>\n\n<div class=\"gb-container gb-container-93c98117\"><div class=\"gb-inside-container\">\n<div class=\"gb-grid-wrapper gb-grid-wrapper-70de1bb0\">\n<div class=\"gb-grid-column gb-grid-column-43661613\"><div class=\"gb-container gb-container-43661613\"><div class=\"gb-inside-container\">\n\n<figure class=\"wp-block-image size-full\"><img loading=\"lazy\" decoding=\"async\" width=\"400\" height=\"400\" src=\"https:\/\/albergueweb1.uva.es\/filosofia-departamento\/wp-content\/uploads\/2025\/05\/yadirnaci-vargas.jpg\" alt=\"\" class=\"wp-image-6334\" srcset=\"https:\/\/albergueweb1.uva.es\/filosofia-departamento\/wp-content\/uploads\/2025\/05\/yadirnaci-vargas.jpg 400w, https:\/\/albergueweb1.uva.es\/filosofia-departamento\/wp-content\/uploads\/2025\/05\/yadirnaci-vargas-300x300.jpg 300w, https:\/\/albergueweb1.uva.es\/filosofia-departamento\/wp-content\/uploads\/2025\/05\/yadirnaci-vargas-150x150.jpg 150w\" sizes=\"auto, (max-width: 400px) 100vw, 400px\" \/><\/figure>\n\n\n<div class=\"gb-container gb-container-82495d80\"><div class=\"gb-inside-container\">\n\n<h4 class=\"gb-headline gb-headline-87b440f7 gb-headline-text\">Yadirnaci Sinay Vargas Hern\u00e1ndez<\/h4>\n\n\n\n<h5 class=\"gb-headline gb-headline-804e1749 gb-headline-text\">Profesora Ayudante Doctora.<br>Teor\u00eda e Historia de la Educaci\u00f3n<\/h5>\n\n\n\n<h5 class=\"gb-headline gb-headline-a873f069 gb-headline-text parrafo\">Campus de Palencia<\/h5>\n\n\n\n<h5 class=\"gb-headline gb-headline-eba8f625 parrafo\"><span class=\"gb-icon\"><svg aria-hidden=\"true\" role=\"img\" height=\"1em\" width=\"1em\" viewBox=\"0 0 512 512\" xmlns=\"http:\/\/www.w3.org\/2000\/svg\"><path fill=\"currentColor\" d=\"M464 64H48C21.49 64 0 85.49 0 112v288c0 26.51 21.49 48 48 48h416c26.51 0 48-21.49 48-48V112c0-26.51-21.49-48-48-48zm0 48v40.805c-22.422 18.259-58.168 46.651-134.587 106.49-16.841 13.247-50.201 45.072-73.413 44.701-23.208.375-56.579-31.459-73.413-44.701C106.18 199.465 70.425 171.067 48 152.805V112h416zM48 400V214.398c22.914 18.251 55.409 43.862 104.938 82.646 21.857 17.205 60.134 55.186 103.062 54.955 42.717.231 80.509-37.199 103.053-54.947 49.528-38.783 82.032-64.401 104.947-82.653V400H48z\"><\/path><\/svg><\/span><span class=\"gb-headline-text\">yadirnacisinay.vargas@uva.es<\/span><\/h5>\n\n<\/div><\/div>\n<\/div><\/div><\/div>\n\n<div class=\"gb-grid-column gb-grid-column-2489bac5\"><div class=\"gb-container gb-container-2489bac5\"><div class=\"gb-inside-container\">\n\n<h2 class=\"gb-headline gb-headline-21228abb gb-headline-text\">BIO<\/h2>\n\n\n<div class=\"gb-container gb-container-ae09a9d8\"><div class=\"gb-inside-container\">\n\n<p>Doctora en Educaci\u00f3n por la Universidad de Salamanca, con menci\u00f3n Internacional y calificaci\u00f3n sobresaliente Cum Laude (2021). Graduada en Pedagog\u00eda por la Universidad de La Laguna, donde obtuvo el Premio Extraordinario de Fin de Carrera (2014), y M\u00e1ster en Estudios Avanzados de Educaci\u00f3n en la Sociedad Global, con especialidad en Calidad Educativa, por la Universidad de Salamanca (2016). Ha ejercido como personal docente e investigador en la Universidad de Salamanca y en la Universidad Isabel I, donde ha desempe\u00f1ado funciones de gesti\u00f3n como coordinadora de la especialidad de Orientaci\u00f3n Educativa en el M\u00e1ster de Formaci\u00f3n del Profesorado, participado en comisiones de calidad y liderado proyectos y jornadas centradas en la inclusi\u00f3n en las instituciones educativas.&nbsp;&nbsp;<\/p>\n\n\n\n<p>Actualmente es Profesora Ayudante Doctora en la Universidad de Valladolid, donde imparte docencia en la Facultad de Educaci\u00f3n de Palencia. Ha formado parte de los Grupos de Investigaci\u00f3n Reconocidos (GIR) \u00abEducaci\u00f3n Comparada y Pol\u00edticas Educativas\u00bb (ECPES) y \u00abMulticulturalidad, Innovaci\u00f3n y Tecnolog\u00edas Aplicadas\u00bb (MITA) de la Universidad de Salamanca, colaborando en proyectos de investigaci\u00f3n competitivos, organizaci\u00f3n de eventos de divulgaci\u00f3n cient\u00edfica y como evaluadora externa en revistas acad\u00e9micas de impacto. Su producci\u00f3n cient\u00edfica incluye art\u00edculos publicados en revistas indexadas sobre teor\u00edas educativas inclusivas, programas de tutor\u00eda entre iguales en la universidad, evaluaci\u00f3n del alumnado, desempe\u00f1o docente, competencia digital, teor\u00eda y m\u00e9todos educativos, y pedagog\u00eda en la sociedad.&nbsp;<\/p>\n\n<\/div><\/div>\n<\/div><\/div><\/div>\n<\/div>\n<\/div><\/div>\n<\/div><\/div>","protected":false},"excerpt":{"rendered":"<p>Yadirnaci Vargas<\/p>\n","protected":false},"author":13,"featured_media":6334,"parent":0,"menu_order":0,"comment_status":"closed","ping_status":"closed","template":"","meta":{"footnotes":""},"class_list":{"0":"post-6333","1":"page","2":"type-page","3":"status-publish","4":"has-post-thumbnail","6":"infinite-scroll-item","7":"no-featured-image-padding","8":"resize-featured-image"},"_links":{"self":[{"href":"https:\/\/albergueweb1.uva.es\/filosofia-departamento\/wp-json\/wp\/v2\/pages\/6333","targetHints":{"allow":["GET"]}}],"collection":[{"href":"https:\/\/albergueweb1.uva.es\/filosofia-departamento\/wp-json\/wp\/v2\/pages"}],"about":[{"href":"https:\/\/albergueweb1.uva.es\/filosofia-departamento\/wp-json\/wp\/v2\/types\/page"}],"author":[{"embeddable":true,"href":"https:\/\/albergueweb1.uva.es\/filosofia-departamento\/wp-json\/wp\/v2\/users\/13"}],"replies":[{"embeddable":true,"href":"https:\/\/albergueweb1.uva.es\/filosofia-departamento\/wp-json\/wp\/v2\/comments?post=6333"}],"version-history":[{"count":2,"href":"https:\/\/albergueweb1.uva.es\/filosofia-departamento\/wp-json\/wp\/v2\/pages\/6333\/revisions"}],"predecessor-version":[{"id":6338,"href":"https:\/\/albergueweb1.uva.es\/filosofia-departamento\/wp-json\/wp\/v2\/pages\/6333\/revisions\/6338"}],"wp:featuredmedia":[{"embeddable":true,"href":"https:\/\/albergueweb1.uva.es\/filosofia-departamento\/wp-json\/wp\/v2\/media\/6334"}],"wp:attachment":[{"href":"https:\/\/albergueweb1.uva.es\/filosofia-departamento\/wp-json\/wp\/v2\/media?parent=6333"}],"curies":[{"name":"wp","href":"https:\/\/api.w.org\/{rel}","templated":true}]}}