{"id":1011,"date":"2016-02-15T17:11:39","date_gmt":"2016-02-15T17:11:39","guid":{"rendered":"http:\/\/www5.uva.es\/gir_pangea\/?page_id=1011"},"modified":"2016-02-15T17:11:39","modified_gmt":"2016-02-15T17:11:39","slug":"colaboraciones","status":"publish","type":"page","link":"https:\/\/albergueweb1.uva.es\/gir_pangea\/?page_id=1011","title":{"rendered":"COLABORACIONES"},"content":{"rendered":"<p><strong>COLABORACI\u00d3N CON INSTITUCIONES Y ORGANISMOS<\/strong><\/p>\n<p>&#8211; CES Consejo Econ\u00f3mico y Social de Castilla y Le\u00f3n<br \/>\n&#8211; Parque Nacional Picos de Europa (OAPN)<br \/>\n&#8211; Diputaci\u00f3n Provincial de Segovia.<br \/>\n&#8211; Asociaci\u00f3n Espa\u00f1ola de Paisajistas-AEP \/secci\u00f3n Castilla y Le\u00f3n,<br \/>\n&#8211; Asociaci\u00f3n Ciudad Sostenible ACCS (Valladolid)<br \/>\n&#8211; Instituto Pirenaico de Ecolog\u00eda (CSIC).<br \/>\n&#8211; School of Geosciences. Universidad de Aberdeen (Escocia, UK).<br \/>\n&#8211; Grupo de Investigaci\u00f3n Geociencias y Ant\u00e1rtida (GEA)<br \/>\n&#8211; Grupo de Investigaci\u00f3n en Ingenier\u00eda Geom\u00e1tica y Patrimonio Urbano (IGPU)- NEXUS<br \/>\n&#8211; Fundaci\u00f3n Universidad de Oviedo (UNIOVI).<br \/>\n&#8211; Instituto Geol\u00f3gico y Minero de Espa\u00f1a.<br \/>\n&#8211; Meteo Campoo<br \/>\n&#8211; Centro de Exploraciones Espeleol\u00f3gicas-Alfa, Madrid.<br \/>\n&#8211; AS Charentaise (Angoulema, Francia)<br \/>\n&#8211; Club Alpino Tajahierro, Santander<br \/>\n&#8211; International Permafrost Association (IPA)<br \/>\n&#8211; Permafrost Young Research Network (PYRN).<\/p>\n","protected":false},"excerpt":{"rendered":"<p>COLABORACI\u00d3N CON INSTITUCIONES Y ORGANISMOS &#8211; CES Consejo Econ\u00f3mico y Social de Castilla y Le\u00f3n &#8211; Parque Nacional Picos de Europa (OAPN) &#8211; Diputaci\u00f3n Provincial de Segovia. &#8211; Asociaci\u00f3n Espa\u00f1ola de Paisajistas-AEP \/secci\u00f3n Castilla y Le\u00f3n, &#8211; Asociaci\u00f3n Ciudad Sostenible ACCS (Valladolid) &#8211; Instituto Pirenaico de Ecolog\u00eda (CSIC). &#8211; School of Geosciences. Universidad de Aberdeen [&hellip;]<\/p>\n","protected":false},"author":1,"featured_media":0,"parent":0,"menu_order":0,"comment_status":"closed","ping_status":"closed","template":"","meta":{"jetpack_post_was_ever_published":false},"jetpack_sharing_enabled":true,"jetpack_shortlink":"https:\/\/wp.me\/P79crb-gj","jetpack-related-posts":[{"id":20,"url":"https:\/\/albergueweb1.uva.es\/gir_pangea\/?page_id=20","url_meta":{"origin":1011,"position":0},"title":"Enlaces","date":"14 noviembre, 2011","format":false,"excerpt":"Algunos enlaces de inter\u00e9s: SOCIEDAD ESPA\u00d1OLA DE GEOMORFOLOG\u00cdA (SEG) AGE - Asociaci\u00f3n de Ge\u00f3grafos Espa\u00f1oles COMISI\u00d3N DE PATRIMONIO GEOL\u00d3GICO - Sociedad Geol\u00f3gica de Espa\u00f1a REAL SOCIEDAD GEOGRAFICA (RSG) INTERNATIONAL ASSOCIATION OF GEOMORPHOLOGISTS IAG\/AIG INTERNATIONAL PERMAFROST ASSOCIATION IAG WORKING GROUP ON GEOMORPHOSITES: research, assessment and improvement INSTITUT DE G\u00c9OGRAPHIE - Universidad\u2026","rel":"","context":"Entrada similar","img":{"alt_text":"","src":"","width":0,"height":0},"classes":[]},{"id":1507,"url":"https:\/\/albergueweb1.uva.es\/gir_pangea\/?page_id=1507","url_meta":{"origin":1011,"position":1},"title":"Publicaciones 2019","date":"27 noviembre, 2019","format":false,"excerpt":"Serrano, E., Sanjos\u00e9, J.J., G\u00f3mez Lende, M., L\u00f3pez Moreno, J.I., Pisabarro, A., Mart\u00ednez Fern\u00e1ndez, A. (2019). Periglacial environments and frozen ground in the Central Pyrenean high mountain area. Ground thermal regime and distribution of landforms and processes. Permafrost and Periglacial Processes, 1-19. https:\/\/doi.org\/10.1002\/ppp.2032 Pisabarro, A., Pellitero, R., Serrano, E., L\u00f3pez-Moreno,\u2026","rel":"","context":"Entrada similar","img":{"alt_text":"","src":"","width":0,"height":0},"classes":[]},{"id":16,"url":"https:\/\/albergueweb1.uva.es\/gir_pangea\/?page_id=16","url_meta":{"origin":1011,"position":2},"title":"PROYECTOS","date":"14 noviembre, 2011","format":false,"excerpt":"Interacciones y din\u00e1mica de la criosfera en la Monta\u00f1a Cant\u00e1brica y Pirineos: permafrost, glaciares, cuevas heladas y cambio global. Programa Estatal de Investigaci\u00f3n, Desarrollo e Innovaci\u00f3n Orientada a los Retos de la Sociedad. Proyectos. I+D+I. CGL2015-68144-R. 14\/2\/2016-14\/02\/2019. I.P. Enrique Serrano Turismo y patrimonio geomorfol\u00f3gico en Castilla y Le\u00f3n. Valoraci\u00f3n de\u2026","rel":"","context":"Entrada similar","img":{"alt_text":"","src":"","width":0,"height":0},"classes":[]},{"id":796,"url":"https:\/\/albergueweb1.uva.es\/gir_pangea\/?page_id=796","url_meta":{"origin":1011,"position":3},"title":"Curso \u00abFr\u00edo Extremo. De Iberia a los Polos y Marte\u00bb","date":"18 marzo, 2015","format":false,"excerpt":"El centro Buend\u00eda y la Universidad de Valladolid organizan en colaboraci\u00f3n con el Grupo de Investigaci\u00f3n PANGEA e IPA (Espa\u00f1a) durante el 18,19 y 20 de mayo de 2015 el curso titulad: \"Fr\u00edo Extremo. De Iberia a los Polos y Marte. Ciencia e investigaci\u00f3n en torno al permafrost\" Para conocer\u2026","rel":"","context":"Entrada similar","img":{"alt_text":"","src":"https:\/\/i0.wp.com\/www5.uva.es\/gir_pangea\/wp-content\/uploads\/2015\/03\/programa-1.png?resize=350%2C200","width":350,"height":200},"classes":[]},{"id":973,"url":"https:\/\/albergueweb1.uva.es\/gir_pangea\/?page_id=973","url_meta":{"origin":1011,"position":4},"title":"Publicaciones 2011","date":"28 enero, 2016","format":false,"excerpt":"A\u00f1o 2011. Publicaciones internacionales. Serrano, E.; Gonz\u00e1lez-Trueba, J.J.; Sanjos\u00e9, J.J.; Del R\u00edo, L.M. (2011). \"ICE PATCH\u00a0 ORIGIN, EVOLUTION AND DYNAMICS IN A TEMPERATE MARITIME HIGH\u00a0 MOUNTAIN: THE JOU NEGRO, PICOS DE EUROPA (NW\u00a0 SPAIN).\" Geografiska Annaler,\u00a0 n\u00ba 93, 2, 97-70, 2010, DOI: 10.1111\/j.1468-0459.2011.00006.x. Serrano E., Gonz\u00e1lez Trueba J.J.(2011). \"ENVIRONMENTAL EDUCATION\u2026","rel":"","context":"Entrada similar","img":{"alt_text":"","src":"","width":0,"height":0},"classes":[]},{"id":1033,"url":"https:\/\/albergueweb1.uva.es\/gir_pangea\/?page_id=1033","url_meta":{"origin":1011,"position":5},"title":"Publicaciones 2016","date":"14 septiembre, 2016","format":false,"excerpt":"Pisabarro, A., Pellitero, R., Serrano, E., G\u00f3mez-Lende, M., & Gonz\u00e1lez-Trueba, J. J. (2017). Ground temperatures, landforms and processes in an Atlantic mountain. Cantabrian Mountains (Northern Spain). Catena. http:\/\/dx.doi.org\/10.1016\/j.catena.2016.07.051. G\u00f3mez Lende, M. (2016). Cuevas heladas en el Parque nacional de los Picos de Europa. fronteras subterr\u00e1nea del hielo en el macizo\u2026","rel":"","context":"Entrada similar","img":{"alt_text":"","src":"","width":0,"height":0},"classes":[]}],"_links":{"self":[{"href":"https:\/\/albergueweb1.uva.es\/gir_pangea\/index.php?rest_route=\/wp\/v2\/pages\/1011"}],"collection":[{"href":"https:\/\/albergueweb1.uva.es\/gir_pangea\/index.php?rest_route=\/wp\/v2\/pages"}],"about":[{"href":"https:\/\/albergueweb1.uva.es\/gir_pangea\/index.php?rest_route=\/wp\/v2\/types\/page"}],"author":[{"embeddable":true,"href":"https:\/\/albergueweb1.uva.es\/gir_pangea\/index.php?rest_route=\/wp\/v2\/users\/1"}],"replies":[{"embeddable":true,"href":"https:\/\/albergueweb1.uva.es\/gir_pangea\/index.php?rest_route=%2Fwp%2Fv2%2Fcomments&post=1011"}],"version-history":[{"count":1,"href":"https:\/\/albergueweb1.uva.es\/gir_pangea\/index.php?rest_route=\/wp\/v2\/pages\/1011\/revisions"}],"predecessor-version":[{"id":1012,"href":"https:\/\/albergueweb1.uva.es\/gir_pangea\/index.php?rest_route=\/wp\/v2\/pages\/1011\/revisions\/1012"}],"wp:attachment":[{"href":"https:\/\/albergueweb1.uva.es\/gir_pangea\/index.php?rest_route=%2Fwp%2Fv2%2Fmedia&parent=1011"}],"curies":[{"name":"wp","href":"https:\/\/api.w.org\/{rel}","templated":true}]}}