{"id":14,"date":"2011-11-14T11:54:58","date_gmt":"2011-11-14T11:54:58","guid":{"rendered":"http:\/\/www5.uva.es\/gir_pangea\/?page_id=14"},"modified":"2019-12-10T12:38:53","modified_gmt":"2019-12-10T12:38:53","slug":"publicaciones-del-gir","status":"publish","type":"page","link":"https:\/\/albergueweb1.uva.es\/gir_pangea\/?page_id=14","title":{"rendered":"PUBLICACIONES"},"content":{"rendered":"\n<p><a href=\"https:\/\/albergueweb1.uva.es\/gir_pangea\/?page_id=1507\" target=\"_blank\" rel=\"noreferrer noopener\" aria-label=\"2019 (opens in a new tab)\">2019<\/a><\/p>\n\n\n\n<p><a href=\"https:\/\/albergueweb1.uva.es\/gir_pangea\/?page_id=1502\" target=\"_blank\" rel=\"noreferrer noopener\" aria-label=\" (opens in a new tab)\">2018<\/a><\/p>\n\n\n\n<p><a href=\"https:\/\/albergueweb1.uva.es\/gir_pangea\/?page_id=1287\" target=\"_blank\" rel=\"noreferrer noopener\" aria-label=\" (opens in a new tab)\">2017<\/a><\/p>\n\n\n\n<p><a href=\"https:\/\/albergueweb1.uva.es\/gir_pangea\/?page_id=1033\" target=\"_blank\" rel=\"noreferrer noopener\" aria-label=\"2016 (opens in a new tab)\">2016<\/a><\/p>\n\n\n\n<p><a href=\"https:\/\/albergueweb1.uva.es\/gir_pangea\/?page_id=965\" target=\"_blank\" rel=\"noreferrer noopener\" aria-label=\"2015 (opens in a new tab)\">2015<\/a><\/p>\n\n\n\n<p><a href=\"https:\/\/albergueweb1.uva.es\/gir_pangea\/?page_id=967\" target=\"_blank\" rel=\"noreferrer noopener\" aria-label=\"2014 (opens in a new tab)\">2014<\/a><\/p>\n\n\n\n<p><a href=\"https:\/\/albergueweb1.uva.es\/gir_pangea\/?page_id=969\" target=\"_blank\" rel=\"noreferrer noopener\" aria-label=\"2013 (opens in a new tab)\">2013<\/a><\/p>\n\n\n\n<p><a href=\"https:\/\/albergueweb1.uva.es\/gir_pangea\/?page_id=971\" target=\"_blank\" rel=\"noreferrer noopener\" aria-label=\"2012 (opens in a new tab)\">2012<\/a><\/p>\n\n\n\n<p><a href=\"https:\/\/albergueweb1.uva.es\/gir_pangea\/?page_id=973\" target=\"_blank\" rel=\"noreferrer noopener\" aria-label=\"2011 (opens in a new tab)\">2011<\/a><\/p>\n","protected":false},"excerpt":{"rendered":"<p>2019 2018 2017 2016 2015 2014 2013 2012 2011<\/p>\n","protected":false},"author":1,"featured_media":0,"parent":0,"menu_order":4,"comment_status":"closed","ping_status":"closed","template":"","meta":{"jetpack_post_was_ever_published":false},"jetpack_sharing_enabled":true,"jetpack_shortlink":"https:\/\/wp.me\/P79crb-e","jetpack-related-posts":[{"id":1507,"url":"https:\/\/albergueweb1.uva.es\/gir_pangea\/?page_id=1507","url_meta":{"origin":14,"position":0},"title":"Publicaciones 2019","date":"27 noviembre, 2019","format":false,"excerpt":"Serrano, E., Sanjos\u00e9, J.J., G\u00f3mez Lende, M., L\u00f3pez Moreno, J.I., Pisabarro, A., Mart\u00ednez Fern\u00e1ndez, A. (2019). Periglacial environments and frozen ground in the Central Pyrenean high mountain area. Ground thermal regime and distribution of landforms and processes. Permafrost and Periglacial Processes, 1-19. https:\/\/doi.org\/10.1002\/ppp.2032 Pisabarro, A., Pellitero, R., Serrano, E., L\u00f3pez-Moreno,\u2026","rel":"","context":"Entrada similar","img":{"alt_text":"","src":"","width":0,"height":0},"classes":[]},{"id":1502,"url":"https:\/\/albergueweb1.uva.es\/gir_pangea\/?page_id=1502","url_meta":{"origin":14,"position":1},"title":"Publicaciones 2018","date":"27 noviembre, 2019","format":false,"excerpt":"Serrano E, Oliva M, Gonzalez-Garcia M, Lopez-Moreno JI, Gonzalez-Trueba JJ, Martin-Moreno R, Gomez-Lende M, Martin-Diaz J, Nofre J, Palma P.(2018). Post-little ice age paraglacial processes and landforms in the high Iberian mountains: a review. Land Degradation and Development, 29 (11) :4186-4208. DOI: 101002\/ldr3171Serrano, E., J.J. Sanjose, A.Gomez-Gutierrez, M. Gomez-Lende (2018).\u2026","rel":"","context":"Entrada similar","img":{"alt_text":"","src":"","width":0,"height":0},"classes":[]},{"id":956,"url":"https:\/\/albergueweb1.uva.es\/gir_pangea\/?page_id=956","url_meta":{"origin":14,"position":2},"title":"BOLET\u00cdN PANGEA","date":"28 enero, 2016","format":false,"excerpt":"2023 [PDF] 2022 [PDF] 2020 [PDF] 2019 [PDF] 2018 [PDF] 2017 [PDF] 2016 [PDF] 2015\u00a0 [PDF] 2014 [PDF] 2013 [PDF] 2012 [PDF]","rel":"","context":"Entrada similar","img":{"alt_text":"","src":"","width":0,"height":0},"classes":[]},{"id":1287,"url":"https:\/\/albergueweb1.uva.es\/gir_pangea\/?page_id=1287","url_meta":{"origin":14,"position":3},"title":"Publicaciones 2017","date":"25 junio, 2018","format":false,"excerpt":"Publicaciones 2017 Serrano, E.\u00a0 Gonz\u00e1lez-Trueba, J.J., Pellitero, R., G\u00f3mez-Lende, M. 2017. Quaternary glacial history of the Cantabrian Mountains of northern Spain: a new synthesis. M. En: Hughes, P. D. & Woodward, J. C. (eds) Quaternary Glaciation in the Mediterranean Mountains. Geological Society, London, Geological Society, London, Special Publications, 433, 55\u201385.\u2026","rel":"","context":"Entrada similar","img":{"alt_text":"","src":"","width":0,"height":0},"classes":[]},{"id":965,"url":"https:\/\/albergueweb1.uva.es\/gir_pangea\/?page_id=965","url_meta":{"origin":14,"position":4},"title":"Publicaciones 2015","date":"28 enero, 2016","format":false,"excerpt":"A\u00f1o 2015. Publicaciones internacionales Gonz\u00e1lez Amuchastegui, M.J., Serrano, E., 2015. TUFA BUILDUPS, LANDSCAPE EVOLUTION AND HUMAN IMPACT DURING THE HOLOCENE IN THE UPPER EBRO BASIN. Quaternary International, 364, 54-64. Gonz\u00e1lez Amuchastegui, M. J., Serrano, E. 2015. LATE-PLEISTOCENE AND HOLOCENE TUFA COMPLEX AND GEOMORPHOLOGICAL EVOLUTION IN UPPER EBRO BASIN (NORTHERN SPAIN).\u2026","rel":"","context":"Entrada similar","img":{"alt_text":"","src":"","width":0,"height":0},"classes":[]},{"id":1770,"url":"https:\/\/albergueweb1.uva.es\/gir_pangea\/?page_id=1770","url_meta":{"origin":14,"position":5},"title":"Publicaciones 2020","date":"4 marzo, 2021","format":false,"excerpt":"Serrano, E., Gonz\u00e1lez Amuchastegui, M.J. (2020). Cultural Heritage, landforms and integrated territorial heritage. The close relationship between tufas, cultural remains and landscape in the Upper Ebro Basin (Cantabrian Mountains, Spain). Geoheritage, 12, Article number: 86 (2020). https:\/\/doi.org\/10.1007\/s12371-020-00513-z Serrano, E., L\u00f3pez-Moreno, J.I., G\u00f3mez-Lende, M., Pisabarro, A., Mart\u00edn-Moreno, R., Rico, I., Alonso-Gonz\u00e1lez,\u2026","rel":"","context":"Entrada similar","img":{"alt_text":"","src":"","width":0,"height":0},"classes":[]}],"_links":{"self":[{"href":"https:\/\/albergueweb1.uva.es\/gir_pangea\/index.php?rest_route=\/wp\/v2\/pages\/14"}],"collection":[{"href":"https:\/\/albergueweb1.uva.es\/gir_pangea\/index.php?rest_route=\/wp\/v2\/pages"}],"about":[{"href":"https:\/\/albergueweb1.uva.es\/gir_pangea\/index.php?rest_route=\/wp\/v2\/types\/page"}],"author":[{"embeddable":true,"href":"https:\/\/albergueweb1.uva.es\/gir_pangea\/index.php?rest_route=\/wp\/v2\/users\/1"}],"replies":[{"embeddable":true,"href":"https:\/\/albergueweb1.uva.es\/gir_pangea\/index.php?rest_route=%2Fwp%2Fv2%2Fcomments&post=14"}],"version-history":[{"count":33,"href":"https:\/\/albergueweb1.uva.es\/gir_pangea\/index.php?rest_route=\/wp\/v2\/pages\/14\/revisions"}],"predecessor-version":[{"id":1579,"href":"https:\/\/albergueweb1.uva.es\/gir_pangea\/index.php?rest_route=\/wp\/v2\/pages\/14\/revisions\/1579"}],"wp:attachment":[{"href":"https:\/\/albergueweb1.uva.es\/gir_pangea\/index.php?rest_route=%2Fwp%2Fv2%2Fmedia&parent=14"}],"curies":[{"name":"wp","href":"https:\/\/api.w.org\/{rel}","templated":true}]}}