{"id":372,"date":"2020-05-25T09:45:51","date_gmt":"2020-05-25T07:45:51","guid":{"rendered":"http:\/\/albergueweb1.uva.es\/master-relaciones-internacionales-y-estudios-asiaticos\/?page_id=372"},"modified":"2020-05-25T09:49:42","modified_gmt":"2020-05-25T07:49:42","slug":"documentos-tfm","status":"publish","type":"page","link":"https:\/\/albergueweb1.uva.es\/master-relaciones-internacionales-y-estudios-asiaticos\/documentos-tfm\/","title":{"rendered":"Documentos TFM"},"content":{"rendered":"<div class=\"wpb-content-wrapper\">[vc_row][vc_column][vc_empty_space][vc_column_text]<a href=\"https:\/\/albergueweb1.uva.es\/master-relaciones-internacionales-y-estudios-asiaticos\/wp-content\/uploads\/2019\/10\/ANEXO-3.-Convocatoria-Tribunales-TFM_RIEA.pdf\">Convocatoria tribunales<\/a><\/p>\n<p><a href=\"https:\/\/albergueweb1.uva.es\/master-relaciones-internacionales-y-estudios-asiaticos\/wp-content\/uploads\/2019\/10\/ANEXO-4.-Acta-de-Calificaci%C3%B3n-TFM_RIEA.pdf\">Acta de calificaci\u00f3n<\/a><\/p>\n<p><a href=\"https:\/\/albergueweb1.uva.es\/master-relaciones-internacionales-y-estudios-asiaticos\/wp-content\/uploads\/2019\/10\/Solicitud-de-Defensa-TFM_RIEA.pdf\">Solicitud de defensa<\/a><\/p>\n<p><a href=\"https:\/\/albergueweb1.uva.es\/master-relaciones-internacionales-y-estudios-asiaticos\/wp-content\/uploads\/2019\/10\/01-TFM-FORMATO-OFICIAL.docx\">Formato TFM<\/a><\/p>\n<p><a href=\"https:\/\/albergueweb1.uva.es\/master-relaciones-internacionales-y-estudios-asiaticos\/wp-content\/uploads\/2019\/10\/02-GUIA-PARA-LA-CONFECCI%C3%93N-DEL-TFM-RR.II_.-y-E.A..pdf\">Gu\u00eda para confecci\u00f3n TFM<\/a><\/p>\n<p><a href=\"https:\/\/albergueweb1.uva.es\/master-relaciones-internacionales-y-estudios-asiaticos\/wp-content\/uploads\/2020\/05\/DECLARACION-AURORIA-MASTER.pdf\">Declaraci\u00f3n autor\u00eda TFM<\/a><\/p>\n<p><a href=\"https:\/\/albergueweb1.uva.es\/master-relaciones-internacionales-y-estudios-asiaticos\/wp-content\/uploads\/2020\/05\/V\u00baB\u00ba-TUTOR-MASTER.pdf\">V\u00baB\u00ba Tutor M\u00e1ster<\/a><\/p>\n<p><a href=\"https:\/\/albergueweb1.uva.es\/master-relaciones-internacionales-y-estudios-asiaticos\/wp-content\/uploads\/2020\/05\/ESQUEMA-ENTREGA-TFM.pdf\">Esquema entrega TFM<\/a><\/p>\n[\/vc_column_text][\/vc_column][\/vc_row]\n<\/div>","protected":false},"excerpt":{"rendered":"[vc_row][vc_column][vc_empty_space][vc_column_text]Convocatoria tribunales Acta de calificaci\u00f3n Solicitud de defensa Formato TFM Gu\u00eda para confecci\u00f3n TFM Declaraci\u00f3n autor\u00eda TFM V\u00baB\u00ba Tutor M\u00e1ster Esquema entrega TFM [\/vc_column_text][\/vc_column][\/vc_row]\n","protected":false},"author":1,"featured_media":0,"parent":0,"menu_order":0,"comment_status":"closed","ping_status":"closed","template":"","meta":{"footnotes":""},"class_list":["post-372","page","type-page","status-publish","hentry"],"_links":{"self":[{"href":"https:\/\/albergueweb1.uva.es\/master-relaciones-internacionales-y-estudios-asiaticos\/wp-json\/wp\/v2\/pages\/372","targetHints":{"allow":["GET"]}}],"collection":[{"href":"https:\/\/albergueweb1.uva.es\/master-relaciones-internacionales-y-estudios-asiaticos\/wp-json\/wp\/v2\/pages"}],"about":[{"href":"https:\/\/albergueweb1.uva.es\/master-relaciones-internacionales-y-estudios-asiaticos\/wp-json\/wp\/v2\/types\/page"}],"author":[{"embeddable":true,"href":"https:\/\/albergueweb1.uva.es\/master-relaciones-internacionales-y-estudios-asiaticos\/wp-json\/wp\/v2\/users\/1"}],"replies":[{"embeddable":true,"href":"https:\/\/albergueweb1.uva.es\/master-relaciones-internacionales-y-estudios-asiaticos\/wp-json\/wp\/v2\/comments?post=372"}],"version-history":[{"count":2,"href":"https:\/\/albergueweb1.uva.es\/master-relaciones-internacionales-y-estudios-asiaticos\/wp-json\/wp\/v2\/pages\/372\/revisions"}],"predecessor-version":[{"id":378,"href":"https:\/\/albergueweb1.uva.es\/master-relaciones-internacionales-y-estudios-asiaticos\/wp-json\/wp\/v2\/pages\/372\/revisions\/378"}],"wp:attachment":[{"href":"https:\/\/albergueweb1.uva.es\/master-relaciones-internacionales-y-estudios-asiaticos\/wp-json\/wp\/v2\/media?parent=372"}],"curies":[{"name":"wp","href":"https:\/\/api.w.org\/{rel}","templated":true}]}}