{"id":1543,"date":"2024-10-24T20:24:56","date_gmt":"2024-10-24T18:24:56","guid":{"rendered":"https:\/\/albergueweb1.uva.es\/orquesta\/?page_id=1543"},"modified":"2024-10-24T20:35:10","modified_gmt":"2024-10-24T18:35:10","slug":"programacion-2024-2025","status":"publish","type":"page","link":"https:\/\/albergueweb1.uva.es\/orquesta\/programacion-2024-2025\/","title":{"rendered":"Programaci\u00f3n 2024\/2025"},"content":{"rendered":"\n<p>\u00a0<\/p>\n<p><strong>Concierto Inicio de curso<\/strong><\/p>\n<p>S\u00e1bado 12 de octubre, 20.00 en la Sala Sinf\u00f3nica del Centro Cultural Miguel Delibes, Valladolid<br \/>Sinfon\u00eda N\u00b0 3 en Do Mayor \u00abSinguli\u00e8re\u00bb de Franz Berwald.<br \/>\u00abObertura del Pr\u00edncipe Igor\u00bb de A. Borodin.<br \/>\u00abDanzas Polovtsianas del Pr\u00edncipe Igor\u00bb de A. Borodin.<br \/>Orquesta de la Universidad de Valladolid<br \/>Coro de la Universidad de Valladolid\u00a0\u00a0<br \/>Ballet espa\u00f1ol de la Universidad de Valladolid<\/p>\n<p><strong>Concierto Deseos Solidarios<\/strong><\/p>\n<p>Domingo 1 de diciembre, 19.00h en el Palacio de Congresos Conde Ans\u00farez, Valladolid<\/p>\n<p>Adaptaci\u00f3n teatralizada de Pedro y el Lobo de S.Prok\u00f3fiev<br \/>Orquesta de la Universidad de Valladolid<br \/>Grupo de teatro de la Universidad de Valladolid<br \/>Concierto a beneficio de UNICEF<br \/><br \/>En breve se comunicar\u00e1n los pr\u00f3ximos conciertos.<\/p>\n\n\n","protected":false},"excerpt":{"rendered":"<p>\u00a0 Concierto Inicio de curso S\u00e1bado 12 de octubre, 20.00 en la Sala Sinf\u00f3nica del Centro Cultural Miguel Delibes, ValladolidSinfon\u00eda N\u00b0 3 en Do Mayor \u00abSinguli\u00e8re\u00bb de Franz Berwald.\u00abObertura del Pr\u00edncipe Igor\u00bb de A. Borodin.\u00abDanzas Polovtsianas del Pr\u00edncipe Igor\u00bb de A. Borodin.Orquesta de la Universidad de ValladolidCoro de la Universidad &hellip;<\/p>\n","protected":false},"author":1,"featured_media":0,"parent":0,"menu_order":0,"comment_status":"closed","ping_status":"closed","template":"","meta":{"footnotes":""},"class_list":["post-1543","page","type-page","status-publish","hentry"],"_links":{"self":[{"href":"https:\/\/albergueweb1.uva.es\/orquesta\/wp-json\/wp\/v2\/pages\/1543","targetHints":{"allow":["GET"]}}],"collection":[{"href":"https:\/\/albergueweb1.uva.es\/orquesta\/wp-json\/wp\/v2\/pages"}],"about":[{"href":"https:\/\/albergueweb1.uva.es\/orquesta\/wp-json\/wp\/v2\/types\/page"}],"author":[{"embeddable":true,"href":"https:\/\/albergueweb1.uva.es\/orquesta\/wp-json\/wp\/v2\/users\/1"}],"replies":[{"embeddable":true,"href":"https:\/\/albergueweb1.uva.es\/orquesta\/wp-json\/wp\/v2\/comments?post=1543"}],"version-history":[{"count":2,"href":"https:\/\/albergueweb1.uva.es\/orquesta\/wp-json\/wp\/v2\/pages\/1543\/revisions"}],"predecessor-version":[{"id":1546,"href":"https:\/\/albergueweb1.uva.es\/orquesta\/wp-json\/wp\/v2\/pages\/1543\/revisions\/1546"}],"wp:attachment":[{"href":"https:\/\/albergueweb1.uva.es\/orquesta\/wp-json\/wp\/v2\/media?parent=1543"}],"curies":[{"name":"wp","href":"https:\/\/api.w.org\/{rel}","templated":true}]}}

Programación 2024/2025

<p> </p>
<p><strong>Concierto Inicio de curso</strong></p>
<p>Sábado 12 de octubre, 20.00 en la Sala Sinfónica del Centro Cultural Miguel Delibes, Valladolid<br />Sinfonía N° 3 en Do Mayor «Singulière» de Franz Berwald.<br />«Obertura del Príncipe Igor» de A. Borodin.<br />«Danzas Polovtsianas del Príncipe Igor» de A. Borodin.<br />Orquesta de la Universidad de Valladolid<br />Coro de la Universidad de Valladolid  <br />Ballet español de la Universidad de Valladolid</p>
<p><strong>Concierto Deseos Solidarios</strong></p>
<p>Domingo 1 de diciembre, 19.00h en el Palacio de Congresos Conde Ansúrez, Valladolid</p>
<p>Adaptación teatralizada de Pedro y el Lobo de S.Prokófiev<br />Orquesta de la Universidad de Valladolid<br />Grupo de teatro de la Universidad de Valladolid<br />Concierto a beneficio de UNICEF<br /><br />En breve se comunicarán los próximos conciertos.</p>

<p>  Concierto Inicio de curso Sábado 12 de octubre, 20.00 en la Sala Sinfónica del Centro Cultural Miguel Delibes, ValladolidSinfonía N° 3 en Do Mayor «Singulière» de Franz Berwald.«Obertura del Príncipe Igor» de A. Borodin.«Danzas Polovtsianas del Príncipe Igor» de A. Borodin.Orquesta de la Universidad de ValladolidCoro de la Universidad &hellip;</p>
