{"id":32,"date":"2017-01-24T21:08:55","date_gmt":"2017-01-24T20:08:55","guid":{"rendered":"http:\/\/www5.uva.es\/orquesta\/?page_id=32"},"modified":"2024-10-24T19:55:49","modified_gmt":"2024-10-24T17:55:49","slug":"contacto","status":"publish","type":"page","link":"https:\/\/albergueweb1.uva.es\/orquesta\/contacto\/","title":{"rendered":"Contacto"},"content":{"rendered":"<p>Ponte en contacto con nosotros para cualquier cuesti\u00f3n. \u00a1Trataremos de contestarte lo antes posible!<br \/>\nAunque tenemos diferentes formas de contacto, lo m\u00e1s sencillo es a trav\u00e9s de nuestro <strong>correo electr\u00f3nico<\/strong>, que tratamos de leerlo frecuentemente.<br \/>\nLa orquesta tiene su sede en los locales ubicados en la <strong>planta s\u00f3tano<\/strong> del edificio Residencia Universitaria \u201cAlfonso VIII\u201d, en Valladolid.<\/p>\n<div class=\"su-row\">\n<div class=\"su-column su-column-size-1-2\"><div class=\"su-column-inner su-u-clearfix su-u-trim\">\n<h5>E-MAIL<\/h5>\n<p><a title=\"mailto:joven.orquesta@uva.es?subject=Contacto web\" href=\"mailto:orquesta@uva.es?subject=Contacto%20web\">orquesta@uva.es<\/a><\/p>\n<h5>DIRECCI\u00d3N<\/h5>\n<p>Edificio \u201cAlfonso VIII\u201d (s\u00f3tano)<br \/>\nc\/ Real de Burgos, s\/n<br \/>\n47011<br \/>\nValladolid (Espa\u00f1a)<\/p>\n<h5><\/div><\/div>\n<div class=\"su-column su-column-size-1-2\"><div class=\"su-column-inner su-u-clearfix su-u-trim\">\u00a0<iframe loading=\"lazy\" style=\"border: 0;\" src=\"https:\/\/www.google.com\/maps\/embed?pb=!1m14!1m8!1m3!1d5013.450990078949!2d-4.721735836873099!3d41.65540076216154!3m2!1i1024!2i768!4f13.1!3m3!1m2!1s0xd4712af7be87b43%3A0xcb9189c668f61685!2sResidencia+Universitaria+Alfonso+VIII!5e0!3m2!1ses!2sus!4v1487108419476\" width=\"600\" height=\"450\" frameborder=\"0\"><\/iframe> <\/div><\/div>\n<\/div><\/h5>\n","protected":false},"excerpt":{"rendered":"<p>Ponte en contacto con nosotros para cualquier cuesti\u00f3n. \u00a1Trataremos de contestarte lo antes posible! Aunque tenemos diferentes formas de contacto, lo m\u00e1s sencillo es a trav\u00e9s de nuestro correo electr\u00f3nico, que tratamos de leerlo frecuentemente. La orquesta tiene su sede en los locales ubicados en la planta s\u00f3tano del edificio &hellip;<\/p>\n","protected":false},"author":1,"featured_media":0,"parent":0,"menu_order":0,"comment_status":"closed","ping_status":"closed","template":"","meta":{"footnotes":""},"class_list":["post-32","page","type-page","status-publish","hentry"],"yoast_head":"<!-- This site is optimized with the Yoast SEO plugin v27.4 - https:\/\/yoast.com\/product\/yoast-seo-wordpress\/ -->\n<title>Contacto - OUVa<\/title>\n<meta name=\"robots\" content=\"index, follow, max-snippet:-1, max-image-preview:large, max-video-preview:-1\" \/>\n<link rel=\"canonical\" href=\"https:\/\/albergueweb1.uva.es\/orquesta\/contacto\/\" \/>\n<meta property=\"og:locale\" content=\"es_ES\" \/>\n<meta property=\"og:type\" content=\"article\" \/>\n<meta property=\"og:title\" content=\"Contacto - OUVa\" \/>\n<meta property=\"og:description\" content=\"Ponte en contacto con nosotros para cualquier cuesti\u00f3n. \u00a1Trataremos de contestarte lo antes posible! Aunque tenemos diferentes formas de contacto, lo m\u00e1s sencillo es a trav\u00e9s de nuestro correo electr\u00f3nico, que tratamos de leerlo frecuentemente. La orquesta tiene su sede en los locales ubicados en la planta s\u00f3tano del edificio &hellip;\" \/>\n<meta property=\"og:url\" content=\"https:\/\/albergueweb1.uva.es\/orquesta\/contacto\/\" \/>\n<meta property=\"og:site_name\" content=\"OUVa\" \/>\n<meta property=\"article:modified_time\" content=\"2024-10-24T17:55:49+00:00\" \/>\n<meta name=\"twitter:card\" content=\"summary_large_image\" \/>\n<script type=\"application\/ld+json\" class=\"yoast-schema-graph\">{\"@context\":\"https:\\\/\\\/schema.org\",\"@graph\":[{\"@type\":\"WebPage\",\"@id\":\"https:\\\/\\\/albergueweb1.uva.es\\\/orquesta\\\/contacto\\\/\",\"url\":\"https:\\\/\\\/albergueweb1.uva.es\\\/orquesta\\\/contacto\\\/\",\"name\":\"Contacto - OUVa\",\"isPartOf\":{\"@id\":\"https:\\\/\\\/albergueweb1.uva.es\\\/orquesta\\\/#website\"},\"datePublished\":\"2017-01-24T20:08:55+00:00\",\"dateModified\":\"2024-10-24T17:55:49+00:00\",\"breadcrumb\":{\"@id\":\"https:\\\/\\\/albergueweb1.uva.es\\\/orquesta\\\/contacto\\\/#breadcrumb\"},\"inLanguage\":\"es\",\"potentialAction\":[{\"@type\":\"ReadAction\",\"target\":[\"https:\\\/\\\/albergueweb1.uva.es\\\/orquesta\\\/contacto\\\/\"]}]},{\"@type\":\"BreadcrumbList\",\"@id\":\"https:\\\/\\\/albergueweb1.uva.es\\\/orquesta\\\/contacto\\\/#breadcrumb\",\"itemListElement\":[{\"@type\":\"ListItem\",\"position\":1,\"name\":\"Portada\",\"item\":\"https:\\\/\\\/albergueweb1.uva.es\\\/orquesta\\\/\"},{\"@type\":\"ListItem\",\"position\":2,\"name\":\"Contacto\"}]},{\"@type\":\"WebSite\",\"@id\":\"https:\\\/\\\/albergueweb1.uva.es\\\/orquesta\\\/#website\",\"url\":\"https:\\\/\\\/albergueweb1.uva.es\\\/orquesta\\\/\",\"name\":\"OUVa\",\"description\":\"Orquesta de la Universidad de Valladolid\",\"publisher\":{\"@id\":\"https:\\\/\\\/albergueweb1.uva.es\\\/orquesta\\\/#organization\"},\"potentialAction\":[{\"@type\":\"SearchAction\",\"target\":{\"@type\":\"EntryPoint\",\"urlTemplate\":\"https:\\\/\\\/albergueweb1.uva.es\\\/orquesta\\\/?s={search_term_string}\"},\"query-input\":{\"@type\":\"PropertyValueSpecification\",\"valueRequired\":true,\"valueName\":\"search_term_string\"}}],\"inLanguage\":\"es\"},{\"@type\":\"Organization\",\"@id\":\"https:\\\/\\\/albergueweb1.uva.es\\\/orquesta\\\/#organization\",\"name\":\"OUVa\",\"url\":\"https:\\\/\\\/albergueweb1.uva.es\\\/orquesta\\\/\",\"logo\":{\"@type\":\"ImageObject\",\"inLanguage\":\"es\",\"@id\":\"https:\\\/\\\/albergueweb1.uva.es\\\/orquesta\\\/#\\\/schema\\\/logo\\\/image\\\/\",\"url\":\"https:\\\/\\\/albergueweb1.uva.es\\\/orquesta\\\/wp-content\\\/uploads\\\/OUVaHorizontal.png\",\"contentUrl\":\"https:\\\/\\\/albergueweb1.uva.es\\\/orquesta\\\/wp-content\\\/uploads\\\/OUVaHorizontal.png\",\"width\":974,\"height\":268,\"caption\":\"OUVa\"},\"image\":{\"@id\":\"https:\\\/\\\/albergueweb1.uva.es\\\/orquesta\\\/#\\\/schema\\\/logo\\\/image\\\/\"}}]}<\/script>\n<!-- \/ Yoast SEO plugin. -->","yoast_head_json":{"title":"Contacto - OUVa","robots":{"index":"index","follow":"follow","max-snippet":"max-snippet:-1","max-image-preview":"max-image-preview:large","max-video-preview":"max-video-preview:-1"},"canonical":"https:\/\/albergueweb1.uva.es\/orquesta\/contacto\/","og_locale":"es_ES","og_type":"article","og_title":"Contacto - OUVa","og_description":"Ponte en contacto con nosotros para cualquier cuesti\u00f3n. \u00a1Trataremos de contestarte lo antes posible! Aunque tenemos diferentes formas de contacto, lo m\u00e1s sencillo es a trav\u00e9s de nuestro correo electr\u00f3nico, que tratamos de leerlo frecuentemente. La orquesta tiene su sede en los locales ubicados en la planta s\u00f3tano del edificio &hellip;","og_url":"https:\/\/albergueweb1.uva.es\/orquesta\/contacto\/","og_site_name":"OUVa","article_modified_time":"2024-10-24T17:55:49+00:00","twitter_card":"summary_large_image","schema":{"@context":"https:\/\/schema.org","@graph":[{"@type":"WebPage","@id":"https:\/\/albergueweb1.uva.es\/orquesta\/contacto\/","url":"https:\/\/albergueweb1.uva.es\/orquesta\/contacto\/","name":"Contacto - OUVa","isPartOf":{"@id":"https:\/\/albergueweb1.uva.es\/orquesta\/#website"},"datePublished":"2017-01-24T20:08:55+00:00","dateModified":"2024-10-24T17:55:49+00:00","breadcrumb":{"@id":"https:\/\/albergueweb1.uva.es\/orquesta\/contacto\/#breadcrumb"},"inLanguage":"es","potentialAction":[{"@type":"ReadAction","target":["https:\/\/albergueweb1.uva.es\/orquesta\/contacto\/"]}]},{"@type":"BreadcrumbList","@id":"https:\/\/albergueweb1.uva.es\/orquesta\/contacto\/#breadcrumb","itemListElement":[{"@type":"ListItem","position":1,"name":"Portada","item":"https:\/\/albergueweb1.uva.es\/orquesta\/"},{"@type":"ListItem","position":2,"name":"Contacto"}]},{"@type":"WebSite","@id":"https:\/\/albergueweb1.uva.es\/orquesta\/#website","url":"https:\/\/albergueweb1.uva.es\/orquesta\/","name":"OUVa","description":"Orquesta de la Universidad de Valladolid","publisher":{"@id":"https:\/\/albergueweb1.uva.es\/orquesta\/#organization"},"potentialAction":[{"@type":"SearchAction","target":{"@type":"EntryPoint","urlTemplate":"https:\/\/albergueweb1.uva.es\/orquesta\/?s={search_term_string}"},"query-input":{"@type":"PropertyValueSpecification","valueRequired":true,"valueName":"search_term_string"}}],"inLanguage":"es"},{"@type":"Organization","@id":"https:\/\/albergueweb1.uva.es\/orquesta\/#organization","name":"OUVa","url":"https:\/\/albergueweb1.uva.es\/orquesta\/","logo":{"@type":"ImageObject","inLanguage":"es","@id":"https:\/\/albergueweb1.uva.es\/orquesta\/#\/schema\/logo\/image\/","url":"https:\/\/albergueweb1.uva.es\/orquesta\/wp-content\/uploads\/OUVaHorizontal.png","contentUrl":"https:\/\/albergueweb1.uva.es\/orquesta\/wp-content\/uploads\/OUVaHorizontal.png","width":974,"height":268,"caption":"OUVa"},"image":{"@id":"https:\/\/albergueweb1.uva.es\/orquesta\/#\/schema\/logo\/image\/"}}]}},"_links":{"self":[{"href":"https:\/\/albergueweb1.uva.es\/orquesta\/wp-json\/wp\/v2\/pages\/32","targetHints":{"allow":["GET"]}}],"collection":[{"href":"https:\/\/albergueweb1.uva.es\/orquesta\/wp-json\/wp\/v2\/pages"}],"about":[{"href":"https:\/\/albergueweb1.uva.es\/orquesta\/wp-json\/wp\/v2\/types\/page"}],"author":[{"embeddable":true,"href":"https:\/\/albergueweb1.uva.es\/orquesta\/wp-json\/wp\/v2\/users\/1"}],"replies":[{"embeddable":true,"href":"https:\/\/albergueweb1.uva.es\/orquesta\/wp-json\/wp\/v2\/comments?post=32"}],"version-history":[{"count":36,"href":"https:\/\/albergueweb1.uva.es\/orquesta\/wp-json\/wp\/v2\/pages\/32\/revisions"}],"predecessor-version":[{"id":1533,"href":"https:\/\/albergueweb1.uva.es\/orquesta\/wp-json\/wp\/v2\/pages\/32\/revisions\/1533"}],"wp:attachment":[{"href":"https:\/\/albergueweb1.uva.es\/orquesta\/wp-json\/wp\/v2\/media?parent=32"}],"curies":[{"name":"wp","href":"https:\/\/api.w.org\/{rel}","templated":true}]}}